54.37.252.229 - - [26/Jun/2026:21:07:13 +0200] "GET /produit/baume-au-calendula-60-ml/?filesrc=//lib/.build-id/b5/1cef1204a30fca31b1653bc0cdc68c371ee160&j=//lib/.build-id/b5 HTTP/1.1" 200 15225 "-" "Mozilla/5.0 (compatible; MJ12bot/v1.4.8; http://mj12bot.com/)"
54.37.252.229 - - [26/Jun/2026:21:07:14 +0200] "GET /produit/baume-au-calendula-60-ml/?filesrc=//lib/.build-id/b5/1cff3b94412564fdb295e32ae6cf55bba68c37&j=//lib/.build-id/b5 HTTP/1.1" 200 40306 "-" "Mozilla/5.0 (compatible; MJ12bot/v1.4.8; http://mj12bot.com/)"
54.37.252.229 - - [26/Jun/2026:21:07:16 +0200] "GET /produit/baume-au-calendula-60-ml/?filesrc=//lib/.build-id/b5/1de2be91c6b94e2afbecd0b9c95b23f202f227&j=//lib/.build-id/b5 HTTP/1.1" 200 40924 "-" "Mozilla/5.0 (compatible; MJ12bot/v1.4.8; http://mj12bot.com/)"
54.37.252.229 - - [26/Jun/2026:21:07:19 +0200] "GET /produit/baume-au-calendula-60-ml/?filesrc=//lib/.build-id/b5/5101243c7e1bd95e46d99e7a897c4c9640a224&j=//lib/.build-id/b5 HTTP/1.1" 200 15950 "-" "Mozilla/5.0 (compatible; MJ12bot/v1.4.8; http://mj12bot.com/)"
54.37.252.229 - - [26/Jun/2026:21:07:20 +0200] "GET /produit/baume-au-calendula-60-ml/?filesrc=//lib/.build-id/b5/51b4d1ab32c0b678d8aa82ee1ca9145c7e7b76&j=//lib/.build-id/b5 HTTP/1.1" 200 14894 "-" "Mozilla/5.0 (compatible; MJ12bot/v1.4.8; http://mj12bot.com/)"
54.37.252.229 - - [26/Jun/2026:21:07:22 +0200] "GET /produit/baume-au-calendula-60-ml/?filesrc=//lib/.build-id/b5/520eb8a5263107d4b1fd71c95af77e56497538&j=//lib/.build-id/b5 HTTP/1.1" 200 160218 "-" "Mozilla/5.0 (compatible; MJ12bot/v1.4.8; http://mj12bot.com/)"
54.37.252.229 - - [26/Jun/2026:21:07:24 +0200] "GET /produit/baume-au-calendula-60-ml/?filesrc=//lib/.build-id/b5/55c1918ec33fefbbb8c4096841ccf37e1011f2&j=//lib/.build-id/b5 HTTP/1.1" 200 791184 "-" "Mozilla/5.0 (compatible; MJ12bot/v1.4.8; http://mj12bot.com/)"
54.37.252.229 - - [26/Jun/2026:21:07:26 +0200] "GET /produit/baume-au-calendula-60-ml/?filesrc=//lib/.build-id/b5/58ead7b61c1e501123146606494d79cde799b9&j=//lib/.build-id/b5 HTTP/1.1" 200 15502 "-" "Mozilla/5.0 (compatible; MJ12bot/v1.4.8; http://mj12bot.com/)"
54.37.252.229 - - [26/Jun/2026:21:07:28 +0200] "GET /produit/baume-au-calendula-60-ml/?filesrc=//lib/.build-id/b5/69b0b931d6f6a9bcf577425dfa2df0be8cc3eb&j=//lib/.build-id/b5 HTTP/1.1" 200 14475 "-" "Mozilla/5.0 (compatible; MJ12bot/v1.4.8; http://mj12bot.com/)"
54.37.252.229 - - [26/Jun/2026:21:07:30 +0200] "GET /produit/baume-au-calendula-60-ml/?filesrc=//lib/.build-id/b5/8dfd078a17f4daf2ea1689451837b15271b238&j=//lib/.build-id/b5 HTTP/1.1" 200 58306 "-" "Mozilla/5.0 (compatible; MJ12bot/v1.4.8; http://mj12bot.com/)"
54.37.252.229 - - [26/Jun/2026:21:07:31 +0200] "GET /produit/baume-au-calendula-60-ml/?filesrc=//lib/.build-id/b5/9299a32a6b7487a91bc7c2d5a61cd94ae2efe3&j=//lib/.build-id/b5 HTTP/1.1" 200 31982 "-" "Mozilla/5.0 (compatible; MJ12bot/v1.4.8; http://mj12bot.com/)"
54.37.252.229 - - [26/Jun/2026:21:07:33 +0200] "GET /produit/baume-au-calendula-60-ml/?filesrc=//lib/.build-id/b5/b497f4d2ab831730510d2485f835e4cae148e2&j=//lib/.build-id/b5 HTTP/1.1" 200 15305 "-" "Mozilla/5.0 (compatible; MJ12bot/v1.4.8; http://mj12bot.com/)"
54.37.252.229 - - [26/Jun/2026:21:07:35 +0200] "GET /produit/baume-au-calendula-60-ml/?filesrc=//lib/.build-id/b5/b510f9bcf2981467d37d6e754219918098d666&j=//lib/.build-id/b5 HTTP/1.1" 200 679929 "-" "Mozilla/5.0 (compatible; MJ12bot/v1.4.8; http://mj12bot.com/)"
54.37.252.229 - - [26/Jun/2026:21:07:37 +0200] "GET /produit/baume-au-calendula-60-ml/?filesrc=//lib/.build-id/b5/bfbebfafa7e62292cef402f7ca0589a876235d&j=//lib/.build-id/b5 HTTP/1.1" 200 3276166 "-" "Mozilla/5.0 (compatible; MJ12bot/v1.4.8; http://mj12bot.com/)"
54.37.252.229 - - [26/Jun/2026:21:07:40 +0200] "GET /produit/baume-au-calendula-60-ml/?filesrc=//lib/.build-id/b5/d64a7093ad5fae2af972e4da19c110fd3fb358&j=//lib/.build-id/b5 HTTP/1.1" 200 65529 "-" "Mozilla/5.0 (compatible; MJ12bot/v1.4.8; http://mj12bot.com/)"
54.37.252.229 - - [26/Jun/2026:21:07:42 +0200] "GET /produit/baume-au-calendula-60-ml/?filesrc=//lib/.build-id/b5/dc9a4f59827a258a77e24578e70f74e6b124e8&j=//lib/.build-id/b5 HTTP/1.1" 200 439091 "-" "Mozilla/5.0 (compatible; MJ12bot/v1.4.8; http://mj12bot.com/)"
54.37.252.229 - - [26/Jun/2026:21:07:44 +0200] "GET /produit/baume-au-calendula-60-ml/?filesrc=//lib/.build-id/b5/e04e123bdbae8979cdd9a0e6d4e19034543bc0&j=//lib/.build-id/b5 HTTP/1.1" 200 15456 "-" "Mozilla/5.0 (compatible; MJ12bot/v1.4.8; http://mj12bot.com/)"
54.37.252.229 - - [26/Jun/2026:21:07:46 +0200] "GET /produit/baume-au-calendula-60-ml/?filesrc=//lib/.build-id/b5/e26196e5b449bc1b83f7a560bd705575277eec&j=//lib/.build-id/b5 HTTP/1.1" 200 29550 "-" "Mozilla/5.0 (compatible; MJ12bot/v1.4.8; http://mj12bot.com/)"
54.37.252.229 - - [26/Jun/2026:21:07:47 +0200] "GET /produit/baume-au-calendula-60-ml/?filesrc=//lib/.build-id/b5/e92546cacbf1b200a9e175cc56a1f0c3b0af16&j=//lib/.build-id/b5 HTTP/1.1" 200 70609 "-" "Mozilla/5.0 (compatible; MJ12bot/v1.4.8; http://mj12bot.com/)"
54.37.252.229 - - [26/Jun/2026:21:07:49 +0200] "GET /produit/baume-au-calendula-60-ml/?filesrc=//lib/.build-id/b5/e92631c1fae234bffc5c15e77bb25f0ebd12d8&j=//lib/.build-id/b5 HTTP/1.1" 200 35349 "-" "Mozilla/5.0 (compatible; MJ12bot/v1.4.8; http://mj12bot.com/)"
54.37.252.229 - - [26/Jun/2026:21:07:51 +0200] "GET /produit/baume-au-calendula-60-ml/?filesrc=//lib/.build-id/b5/ea3d18f1fce5046dc86154c65aec35d73e7442&j=//lib/.build-id/b5 HTTP/1.1" 200 17016 "-" "Mozilla/5.0 (compatible; MJ12bot/v1.4.8; http://mj12bot.com/)"
54.37.252.229 - - [26/Jun/2026:21:07:53 +0200] "GET /produit/baume-au-calendula-60-ml/?filesrc=//lib/.build-id/b5/ff51f6bf52c29dc471f1a80147a3134948ec75&j=//lib/.build-id/b5 HTTP/1.1" 200 22753 "-" "Mozilla/5.0 (compatible; MJ12bot/v1.4.8; http://mj12bot.com/)"
54.37.252.229 - - [26/Jun/2026:21:07:55 +0200] "GET /produit/baume-au-calendula-60-ml/?filesrc=//lib/.build-id/b6/02dad855e97a8b150be044386d9025060b23b7&j=//lib/.build-id/b6 HTTP/1.1" 200 15590 "-" "Mozilla/5.0 (compatible; MJ12bot/v1.4.8; http://mj12bot.com/)"
54.37.252.229 - - [26/Jun/2026:21:07:56 +0200] "GET /produit/baume-au-calendula-60-ml/?filesrc=//lib/.build-id/b6/17034db29abbe266282dc8a0859aed69aa57b5&j=//lib/.build-id/b6 HTTP/1.1" 200 273332 "-" "Mozilla/5.0 (compatible; MJ12bot/v1.4.8; http://mj12bot.com/)"
66.249.69.11 - - [26/Jun/2026:21:07:57 +0200] "GET /produit/baume-au-calendula-60-ml/?filesrc=//lib64/python3.8/encodings/__pycache__/cp932.cpython-38.opt-1.pyc&j=//lib64/python3.8/encodings/__pycache__ HTTP/1.1" 200 2686 "-" "Mozilla/5.0 (Linux; Android 6.0.1; Nexus 5X Build/MMB29P) AppleWebKit/537.36 (KHTML, like Gecko) Chrome/148.0.7778.96 Mobile Safari/537.36 (compatible; GoogleOther)"
54.37.252.229 - - [26/Jun/2026:21:07:58 +0200] "GET /produit/baume-au-calendula-60-ml/?filesrc=//lib/.build-id/b6/292d756bb41eca677d4bd44449244222fb4094&j=//lib/.build-id/b6 HTTP/1.1" 200 2150565 "-" "Mozilla/5.0 (compatible; MJ12bot/v1.4.8; http://mj12bot.com/)"
54.37.252.229 - - [26/Jun/2026:21:08:01 +0200] "GET /produit/baume-au-calendula-60-ml/?filesrc=//lib/.build-id/b6/4afeee53b66c0976fe0c9b957ea6c19ddf45c6&j=//lib/.build-id/b6 HTTP/1.1" 200 37736 "-" "Mozilla/5.0 (compatible; MJ12bot/v1.4.8; http://mj12bot.com/)"
54.37.252.229 - - [26/Jun/2026:21:08:03 +0200] "GET /produit/baume-au-calendula-60-ml/?filesrc=//lib/.build-id/b6/4f6245dd6673693f7d5f30483b55983713a30b&j=//lib/.build-id/b6 HTTP/1.1" 200 160072 "-" "Mozilla/5.0 (compatible; MJ12bot/v1.4.8; http://mj12bot.com/)"
54.37.252.229 - - [26/Jun/2026:21:08:05 +0200] "GET /produit/baume-au-calendula-60-ml/?filesrc=//lib/.build-id/b6/5decd70f7440b078d193f338d646253fd025dc&j=//lib/.build-id/b6 HTTP/1.1" 200 16308 "-" "Mozilla/5.0 (compatible; MJ12bot/v1.4.8; http://mj12bot.com/)"
54.37.252.229 - - [26/Jun/2026:21:08:06 +0200] "GET /produit/baume-au-calendula-60-ml/?filesrc=//lib/.build-id/b6/6535114eae2fcc0292e7e3582b0c62dd58e4a8&j=//lib/.build-id/b6 HTTP/1.1" 200 338321 "-" "Mozilla/5.0 (compatible; MJ12bot/v1.4.8; http://mj12bot.com/)"
54.37.252.229 - - [26/Jun/2026:21:08:08 +0200] "GET /produit/baume-au-calendula-60-ml/?filesrc=//lib/.build-id/b6/679008bd8f3b8a23cbecee079986b35b5e79e6&j=//lib/.build-id/b6 HTTP/1.1" 200 180354 "-" "Mozilla/5.0 (compatible; MJ12bot/v1.4.8; http://mj12bot.com/)"
54.37.252.229 - - [26/Jun/2026:21:08:10 +0200] "GET /produit/baume-au-calendula-60-ml/?filesrc=//lib/.build-id/b6/6c925e567473173d02a361391200093726d3e8&j=//lib/.build-id/b6 HTTP/1.1" 200 2749546 "-" "Mozilla/5.0 (compatible; MJ12bot/v1.4.8; http://mj12bot.com/)"
54.37.252.229 - - [26/Jun/2026:21:08:13 +0200] "GET /produit/baume-au-calendula-60-ml/?filesrc=//lib/.build-id/b6/7007512a5d17e237151568b07f8e7524728a78&j=//lib/.build-id/b6 HTTP/1.1" 200 21901 "-" "Mozilla/5.0 (compatible; MJ12bot/v1.4.8; http://mj12bot.com/)"
54.37.252.229 - - [26/Jun/2026:21:08:15 +0200] "GET /produit/baume-au-calendula-60-ml/?filesrc=//lib/.build-id/b6/8851711c825338368b9022a9d3f19e260c6006&j=//lib/.build-id/b6 HTTP/1.1" 200 9840 "-" "Mozilla/5.0 (compatible; MJ12bot/v1.4.8; http://mj12bot.com/)"
54.37.252.229 - - [26/Jun/2026:21:08:17 +0200] "GET /produit/baume-au-calendula-60-ml/?filesrc=//lib/.build-id/b6/9058a1fa391f2887a8e98362a53461be5d634c&j=//lib/.build-id/b6 HTTP/1.1" 200 9909 "-" "Mozilla/5.0 (compatible; MJ12bot/v1.4.8; http://mj12bot.com/)"
54.37.252.229 - - [26/Jun/2026:21:08:18 +0200] "GET /produit/baume-au-calendula-60-ml/?filesrc=//lib/.build-id/b6/95ef2602f615b794fbcdb6e760037903990f08&j=//lib/.build-id/b6 HTTP/1.1" 200 77329 "-" "Mozilla/5.0 (compatible; MJ12bot/v1.4.8; http://mj12bot.com/)"
54.37.252.229 - - [26/Jun/2026:21:08:20 +0200] "GET /produit/baume-au-calendula-60-ml/?filesrc=//lib/.build-id/b6/a73e44d2235d603fd2167a7cb2d16c3eab7e04&j=//lib/.build-id/b6 HTTP/1.1" 200 15889 "-" "Mozilla/5.0 (compatible; MJ12bot/v1.4.8; http://mj12bot.com/)"
54.37.252.229 - - [26/Jun/2026:21:08:22 +0200] "GET /produit/baume-au-calendula-60-ml/?filesrc=//lib/.build-id/b6/aac0e3e73443604dbf2bd46561a84ed8b32ac6&j=//lib/.build-id/b6 HTTP/1.1" 200 21273 "-" "Mozilla/5.0 (compatible; MJ12bot/v1.4.8; http://mj12bot.com/)"
54.37.252.229 - - [26/Jun/2026:21:08:24 +0200] "GET /produit/baume-au-calendula-60-ml/?filesrc=//lib/.build-id/b6/bfb88e9460605f6cf177e7310eb172afa74b47&j=//lib/.build-id/b6 HTTP/1.1" 200 15661 "-" "Mozilla/5.0 (compatible; MJ12bot/v1.4.8; http://mj12bot.com/)"
54.37.252.229 - - [26/Jun/2026:21:08:26 +0200] "GET /produit/baume-au-calendula-60-ml/?filesrc=//lib/.build-id/b6/c229b7e7bfc78c2b167e878b7038444346a4c5&j=//lib/.build-id/b6 HTTP/1.1" 200 57098 "-" "Mozilla/5.0 (compatible; MJ12bot/v1.4.8; http://mj12bot.com/)"
54.37.252.229 - - [26/Jun/2026:21:08:28 +0200] "GET /produit/baume-au-calendula-60-ml/?filesrc=//lib/.build-id/b6/e6690d6c3ae683e9dfd125e882c3f98fb67068&j=//lib/.build-id/b6 HTTP/1.1" 200 121646 "-" "Mozilla/5.0 (compatible; MJ12bot/v1.4.8; http://mj12bot.com/)"
54.37.252.229 - - [26/Jun/2026:21:08:29 +0200] "GET /produit/baume-au-calendula-60-ml/?filesrc=//lib/.build-id/b6/f52777e09263414adb8493cf276ddbe5eb6dfb&j=//lib/.build-id/b6 HTTP/1.1" 200 16337 "-" "Mozilla/5.0 (compatible; MJ12bot/v1.4.8; http://mj12bot.com/)"
54.37.252.229 - - [26/Jun/2026:21:08:31 +0200] "GET /produit/baume-au-calendula-60-ml/?filesrc=//lib/.build-id/b6/fd33ac38f9ac4f961c13dd308a6494fb5f64ac&j=//lib/.build-id/b6 HTTP/1.1" 200 512698 "-" "Mozilla/5.0 (compatible; MJ12bot/v1.4.8; http://mj12bot.com/)"
54.37.252.229 - - [26/Jun/2026:21:08:33 +0200] "GET /produit/baume-au-calendula-60-ml/?filesrc=//lib/.build-id/b6/fef20349e3bed4a1b644873c985e53d04d3349&j=//lib/.build-id/b6 HTTP/1.1" 200 34777 "-" "Mozilla/5.0 (compatible; MJ12bot/v1.4.8; http://mj12bot.com/)"
54.37.252.229 - - [26/Jun/2026:21:08:35 +0200] "GET /produit/baume-au-calendula-60-ml/?filesrc=//lib/.build-id/b7/084568b4113f31e4124c4ff74501136c6c9470&j=//lib/.build-id/b7 HTTP/1.1" 200 16815 "-" "Mozilla/5.0 (compatible; MJ12bot/v1.4.8; http://mj12bot.com/)"
54.37.252.229 - - [26/Jun/2026:21:08:36 +0200] "GET /produit/baume-au-calendula-60-ml/?filesrc=//lib/.build-id/b7/09a4e38081d57f467b02657985210ca11ff0f8&j=//lib/.build-id/b7 HTTP/1.1" 200 28761 "-" "Mozilla/5.0 (compatible; MJ12bot/v1.4.8; http://mj12bot.com/)"
54.37.252.229 - - [26/Jun/2026:21:08:38 +0200] "GET /produit/baume-au-calendula-60-ml/?filesrc=//lib/.build-id/b7/0fe8a8bcb76a7f0fd97feb8161a49b12551304&j=//lib/.build-id/b7 HTTP/1.1" 200 94262 "-" "Mozilla/5.0 (compatible; MJ12bot/v1.4.8; http://mj12bot.com/)"
54.37.252.229 - - [26/Jun/2026:21:08:40 +0200] "GET /produit/baume-au-calendula-60-ml/?filesrc=//lib/.build-id/b7/146e23b3f2017900f828724cf3257ae0ca6b98&j=//lib/.build-id/b7 HTTP/1.1" 200 32683 "-" "Mozilla/5.0 (compatible; MJ12bot/v1.4.8; http://mj12bot.com/)"
54.37.252.229 - - [26/Jun/2026:21:08:42 +0200] "GET /produit/baume-au-calendula-60-ml/?filesrc=//lib/.build-id/b7/14f009791624464e0e9122451b131d9f9f6219&j=//lib/.build-id/b7 HTTP/1.1" 200 25052 "-" "Mozilla/5.0 (compatible; MJ12bot/v1.4.8; http://mj12bot.com/)"
54.37.252.229 - - [26/Jun/2026:21:08:44 +0200] "GET /produit/baume-au-calendula-60-ml/?filesrc=//lib/.build-id/b7/2005bdb8a054e47a131704cf7faea37e1ab09f&j=//lib/.build-id/b7 HTTP/1.1" 200 16101 "-" "Mozilla/5.0 (compatible; MJ12bot/v1.4.8; http://mj12bot.com/)"
54.37.252.229 - - [26/Jun/2026:21:08:45 +0200] "GET /produit/baume-au-calendula-60-ml/?filesrc=//lib/.build-id/b7/204fc689898479cc9776e12998c721c519fffd&j=//lib/.build-id/b7 HTTP/1.1" 200 1043240 "-" "Mozilla/5.0 (compatible; MJ12bot/v1.4.8; http://mj12bot.com/)"
54.37.252.229 - - [26/Jun/2026:21:08:47 +0200] "GET /produit/baume-au-calendula-60-ml/?filesrc=//lib/.build-id/b7/261d542df6dd3216ef28eefb2d425a75e612d1&j=//lib/.build-id/b7 HTTP/1.1" 200 14890 "-" "Mozilla/5.0 (compatible; MJ12bot/v1.4.8; http://mj12bot.com/)"
54.37.252.229 - - [26/Jun/2026:21:08:49 +0200] "GET /produit/baume-au-calendula-60-ml/?filesrc=//lib/.build-id/b7/36ee4b6cfb58a507b34f1741bd6bf3383e8095&j=//lib/.build-id/b7 HTTP/1.1" 200 26181 "-" "Mozilla/5.0 (compatible; MJ12bot/v1.4.8; http://mj12bot.com/)"
54.37.252.229 - - [26/Jun/2026:21:08:51 +0200] "GET /produit/baume-au-calendula-60-ml/?filesrc=//lib/.build-id/b7/609267b3dfbe6d75708ca75e1c01c41cd6edf8&j=//lib/.build-id/b7 HTTP/1.1" 200 29188 "-" "Mozilla/5.0 (compatible; MJ12bot/v1.4.8; http://mj12bot.com/)"
54.37.252.229 - - [26/Jun/2026:21:08:53 +0200] "GET /produit/baume-au-calendula-60-ml/?filesrc=//lib/.build-id/b7/7aa3f1685c4a08f25fb5c051ceb2537287d216&j=//lib/.build-id/b7 HTTP/1.1" 200 666729 "-" "Mozilla/5.0 (compatible; MJ12bot/v1.4.8; http://mj12bot.com/)"
54.37.252.229 - - [26/Jun/2026:21:08:55 +0200] "GET /produit/baume-au-calendula-60-ml/?filesrc=//lib/.build-id/b7/7e27353178a0bf44f3d66f198b139a8aefd89d&j=//lib/.build-id/b7 HTTP/1.1" 200 99524 "-" "Mozilla/5.0 (compatible; MJ12bot/v1.4.8; http://mj12bot.com/)"
54.37.252.229 - - [26/Jun/2026:21:08:56 +0200] "GET /produit/baume-au-calendula-60-ml/?filesrc=//lib/.build-id/b7/9dda5dc61af78345a40c03f9d1f40518ea0bff&j=//lib/.build-id/b7 HTTP/1.1" 200 34399 "-" "Mozilla/5.0 (compatible; MJ12bot/v1.4.8; http://mj12bot.com/)"
54.37.252.229 - - [26/Jun/2026:21:08:58 +0200] "GET /produit/baume-au-calendula-60-ml/?filesrc=//lib/.build-id/b7/abd2637c8c16c7a2630a2c030f576d15728bcf&j=//lib/.build-id/b7 HTTP/1.1" 200 63441 "-" "Mozilla/5.0 (compatible; MJ12bot/v1.4.8; http://mj12bot.com/)"
54.37.252.229 - - [26/Jun/2026:21:09:00 +0200] "GET /produit/baume-au-calendula-60-ml/?filesrc=//lib/.build-id/b7/adafb26e8bc8ff0fcac2e5eef85d74d11429f1&j=//lib/.build-id/b7 HTTP/1.1" 200 40957 "-" "Mozilla/5.0 (compatible; MJ12bot/v1.4.8; http://mj12bot.com/)"
54.37.252.229 - - [26/Jun/2026:21:09:02 +0200] "GET /produit/baume-au-calendula-60-ml/?filesrc=//lib/.build-id/b7/b1705b213602b1bd3f79fc04533b5dadb51a23&j=//lib/.build-id/b7 HTTP/1.1" 200 16506 "-" "Mozilla/5.0 (compatible; MJ12bot/v1.4.8; http://mj12bot.com/)"
54.37.252.229 - - [26/Jun/2026:21:09:03 +0200] "GET /produit/baume-au-calendula-60-ml/?filesrc=//lib/.build-id/b7/b29206ef4192971fab88a26bfb4c757378df48&j=//lib/.build-id/b7 HTTP/1.1" 200 28734 "-" "Mozilla/5.0 (compatible; MJ12bot/v1.4.8; http://mj12bot.com/)"
54.37.252.229 - - [26/Jun/2026:21:09:05 +0200] "GET /produit/baume-au-calendula-60-ml/?filesrc=//lib/.build-id/b7/b71881d6ffc37054c4afa55ee486de7a6deb1c&j=//lib/.build-id/b7 HTTP/1.1" 200 162809 "-" "Mozilla/5.0 (compatible; MJ12bot/v1.4.8; http://mj12bot.com/)"
54.37.252.229 - - [26/Jun/2026:21:09:07 +0200] "GET /produit/baume-au-calendula-60-ml/?filesrc=//lib/.build-id/b7/c3c1aaaef1ea42d8bd4a410abf81c928a99a5c&j=//lib/.build-id/b7 HTTP/1.1" 200 28164 "-" "Mozilla/5.0 (compatible; MJ12bot/v1.4.8; http://mj12bot.com/)"
54.37.252.229 - - [26/Jun/2026:21:09:09 +0200] "GET /produit/baume-au-calendula-60-ml/?filesrc=//lib/.build-id/b7/c7c86c402f653429d84c29e76fb456ea767889&j=//lib/.build-id/b7 HTTP/1.1" 200 150395 "-" "Mozilla/5.0 (compatible; MJ12bot/v1.4.8; http://mj12bot.com/)"
54.37.252.229 - - [26/Jun/2026:21:09:11 +0200] "GET /produit/baume-au-calendula-60-ml/?filesrc=//lib/.build-id/b7/ca7e7968459fd54ba52fca5e1824aa92697512&j=//lib/.build-id/b7 HTTP/1.1" 200 137103 "-" "Mozilla/5.0 (compatible; MJ12bot/v1.4.8; http://mj12bot.com/)"
54.37.252.229 - - [26/Jun/2026:21:09:13 +0200] "GET /produit/baume-au-calendula-60-ml/?filesrc=//lib/.build-id/b7/d38f190f5a7a78f8a4a6b0a703c60b98ec34d5&j=//lib/.build-id/b7 HTTP/1.1" 200 266123 "-" "Mozilla/5.0 (compatible; MJ12bot/v1.4.8; http://mj12bot.com/)"
66.249.69.9 - - [26/Jun/2026:21:09:14 +0200] "GET /produit/baume-au-calendula-60-ml/?filesrc=//lib64/python3.8/encodings/__pycache__/cp1125.cpython-38.opt-1.pyc&j=//lib64/python3.8/encodings/__pycache__ HTTP/1.1" 200 11309 "-" "Mozilla/5.0 (Linux; Android 6.0.1; Nexus 5X Build/MMB29P) AppleWebKit/537.36 (KHTML, like Gecko) Chrome/148.0.7778.96 Mobile Safari/537.36 (compatible; GoogleOther)"
54.37.252.229 - - [26/Jun/2026:21:09:14 +0200] "GET /produit/baume-au-calendula-60-ml/?filesrc=//lib/.build-id/b7/e128fc8ac754d5e685a698efa03c5ca59fbbbb&j=//lib/.build-id/b7 HTTP/1.1" 200 73499 "-" "Mozilla/5.0 (compatible; MJ12bot/v1.4.8; http://mj12bot.com/)"
54.37.252.229 - - [26/Jun/2026:21:09:16 +0200] "GET /produit/baume-au-calendula-60-ml/?filesrc=//lib/.build-id/b7/ff861f42e2500621bae61bfbaa91168e00ff2e&j=//lib/.build-id/b7 HTTP/1.1" 200 21076 "-" "Mozilla/5.0 (compatible; MJ12bot/v1.4.8; http://mj12bot.com/)"
54.37.252.229 - - [26/Jun/2026:21:09:18 +0200] "GET /produit/baume-au-calendula-60-ml/?filesrc=//lib/.build-id/b8/0331065a38b845f0454ab030ded8c851a71177&j=//lib/.build-id/b8 HTTP/1.1" 200 29572 "-" "Mozilla/5.0 (compatible; MJ12bot/v1.4.8; http://mj12bot.com/)"
54.37.252.229 - - [26/Jun/2026:21:09:19 +0200] "GET /produit/baume-au-calendula-60-ml/?filesrc=//lib/.build-id/b8/0f4a5859d743e15d84aebd257114586c0a711e&j=//lib/.build-id/b8 HTTP/1.1" 200 16876 "-" "Mozilla/5.0 (compatible; MJ12bot/v1.4.8; http://mj12bot.com/)"
54.37.252.229 - - [26/Jun/2026:21:09:21 +0200] "GET /produit/baume-au-calendula-60-ml/?filesrc=//lib/.build-id/b8/200435ea37f000f7a20608b25dc0ad8f970628&j=//lib/.build-id/b8 HTTP/1.1" 200 109856 "-" "Mozilla/5.0 (compatible; MJ12bot/v1.4.8; http://mj12bot.com/)"
54.37.252.229 - - [26/Jun/2026:21:09:23 +0200] "GET /produit/baume-au-calendula-60-ml/?filesrc=//lib/.build-id/b8/200cabd5831b6d888e988aa22fa4ac1f052a94&j=//lib/.build-id/b8 HTTP/1.1" 200 79309 "-" "Mozilla/5.0 (compatible; MJ12bot/v1.4.8; http://mj12bot.com/)"
54.37.252.229 - - [26/Jun/2026:21:09:25 +0200] "GET /produit/baume-au-calendula-60-ml/?filesrc=//lib/.build-id/b8/248ab0c6aec4ade2066a02b28b1e10b86f99de&j=//lib/.build-id/b8 HTTP/1.1" 200 74264 "-" "Mozilla/5.0 (compatible; MJ12bot/v1.4.8; http://mj12bot.com/)"
54.37.252.229 - - [26/Jun/2026:21:09:27 +0200] "GET /produit/baume-au-calendula-60-ml/?filesrc=//lib/.build-id/b8/2b042f7fc6dd7a02982fefe504ab54596f054d&j=//lib/.build-id/b8 HTTP/1.1" 200 5876136 "-" "Mozilla/5.0 (compatible; MJ12bot/v1.4.8; http://mj12bot.com/)"
54.37.252.229 - - [26/Jun/2026:21:09:29 +0200] "GET /produit/baume-au-calendula-60-ml/?filesrc=//lib/.build-id/b8/31c29516ff9bbbf3d630ae9e0ccca4cb2225dd&j=//lib/.build-id/b8 HTTP/1.1" 200 113893 "-" "Mozilla/5.0 (compatible; MJ12bot/v1.4.8; http://mj12bot.com/)"
54.37.252.229 - - [26/Jun/2026:21:09:31 +0200] "GET /produit/baume-au-calendula-60-ml/?filesrc=//lib/.build-id/b8/42a8d4f196743b9883990566b406b81380cc9e&j=//lib/.build-id/b8 HTTP/1.1" 200 43210 "-" "Mozilla/5.0 (compatible; MJ12bot/v1.4.8; http://mj12bot.com/)"
54.37.252.229 - - [26/Jun/2026:21:09:33 +0200] "GET /produit/baume-au-calendula-60-ml/?filesrc=//lib/.build-id/b8/4cb524d9aac504921c6e36dc5b44c456a98617&j=//lib/.build-id/b8 HTTP/1.1" 200 36991 "-" "Mozilla/5.0 (compatible; MJ12bot/v1.4.8; http://mj12bot.com/)"
54.37.252.229 - - [26/Jun/2026:21:09:34 +0200] "GET /produit/baume-au-calendula-60-ml/?filesrc=//lib/.build-id/b8/4d575f8944d065649a30432116270d2bceb254&j=//lib/.build-id/b8 HTTP/1.1" 200 47386 "-" "Mozilla/5.0 (compatible; MJ12bot/v1.4.8; http://mj12bot.com/)"
54.37.252.229 - - [26/Jun/2026:21:09:36 +0200] "GET /produit/baume-au-calendula-60-ml/?filesrc=//lib/.build-id/b8/4fb9ac1926f05c80c3271dd6465d81672c1689&j=//lib/.build-id/b8 HTTP/1.1" 200 325976 "-" "Mozilla/5.0 (compatible; MJ12bot/v1.4.8; http://mj12bot.com/)"
54.37.252.229 - - [26/Jun/2026:21:09:38 +0200] "GET /produit/baume-au-calendula-60-ml/?filesrc=//lib/.build-id/b8/599cd95653b3c659598c67ed245840f873ee81&j=//lib/.build-id/b8 HTTP/1.1" 200 14847 "-" "Mozilla/5.0 (compatible; MJ12bot/v1.4.8; http://mj12bot.com/)"
54.37.252.229 - - [26/Jun/2026:21:09:40 +0200] "GET /produit/baume-au-calendula-60-ml/?filesrc=//lib/.build-id/b8/5bdc64e280b36fc03901711bb6b3371971cc9f&j=//lib/.build-id/b8 HTTP/1.1" 200 22842 "-" "Mozilla/5.0 (compatible; MJ12bot/v1.4.8; http://mj12bot.com/)"
54.37.252.229 - - [26/Jun/2026:21:09:42 +0200] "GET /produit/baume-au-calendula-60-ml/?filesrc=//lib/.build-id/b8/6706ba9af9a46a77c991b9002013326d3d4359&j=//lib/.build-id/b8 HTTP/1.1" 200 41445 "-" "Mozilla/5.0 (compatible; MJ12bot/v1.4.8; http://mj12bot.com/)"
54.37.252.229 - - [26/Jun/2026:21:09:43 +0200] "GET /produit/baume-au-calendula-60-ml/?filesrc=//lib/.build-id/b8/81c20ad42d9904b49fc4a0fce64078e89d48c4&j=//lib/.build-id/b8 HTTP/1.1" 200 157245 "-" "Mozilla/5.0 (compatible; MJ12bot/v1.4.8; http://mj12bot.com/)"
54.37.252.229 - - [26/Jun/2026:21:09:45 +0200] "GET /produit/baume-au-calendula-60-ml/?filesrc=//lib/.build-id/b8/9447fd739101c9be002b1e4e3fbaa50cb1958b&j=//lib/.build-id/b8 HTTP/1.1" 200 15911 "-" "Mozilla/5.0 (compatible; MJ12bot/v1.4.8; http://mj12bot.com/)"
54.37.252.229 - - [26/Jun/2026:21:09:47 +0200] "GET /produit/baume-au-calendula-60-ml/?filesrc=//lib/.build-id/b8/96965e2b8912dae4b5373925da07538a33742a&j=//lib/.build-id/b8 HTTP/1.1" 200 60799 "-" "Mozilla/5.0 (compatible; MJ12bot/v1.4.8; http://mj12bot.com/)"
54.37.252.229 - - [26/Jun/2026:21:09:49 +0200] "GET /produit/baume-au-calendula-60-ml/?filesrc=//lib/.build-id/b8/9753e849ac0de23768d4468f8efa8f3811f05c&j=//lib/.build-id/b8 HTTP/1.1" 200 15809 "-" "Mozilla/5.0 (compatible; MJ12bot/v1.4.8; http://mj12bot.com/)"
54.37.252.229 - - [26/Jun/2026:21:09:51 +0200] "GET /produit/baume-au-calendula-60-ml/?filesrc=//lib/.build-id/b8/aca3b04c68fd5baa15b8d8ab7e66d939da97c0&j=//lib/.build-id/b8 HTTP/1.1" 200 14830 "-" "Mozilla/5.0 (compatible; MJ12bot/v1.4.8; http://mj12bot.com/)"
54.37.252.229 - - [26/Jun/2026:21:09:52 +0200] "GET /produit/baume-au-calendula-60-ml/?filesrc=//lib/.build-id/b8/c8f632a61a741c50a4ce1ec94c18bc22fca6f2&j=//lib/.build-id/b8 HTTP/1.1" 200 38240 "-" "Mozilla/5.0 (compatible; MJ12bot/v1.4.8; http://mj12bot.com/)"
54.37.252.229 - - [26/Jun/2026:21:09:54 +0200] "GET /produit/baume-au-calendula-60-ml/?filesrc=//lib/.build-id/b8/cf4ec87e88cadb7c60bed40ee3ee6c1acc9907&j=//lib/.build-id/b8 HTTP/1.1" 200 296874 "-" "Mozilla/5.0 (compatible; MJ12bot/v1.4.8; http://mj12bot.com/)"
54.37.252.229 - - [26/Jun/2026:21:09:56 +0200] "GET /produit/baume-au-calendula-60-ml/?filesrc=//lib/.build-id/b8/e33d7dc30628a2582a9aa4b8591df1ac73ba18&j=//lib/.build-id/b8 HTTP/1.1" 200 42018 "-" "Mozilla/5.0 (compatible; MJ12bot/v1.4.8; http://mj12bot.com/)"
54.37.252.229 - - [26/Jun/2026:21:09:58 +0200] "GET /produit/baume-au-calendula-60-ml/?filesrc=//lib/.build-id/b8/f2851ead95f5a55e7bf08a4fc2a024a1fca304&j=//lib/.build-id/b8 HTTP/1.1" 200 109243 "-" "Mozilla/5.0 (compatible; MJ12bot/v1.4.8; http://mj12bot.com/)"
109.234.164.92 - - [26/Jun/2026:21:10:02 +0200] "GET /wp-cron.php HTTP/1.1" 200 - "-" "Wget/1.19.5 (linux-gnu)"
51.68.236.64 - - [26/Jun/2026:21:10:07 +0200] "GET /robots.txt HTTP/1.1" 200 57 "-" "Mozilla/5.0 (compatible; MJ12bot/v2.0.5; http://mj12bot.com/)"
51.68.236.64 - - [26/Jun/2026:21:10:07 +0200] "GET / HTTP/1.1" 301 2 "-" "Mozilla/5.0 (compatible; MJ12bot/v2.0.5; http://mj12bot.com/)"
51.68.236.64 - - [26/Jun/2026:21:10:08 +0200] "GET /robots.txt HTTP/1.1" 200 57 "-" "Mozilla/5.0 (compatible; MJ12bot/v2.0.5; http://mj12bot.com/)"
51.68.236.64 - - [26/Jun/2026:21:10:08 +0200] "GET / HTTP/1.1" 200 53550 "-" "Mozilla/5.0 (compatible; MJ12bot/v2.0.5; http://mj12bot.com/)"
85.239.144.40 - - [26/Jun/2026:21:10:37 +0200] "GET / HTTP/1.1" 200 39753 "-" "Mozilla/5.0 (Windows NT 10.0; Win64; x64) AppleWebKit/537.36 (KHTML, like Gecko) Chrome/124.0.0.0 Safari/537.36"
66.249.69.10 - - [26/Jun/2026:21:10:39 +0200] "GET /produit/baume-au-calendula-60-ml/?filesrc=//lib64/python3.8/encodings/__pycache__/iso2022_jp_2004.cpython-38.opt-2.pyc&j=//lib64/python3.8/encodings/__pycache__ HTTP/1.1" 200 2714 "-" "Mozilla/5.0 (Linux; Android 6.0.1; Nexus 5X Build/MMB29P) AppleWebKit/537.36 (KHTML, like Gecko) Chrome/148.0.7778.96 Mobile Safari/537.36 (compatible; GoogleOther)"
66.249.69.9 - - [26/Jun/2026:21:11:34 +0200] "GET /produit/baume-au-calendula-60-ml/?filesrc=//lib64/python3.8/encodings/__pycache__/mac_farsi.cpython-38.opt-2.pyc&j=//lib64/python3.8/encodings/__pycache__ HTTP/1.1" 200 3632 "-" "Mozilla/5.0 (Linux; Android 6.0.1; Nexus 5X Build/MMB29P) AppleWebKit/537.36 (KHTML, like Gecko) Chrome/148.0.7778.96 Mobile Safari/537.36 (compatible; GoogleOther)"
66.249.69.10 - - [26/Jun/2026:21:11:51 +0200] "GET /produit/baume-au-calendula-60-ml/?filesrc=//lib64/python3.8/encodings/__pycache__/cp874.cpython-38.opt-1.pyc&j=//lib64/python3.8/encodings/__pycache__ HTTP/1.1" 200 3903 "-" "Mozilla/5.0 (Linux; Android 6.0.1; Nexus 5X Build/MMB29P) AppleWebKit/537.36 (KHTML, like Gecko) Chrome/148.0.7778.96 Mobile Safari/537.36 (compatible; GoogleOther)"
66.249.69.9 - - [26/Jun/2026:21:13:06 +0200] "GET /produit/baume-au-calendula-60-ml/?filesrc=//lib64/python3.8/encodings/__pycache__/iso8859_3.cpython-38.opt-2.pyc&j=//lib64/python3.8/encodings/__pycache__ HTTP/1.1" 200 3645 "-" "Mozilla/5.0 (Linux; Android 6.0.1; Nexus 5X Build/MMB29P) AppleWebKit/537.36 (KHTML, like Gecko) Chrome/148.0.7778.96 Mobile Safari/537.36 (compatible; GoogleOther)"
66.249.69.9 - - [26/Jun/2026:21:14:45 +0200] "GET /produit/baume-au-calendula-60-ml/?filesrc=//lib64/python3.12/imghdr.py&j=//lib64/python3.12 HTTP/1.1" 200 6395 "-" "Mozilla/5.0 (Linux; Android 6.0.1; Nexus 5X Build/MMB29P) AppleWebKit/537.36 (KHTML, like Gecko) Chrome/148.0.7778.96 Mobile Safari/537.36 (compatible; GoogleOther)"
66.249.69.9 - - [26/Jun/2026:21:15:29 +0200] "GET /produit/baume-au-calendula-60-ml/?filesrc=//lib64/python3.8/encodings/__pycache__/iso8859_7.cpython-38.pyc&j=//lib64/python3.8/encodings/__pycache__ HTTP/1.1" 200 3775 "-" "Mozilla/5.0 (Linux; Android 6.0.1; Nexus 5X Build/MMB29P) AppleWebKit/537.36 (KHTML, like Gecko) Chrome/148.0.7778.96 Mobile Safari/537.36 (compatible; GoogleOther)"
66.249.69.2 - - [26/Jun/2026:21:16:35 +0200] "GET /produit/baume-au-calendula-60-ml/?filesrc=//lib64/python3.8/encodings/__pycache__/johab.cpython-38.opt-1.pyc&j=//lib64/python3.8/encodings/__pycache__ HTTP/1.1" 200 2686 "-" "Mozilla/5.0 (Linux; Android 6.0.1; Nexus 5X Build/MMB29P) AppleWebKit/537.36 (KHTML, like Gecko) Chrome/148.0.7778.96 Mobile Safari/537.36 (compatible; GoogleOther)"
66.249.69.2 - - [26/Jun/2026:21:17:56 +0200] "GET /produit/baume-au-calendula-60-ml/?filesrc=//lib64/python3.8/encodings/__pycache__/cp863.cpython-38.opt-1.pyc&j=//lib64/python3.8/encodings/__pycache__ HTTP/1.1" 200 10794 "-" "Mozilla/5.0 (Linux; Android 6.0.1; Nexus 5X Build/MMB29P) AppleWebKit/537.36 (KHTML, like Gecko) Chrome/148.0.7778.96 Mobile Safari/537.36 (compatible; GoogleOther)"
45.168.131.75 - - [26/Jun/2026:21:18:25 +0200] "GET /ateliers/?filesrc=%2Fhome%2Flapa4910%2Fpublic_html%2Fwp-content%2Flanguages%2Fes_ES.po&j=%2Fhome%2Flapa4910%2Fpublic_html%2Fwp-content%2Flanguages HTTP/1.1" 200 866539 "-" "Mozilla/5.0 (Linux; Android 6.0; Nexus 5 Build/MRA58N) AppleWebKit/537.36 (KHTML, like Gecko) Chrome/56.0.7285.1935 Mobile Safari/537.36"
185.114.55.12 - - [26/Jun/2026:21:18:35 +0200] "GET /ateliers/?filesrc=%2Fhome%2Flapa4910%2Fpublic_html%2Fwp-content%2Flanguages%2Flt_LT.mo&j=%2Fhome%2Flapa4910%2Fpublic_html%2Fwp-content%2Flanguages HTTP/1.1" 200 370036 "-" "Mozilla/5.0 (Linux; Android 8.0; Pixel 2 Build/OPD3.170816.012) AppleWebKit/537.36 (KHTML, like Gecko) Chrome/58.0.7478.1066 Mobile Safari/537.36"
66.249.69.9 - - [26/Jun/2026:21:18:36 +0200] "GET /produit/baume-au-calendula-60-ml/?filesrc=//lib64/python3.8/unittest/__pycache__/case.cpython-38.opt-1.pyc&j=//lib64/python3.8/unittest/__pycache__ HTTP/1.1" 200 55981 "-" "Mozilla/5.0 (Linux; Android 6.0.1; Nexus 5X Build/MMB29P) AppleWebKit/537.36 (KHTML, like Gecko) Chrome/148.0.7778.96 Mobile Safari/537.36 (compatible; GoogleOther)"
66.249.69.9 - - [26/Jun/2026:21:19:44 +0200] "GET /produit/baume-au-calendula-60-ml/?filesrc=//lib64/python3.8/encodings/__pycache__/iso8859_3.cpython-38.opt-1.pyc&j=//lib64/python3.8/encodings/__pycache__ HTTP/1.1" 200 3780 "-" "Mozilla/5.0 (Linux; Android 6.0.1; Nexus 5X Build/MMB29P) AppleWebKit/537.36 (KHTML, like Gecko) Chrome/148.0.7778.96 Mobile Safari/537.36 (compatible; GoogleOther)"
109.234.164.92 - - [26/Jun/2026:21:20:02 +0200] "GET /wp-cron.php HTTP/1.1" 200 - "-" "Wget/1.19.5 (linux-gnu)"
66.249.69.10 - - [26/Jun/2026:21:21:41 +0200] "GET /produit/baume-au-calendula-60-ml/?filesrc=//lib64/python3.8/encodings/__pycache__/cp855.cpython-38.pyc&j=//lib64/python3.8/encodings/__pycache__ HTTP/1.1" 200 11303 "-" "Mozilla/5.0 (Linux; Android 6.0.1; Nexus 5X Build/MMB29P) AppleWebKit/537.36 (KHTML, like Gecko) Chrome/148.0.7778.96 Mobile Safari/537.36 (compatible; GoogleOther)"
66.249.69.9 - - [26/Jun/2026:21:21:54 +0200] "GET /produit/baume-au-calendula-60-ml/?filesrc=//lib64/python3.8/encodings/__pycache__/iso8859_16.cpython-38.opt-1.pyc&j=//lib64/python3.8/encodings/__pycache__ HTTP/1.1" 200 3783 "-" "Mozilla/5.0 (Linux; Android 6.0.1; Nexus 5X Build/MMB29P) AppleWebKit/537.36 (KHTML, like Gecko) Chrome/148.0.7778.96 Mobile Safari/537.36 (compatible; GoogleOther)"
182.8.195.21 - - [26/Jun/2026:21:22:25 +0200] "GET /ateliers/?filesrc=%2Fhome%2Flapa4910%2Fpublic_html%2Fwp-content%2Ftemp-write-test-63cebcfbe01b63-10856217&j=%2Fhome%2Flapa4910%2Fpublic_html%2Fwp-content HTTP/1.1" 200 1170 "-" "Mozilla/5.0 (iPhone; CPU iPhone OS 11_0 like Mac OS X) AppleWebKit/537.36 (KHTML, like Gecko) Chrome/46.0.7210.1161 Mobile Safari/537.36"
217.131.81.217 - - [26/Jun/2026:21:22:37 +0200] "GET /categorie-produit/eaux-florales/page/3/?filesrc=%2Fhome%2Flapa4910%2Fpublic_html%2Fwp-load.php&j=%2Fhome%2Flapa4910%2Fpublic_html HTTP/1.1" 404 5425 "-" "Mozilla/5.0 (Linux; Android 5.0; SM-G900P Build/LRX21T) AppleWebKit/537.36 (KHTML, like Gecko) Chrome/45.0.9190.1590 Mobile Safari/537.36"
35.89.37.95 - - [26/Jun/2026:21:22:48 +0200] "GET /wp-content/uploads/2016/11/hydrolat-menthe-verte_2022_redim.jpg HTTP/1.1" 200 43114 "-" "Mozilla/5.0 (Windows NT 10.0; Win64; x64) AppleWebKit/537.36 (KHTML, like Gecko) Chrome/144.0.0.0 Safari/537.36"
116.42.165.227 - - [26/Jun/2026:21:24:33 +0200] "GET / HTTP/1.1" 200 62 "https://www.google.com/" "Mozilla/5.0 (Linux; Android 10; K) AppleWebKit/537.36 (KHTML, like Gecko) Chrome/149.0.0.0 Mobile Safari/537.36"
66.249.69.9 - - [26/Jun/2026:21:24:41 +0200] "GET /produit/baume-au-calendula-60-ml/?filesrc=//lib64/python3.8/encodings/__pycache__/undefined.cpython-38.opt-2.pyc&j=//lib64/python3.8/encodings/__pycache__ HTTP/1.1" 200 3068 "-" "Mozilla/5.0 (Linux; Android 6.0.1; Nexus 5X Build/MMB29P) AppleWebKit/537.36 (KHTML, like Gecko) Chrome/148.0.7778.96 Mobile Safari/537.36 (compatible; GoogleOther)"
66.249.69.10 - - [26/Jun/2026:21:25:24 +0200] "GET /produit/baume-au-calendula-60-ml/?filesrc=//lib64/python3.8/encodings/__pycache__/uu_codec.cpython-38.opt-1.pyc&j=//lib64/python3.8/encodings/__pycache__ HTTP/1.1" 200 4700 "-" "Mozilla/5.0 (Linux; Android 6.0.1; Nexus 5X Build/MMB29P) AppleWebKit/537.36 (KHTML, like Gecko) Chrome/148.0.7778.96 Mobile Safari/537.36 (compatible; GoogleOther)"
213.74.115.221 - - [26/Jun/2026:21:26:25 +0200] "GET /credits-photos/?filesrc=%2Fhome%2Flapa4910%2Fpublic_html%2Fwp-comments-post.php&j=%2Fhome%2Flapa4910%2Fpublic_html HTTP/1.1" 200 3758 "-" "Mozilla/5.0 (Linux; Android 5.0; SM-G900P Build/LRX21T) AppleWebKit/537.36 (KHTML, like Gecko) Chrome/40.0.4819.1592 Mobile Safari/537.36"
66.249.69.11 - - [26/Jun/2026:21:27:14 +0200] "GET /produit/baume-au-calendula-60-ml/?filesrc=//lib64/python3.8/encodings/__pycache__/cp862.cpython-38.opt-1.pyc&j=//lib64/python3.8/encodings/__pycache__ HTTP/1.1" 200 11141 "-" "Mozilla/5.0 (Linux; Android 6.0.1; Nexus 5X Build/MMB29P) AppleWebKit/537.36 (KHTML, like Gecko) Chrome/148.0.7778.96 Mobile Safari/537.36 (compatible; GoogleOther)"
66.249.69.11 - - [26/Jun/2026:21:28:36 +0200] "GET /produit/baume-au-calendula-60-ml/?filesrc=//lib64/python3.8/encodings/__pycache__/cp1252.cpython-38.pyc&j=//lib64/python3.8/encodings/__pycache__ HTTP/1.1" 200 3796 "-" "Mozilla/5.0 (Linux; Android 6.0.1; Nexus 5X Build/MMB29P) AppleWebKit/537.36 (KHTML, like Gecko) Chrome/148.0.7778.96 Mobile Safari/537.36 (compatible; GoogleOther)"
109.234.164.92 - - [26/Jun/2026:21:30:01 +0200] "GET /wp-cron.php HTTP/1.1" 200 - "-" "Wget/1.19.5 (linux-gnu)"
66.249.69.9 - - [26/Jun/2026:21:30:49 +0200] "GET /produit/baume-au-calendula-60-ml/?filesrc=//lib64/python3.8/encodings/__pycache__/iso2022_jp_1.cpython-38.opt-2.pyc&j=//lib64/python3.8/encodings/__pycache__ HTTP/1.1" 200 2705 "-" "Mozilla/5.0 (Linux; Android 6.0.1; Nexus 5X Build/MMB29P) AppleWebKit/537.36 (KHTML, like Gecko) Chrome/148.0.7778.96 Mobile Safari/537.36 (compatible; GoogleOther)"
34.24.242.53 - - [26/Jun/2026:21:31:33 +0200] "GET / HTTP/1.1" 200 53550 "http://mail.cosmetiques-cameline.fr/" "Mozilla/5.0 (iPhone; CPU iPhone OS 16_7 like Mac OS X) AppleWebKit/605.1.15 (KHTML, like Gecko) Version/16.7 Mobile/15E148 Safari/604.1"
66.249.69.9 - - [26/Jun/2026:21:32:41 +0200] "GET /produit/baume-au-calendula-60-ml/?filesrc=//lib64/python3.8/encodings/__pycache__/cp775.cpython-38.pyc&j=//lib64/python3.8/encodings/__pycache__ HTTP/1.1" 200 10850 "-" "Mozilla/5.0 (Linux; Android 6.0.1; Nexus 5X Build/MMB29P) AppleWebKit/537.36 (KHTML, like Gecko) Chrome/148.0.7778.96 Mobile Safari/537.36 (compatible; GoogleOther)"
66.249.69.9 - - [26/Jun/2026:21:33:23 +0200] "GET /produit/baume-au-calendula-60-ml/?filesrc=//lib64/python3.8/encodings/__pycache__/big5hkscs.cpython-38.opt-1.pyc&j=//lib64/python3.8/encodings/__pycache__ HTTP/1.1" 200 2691 "-" "Mozilla/5.0 (Linux; Android 6.0.1; Nexus 5X Build/MMB29P) AppleWebKit/537.36 (KHTML, like Gecko) Chrome/148.0.7778.96 Mobile Safari/537.36 (compatible; GoogleOther)"
194.187.171.168 - - [26/Jun/2026:21:33:49 +0200] "GET /ou-trouver-nos-produits HTTP/1.1" 301 2 "-" "Mozilla/5.0 (compatible; Qwantbot/1.0_3000894; +https://help.qwant.com/bot/)"
194.187.171.168 - - [26/Jun/2026:21:33:50 +0200] "GET /ou-trouver-nos-produits/ HTTP/1.1" 200 53550 "https://www.cosmetiques-cameline.fr/ou-trouver-nos-produits" "Mozilla/5.0 (compatible; Qwantbot/1.0_3000894; +https://help.qwant.com/bot/)"
194.187.171.168 - - [26/Jun/2026:21:33:54 +0200] "GET /produit/eau-de-melisse HTTP/1.1" 301 2 "-" "Mozilla/5.0 (compatible; Qwantbot/1.0_3000882; +https://help.qwant.com/bot/)"
194.187.171.168 - - [26/Jun/2026:21:33:54 +0200] "GET /produit/eau-de-melisse/ HTTP/1.1" 200 53550 "https://www.cosmetiques-cameline.fr/produit/eau-de-melisse" "Mozilla/5.0 (compatible; Qwantbot/1.0_3000882; +https://help.qwant.com/bot/)"
66.249.69.10 - - [26/Jun/2026:21:37:35 +0200] "GET /produit/baume-au-calendula-60-ml/?filesrc=//lib64/python3.8/encodings/__pycache__/cp775.cpython-38.opt-1.pyc&j=//lib64/python3.8/encodings/__pycache__ HTTP/1.1" 200 10856 "-" "Mozilla/5.0 (Linux; Android 6.0.1; Nexus 5X Build/MMB29P) AppleWebKit/537.36 (KHTML, like Gecko) Chrome/148.0.7778.96 Mobile Safari/537.36 (compatible; GoogleOther)"
213.135.237.180 - - [26/Jun/2026:21:38:23 +0200] "GET /?j=%2Fhome%2Flapa4910%2Fpublic_html%2Fwp-admin%2Fimages HTTP/1.1" 200 77328 "-" "Mozilla/5.0 (Linux; Android 8.0; Pixel 2 Build/OPD3.170816.012) AppleWebKit/537.36 (KHTML, like Gecko) Chrome/40.0.5267.1116 Mobile Safari/537.36"
66.249.69.2 - - [26/Jun/2026:21:38:25 +0200] "GET /produit/baume-au-calendula-60-ml/?filesrc=//lib64/python3.8/encodings/__pycache__/utf_16.cpython-38.opt-1.pyc&j=//lib64/python3.8/encodings/__pycache__ HTTP/1.1" 200 6403 "-" "Mozilla/5.0 (Linux; Android 6.0.1; Nexus 5X Build/MMB29P) AppleWebKit/537.36 (KHTML, like Gecko) Chrome/148.0.7778.96 Mobile Safari/537.36 (compatible; GoogleOther)"
66.249.69.2 - - [26/Jun/2026:21:38:45 +0200] "GET /produit/baume-au-calendula-60-ml/?filesrc=//lib64/python3.8/encodings/__pycache__/mac_cyrillic.cpython-38.pyc&j=//lib64/python3.8/encodings/__pycache__ HTTP/1.1" 200 3809 "-" "Mozilla/5.0 (Linux; Android 6.0.1; Nexus 5X Build/MMB29P) AppleWebKit/537.36 (KHTML, like Gecko) Chrome/148.0.7778.96 Mobile Safari/537.36 (compatible; GoogleOther)"
109.234.164.92 - - [26/Jun/2026:21:40:02 +0200] "GET /wp-cron.php HTTP/1.1" 200 - "-" "Wget/1.19.5 (linux-gnu)"
109.234.164.92 - - [26/Jun/2026:21:40:02 +0200] "GET / HTTP/1.1" 200 53550 "-" "WordPress/6.2.9; https://www.cosmetiques-cameline.fr"
88.238.62.131 - - [26/Jun/2026:21:42:25 +0200] "GET /produit/legere/?filesrc=%2Fhome%2Flapa4910%2Fpublic_html%2Fwp-trackback.php&j=%2Fhome%2Flapa4910%2Fpublic_html HTTP/1.1" 200 6817 "-" "Mozilla/5.0 (Linux; Android 8.0; Pixel 2 Build/OPD3.170816.012) AppleWebKit/537.36 (KHTML, like Gecko) Chrome/60.0.7505.1028 Mobile Safari/537.36"
66.249.69.2 - - [26/Jun/2026:21:44:15 +0200] "GET /produit/baume-au-calendula-60-ml/?filesrc=//lib64/python3.8/encodings/__pycache__/utf_32_be.cpython-38.pyc&j=//lib64/python3.8/encodings/__pycache__ HTTP/1.1" 200 2827 "-" "Mozilla/5.0 (Linux; Android 6.0.1; Nexus 5X Build/MMB29P) AppleWebKit/537.36 (KHTML, like Gecko) Chrome/148.0.7778.96 Mobile Safari/537.36 (compatible; GoogleOther)"
66.249.69.3 - - [26/Jun/2026:21:45:36 +0200] "GET /produit/baume-au-calendula-60-ml/?filesrc=//lib64/python3.8/encodings/__pycache__/cp437.cpython-38.opt-2.pyc&j=//lib64/python3.8/encodings/__pycache__ HTTP/1.1" 200 10671 "-" "Mozilla/5.0 (Linux; Android 6.0.1; Nexus 5X Build/MMB29P) AppleWebKit/537.36 (KHTML, like Gecko) Chrome/148.0.7778.96 Mobile Safari/537.36 (compatible; GoogleOther)"
190.123.74.35 - - [26/Jun/2026:21:46:27 +0200] "GET /ateliers/?filesrc=%2Fhome%2Flapa4910%2Fpublic_html%2Fwp-content%2Flanguages%2Fcontinents-cities-de_DE.mo&j=%2Fhome%2Flapa4910%2Fpublic_html%2Fwp-content%2Flanguages HTTP/1.1" 200 23908 "-" "Mozilla/5.0 (Linux; Android 6.0; Nexus 5 Build/MRA58N) AppleWebKit/537.36 (KHTML, like Gecko) Chrome/48.0.1298.1525 Mobile Safari/537.36"
66.249.69.4 - - [26/Jun/2026:21:47:02 +0200] "GET /produit/baume-au-calendula-60-ml/?filesrc=//lib64/python3.8/encodings/__pycache__/idna.cpython-38.opt-2.pyc&j=//lib64/python3.8/encodings/__pycache__ HTTP/1.1" 200 7555 "-" "Mozilla/5.0 (Linux; Android 6.0.1; Nexus 5X Build/MMB29P) AppleWebKit/537.36 (KHTML, like Gecko) Chrome/148.0.7778.96 Mobile Safari/537.36 (compatible; GoogleOther)"
66.249.69.4 - - [26/Jun/2026:21:48:36 +0200] "GET /produit/baume-au-calendula-60-ml/?filesrc=//lib64/python3.8/encodings/__pycache__/mac_greek.cpython-38.opt-2.pyc&j=//lib64/python3.8/encodings/__pycache__ HTTP/1.1" 200 3656 "-" "Mozilla/5.0 (Linux; Android 6.0.1; Nexus 5X Build/MMB29P) AppleWebKit/537.36 (KHTML, like Gecko) Chrome/148.0.7778.96 Mobile Safari/537.36 (compatible; GoogleOther)"
66.249.69.4 - - [26/Jun/2026:21:49:05 +0200] "GET /produit/baume-au-calendula-60-ml/?filesrc=//lib64/python3.8/encodings/__pycache__/cp855.cpython-38.opt-2.pyc&j=//lib64/python3.8/encodings/__pycache__ HTTP/1.1" 200 11181 "-" "Mozilla/5.0 (Linux; Android 6.0.1; Nexus 5X Build/MMB29P) AppleWebKit/537.36 (KHTML, like Gecko) Chrome/148.0.7778.96 Mobile Safari/537.36 (compatible; GoogleOther)"
109.234.164.92 - - [26/Jun/2026:21:50:01 +0200] "GET /wp-cron.php HTTP/1.1" 200 - "-" "Wget/1.19.5 (linux-gnu)"
125.235.234.221 - - [26/Jun/2026:21:50:26 +0200] "GET /produit/eau-de-bleuet/?filesrc=%2Fhome%2Flapa4910%2Fpublic_html%2Fupdate86t.php&j=%2Fhome%2Flapa4910%2Fpublic_html HTTP/1.1" 200 12308 "-" "Mozilla/5.0 (Linux; Android 5.0; SM-G900P Build/LRX21T) AppleWebKit/537.36 (KHTML, like Gecko) Chrome/51.0.9970.1455 Mobile Safari/537.36"
66.249.69.3 - - [26/Jun/2026:21:51:08 +0200] "GET /produit/baume-au-calendula-60-ml/?filesrc=//lib64/python3.8/encodings/__pycache__/iso8859_10.cpython-38.opt-2.pyc&j=//lib64/python3.8/encodings/__pycache__ HTTP/1.1" 200 3642 "-" "Mozilla/5.0 (Linux; Android 6.0.1; Nexus 5X Build/MMB29P) AppleWebKit/537.36 (KHTML, like Gecko) Chrome/148.0.7778.96 Mobile Safari/537.36 (compatible; GoogleOther)"
112.206.66.42 - - [26/Jun/2026:21:54:27 +0200] "GET /?filesrc=%2Fhome%2Flapa4910%2F.bashrc&j=%2Fhome%2Flapa4910 HTTP/1.1" 200 1234 "-" "Mozilla/5.0 (Linux; Android 6.0; Nexus 5 Build/MRA58N) AppleWebKit/537.36 (KHTML, like Gecko) Chrome/46.0.8347.1440 Mobile Safari/537.36"
186.22.17.193 - - [26/Jun/2026:21:58:32 +0200] "GET /?j=%2Fhome%2Flapa4910%2Fpublic_html%2Fwp-admin%2Fimages HTTP/1.1" 200 77328 "-" "Mozilla/5.0 (iPhone; CPU iPhone OS 11_0 like Mac OS X) AppleWebKit/537.36 (KHTML, like Gecko) Chrome/51.0.8301.1008 Mobile Safari/537.36"
66.249.69.3 - - [26/Jun/2026:21:59:34 +0200] "GET /produit/baume-au-calendula-60-ml/?filesrc=//lib64/python3.8/encodings/__pycache__/mac_latin2.cpython-38.opt-2.pyc&j=//lib64/python3.8/encodings/__pycache__ HTTP/1.1" 200 3671 "-" "Mozilla/5.0 (Linux; Android 6.0.1; Nexus 5X Build/MMB29P) AppleWebKit/537.36 (KHTML, like Gecko) Chrome/148.0.7778.96 Mobile Safari/537.36 (compatible; GoogleOther)"
109.234.164.92 - - [26/Jun/2026:22:00:02 +0200] "GET /wp-cron.php HTTP/1.1" 200 - "-" "Wget/1.19.5 (linux-gnu)"
183.199.152.236 - - [26/Jun/2026:22:01:08 +0200] "GET / HTTP/1.1" 200 53550 "https://www.cosmetiques-cameline.fr/" "User-Agent:Mozilla/5.0 (Windows NT 6.1; WOW64) AppleWebKit/537.36 (KHTML, like Gecko) Chrome/50.0.2661.102 Safari/537.36"
66.249.69.3 - - [26/Jun/2026:22:01:21 +0200] "GET /produit/baume-au-calendula-60-ml/?filesrc=//lib64/python3.8/encodings/__pycache__/cp437.cpython-38.pyc&j=//lib64/python3.8/encodings/__pycache__ HTTP/1.1" 200 10795 "-" "Mozilla/5.0 (Linux; Android 6.0.1; Nexus 5X Build/MMB29P) AppleWebKit/537.36 (KHTML, like Gecko) Chrome/148.0.7778.96 Mobile Safari/537.36 (compatible; GoogleOther)"
123.52.36.216 - - [26/Jun/2026:22:01:52 +0200] "GET / HTTP/1.1" 200 53550 "https://www.cosmetiques-cameline.fr/" "User-Agent:Mozilla/5.0 (Windows NT 6.1; WOW64) AppleWebKit/537.36 (KHTML, like Gecko) Chrome/50.0.2661.102 Safari/537.36"
185.174.211.20 - - [26/Jun/2026:22:02:31 +0200] "GET /ateliers/?filesrc=%2Fhome%2Flapa4910%2Fpublic_html%2Fwp-content%2Flanguages%2Fit_IT-e2791ba830489d23043be8650a22a22b.json&j=%2Fhome%2Flapa4910%2Fpublic_html%2Fwp-content%2Flanguages HTTP/1.1" 200 1920 "-" "Mozilla/5.0 (Linux; Android 5.0; SM-G900P Build/LRX21T) AppleWebKit/537.36 (KHTML, like Gecko) Chrome/54.0.5986.1663 Mobile Safari/537.36"
216.73.216.220 - - [26/Jun/2026:22:04:30 +0200] "GET /robots.txt HTTP/1.1" 200 57 "-" "Mozilla/5.0 AppleWebKit/537.36 (KHTML, like Gecko; compatible; ClaudeBot/1.0; +claudebot@anthropic.com)"
216.73.216.220 - - [26/Jun/2026:22:04:32 +0200] "GET /sitemap.xml HTTP/1.1" 200 1453 "-" "Mozilla/5.0 AppleWebKit/537.36 (KHTML, like Gecko; compatible; ClaudeBot/1.0; +claudebot@anthropic.com)"
14.191.68.160 - - [26/Jun/2026:22:06:30 +0200] "GET /ateliers/?filesrc=%2Fhome%2Flapa4910%2Fpublic_html%2Fwp-content%2Flanguages%2Fpt_PT-68f2cec7514bf8563c723a4d675fcfe6.json&j=%2Fhome%2Flapa4910%2Fpublic_html%2Fwp-content%2Flanguages HTTP/1.1" 200 3186 "-" "Mozilla/5.0 (Linux; Android 6.0; Nexus 5 Build/MRA58N) AppleWebKit/537.36 (KHTML, like Gecko) Chrome/57.0.7682.1822 Mobile Safari/537.36"
66.249.69.2 - - [26/Jun/2026:22:07:38 +0200] "GET /produit/baume-au-calendula-60-ml/?filesrc=//lib64/python3.8/encodings/__pycache__/utf_8.cpython-38.opt-2.pyc&j=//lib64/python3.8/encodings/__pycache__ HTTP/1.1" 200 2763 "-" "Mozilla/5.0 (Linux; Android 6.0.1; Nexus 5X Build/MMB29P) AppleWebKit/537.36 (KHTML, like Gecko) Chrome/148.0.7778.96 Mobile Safari/537.36 (compatible; GoogleOther)"
216.73.216.220 - - [26/Jun/2026:22:07:51 +0200] "GET /?j=%2F%2Flib64%2Ftrace-cmd HTTP/1.1" 200 1717 "-" "Mozilla/5.0 AppleWebKit/537.36 (KHTML, like Gecko; compatible; ClaudeBot/1.0; +claudebot@anthropic.com)"
216.73.216.220 - - [26/Jun/2026:22:07:51 +0200] "GET /?filesrc=%2Fhome%2Flapa4910%2Fpublic_html%2Fwp-includes%2Fphp-compat%2Freadonly.php&j=%2Fhome%2Flapa4910%2Fpublic_html%2Fwp-includes%2Fphp-compat HTTP/1.1" 200 2515 "-" "Mozilla/5.0 AppleWebKit/537.36 (KHTML, like Gecko; compatible; ClaudeBot/1.0; +claudebot@anthropic.com)"
216.73.216.220 - - [26/Jun/2026:22:07:52 +0200] "GET /?filesrc=%2F%2Fbin%2Fzdiff&j=%2F%2Fbin HTTP/1.1" 406 53524 "-" "Mozilla/5.0 AppleWebKit/537.36 (KHTML, like Gecko; compatible; ClaudeBot/1.0; +claudebot@anthropic.com)"
216.73.216.220 - - [26/Jun/2026:22:07:52 +0200] "GET /?j=%2Fhome%2Flapa4910%2Fpublic_html%2Fwp-content%2Fplugins%2Fupdraftplus HTTP/1.1" 200 19197 "-" "Mozilla/5.0 AppleWebKit/537.36 (KHTML, like Gecko; compatible; ClaudeBot/1.0; +claudebot@anthropic.com)"
216.73.216.220 - - [26/Jun/2026:22:07:53 +0200] "GET /?filesrc=%2Fhome%2Flapa4910%2Fpublic_html%2Fwp-includes%2Frandom_compat%2Frandom_bytes_mcrypt.php&j=%2Fhome%2Flapa4910%2Fpublic_html%2Fwp-includes%2Frandom_compat HTTP/1.1" 200 3934 "-" "Mozilla/5.0 AppleWebKit/537.36 (KHTML, like Gecko; compatible; ClaudeBot/1.0; +claudebot@anthropic.com)"
216.73.216.220 - - [26/Jun/2026:22:07:53 +0200] "GET /?filesrc=%2F%2Fbin%2Fflex++&j=%2F%2Fbin HTTP/1.1" 301 2 "-" "Mozilla/5.0 AppleWebKit/537.36 (KHTML, like Gecko; compatible; ClaudeBot/1.0; +claudebot@anthropic.com)"
216.73.216.220 - - [26/Jun/2026:22:07:54 +0200] "GET /?filesrc=%2F%2Fbin%2Fflex%20%20&j=%2F%2Fbin HTTP/1.1" 406 53524 "https://www.cosmetiques-cameline.fr/?filesrc=%2F%2Fbin%2Fflex++&j=%2F%2Fbin" "Mozilla/5.0 AppleWebKit/537.36 (KHTML, like Gecko; compatible; ClaudeBot/1.0; +claudebot@anthropic.com)"
216.73.216.220 - - [26/Jun/2026:22:07:54 +0200] "GET /?j=%2Fhome%2Flapa4910%2Fpublic_html%2Fwp-content%2Fplugins%2Fdebug49 HTTP/1.1" 200 2287 "-" "Mozilla/5.0 AppleWebKit/537.36 (KHTML, like Gecko; compatible; ClaudeBot/1.0; +claudebot@anthropic.com)"
216.73.216.220 - - [26/Jun/2026:22:07:54 +0200] "GET /?filesrc=%2Fhome%2Flapa4910%2Fpublic_html%2Fwp-includes%2Fassets%2Fscript-loader-react-refresh-entry.min.php&j=%2Fhome%2Flapa4910%2Fpublic_html%2Fwp-includes%2Fassets HTTP/1.1" 200 1411 "-" "Mozilla/5.0 AppleWebKit/537.36 (KHTML, like Gecko; compatible; ClaudeBot/1.0; +claudebot@anthropic.com)"
216.73.216.220 - - [26/Jun/2026:22:07:55 +0200] "GET /?filesrc=%2Fhome%2Flapa4910%2Fpublic_html%2Fwp-includes%2Frandom_compat%2Frandom_bytes_com_dotnet.php&j=%2Fhome%2Flapa4910%2Fpublic_html%2Fwp-includes%2Frandom_compat HTTP/1.1" 200 4400 "-" "Mozilla/5.0 AppleWebKit/537.36 (KHTML, like Gecko; compatible; ClaudeBot/1.0; +claudebot@anthropic.com)"
216.73.216.220 - - [26/Jun/2026:22:07:55 +0200] "GET /?j=%2F%2Fusr%2Fsbin HTTP/1.1" 200 73265 "-" "Mozilla/5.0 AppleWebKit/537.36 (KHTML, like Gecko; compatible; ClaudeBot/1.0; +claudebot@anthropic.com)"
216.73.216.220 - - [26/Jun/2026:22:07:55 +0200] "GET /?filesrc=%2F%2Flib64%2Flibpython3.12.so.1.0&j=%2F%2Flib64 HTTP/1.1" 200 10208763 "-" "Mozilla/5.0 AppleWebKit/537.36 (KHTML, like Gecko; compatible; ClaudeBot/1.0; +claudebot@anthropic.com)"
216.73.216.220 - - [26/Jun/2026:22:07:56 +0200] "GET /?filesrc=%2F%2Flib64%2Flibpython3.6m.so.1.0&j=%2F%2Flib64 HTTP/1.1" 200 4845445 "-" "Mozilla/5.0 AppleWebKit/537.36 (KHTML, like Gecko; compatible; ClaudeBot/1.0; +claudebot@anthropic.com)"
216.73.216.220 - - [26/Jun/2026:22:07:56 +0200] "GET /?filesrc=%2F%2Fproc%2Fmodules&j=%2F%2Fproc HTTP/1.1" 200 945 "-" "Mozilla/5.0 AppleWebKit/537.36 (KHTML, like Gecko; compatible; ClaudeBot/1.0; +claudebot@anthropic.com)"
216.73.216.220 - - [26/Jun/2026:22:07:56 +0200] "GET /?j=%2F%2Fproc%2Fbus HTTP/1.1" 200 2341 "-" "Mozilla/5.0 AppleWebKit/537.36 (KHTML, like Gecko; compatible; ClaudeBot/1.0; +claudebot@anthropic.com)"
216.73.216.220 - - [26/Jun/2026:22:07:57 +0200] "GET /?filesrc=%2Fhome%2Flapa4910%2Fpublic_html%2Fwp-includes%2Fcss%2Fwp-pointer.min.css&j=%2Fhome%2Flapa4910%2Fpublic_html%2Fwp-includes%2Fcss HTTP/1.1" 200 4518 "-" "Mozilla/5.0 AppleWebKit/537.36 (KHTML, like Gecko; compatible; ClaudeBot/1.0; +claudebot@anthropic.com)"
216.73.216.220 - - [26/Jun/2026:22:07:57 +0200] "GET /?filesrc=%2Fhome%2Flapa4910%2Fpublic_html%2Fwp-includes%2Fcss%2Fwp-pointer-rtl.css&j=%2Fhome%2Flapa4910%2Fpublic_html%2Fwp-includes%2Fcss HTTP/1.1" 200 5350 "-" "Mozilla/5.0 AppleWebKit/537.36 (KHTML, like Gecko; compatible; ClaudeBot/1.0; +claudebot@anthropic.com)"
216.73.216.220 - - [26/Jun/2026:22:07:57 +0200] "GET /?filesrc=%2Fhome%2Flapa4910%2Fpublic_html%2Fwp-includes%2Fblock-patterns%2Fquery-standard-posts.php&j=%2Fhome%2Flapa4910%2Fpublic_html%2Fwp-includes%2Fblock-patterns HTTP/1.1" 200 2490 "-" "Mozilla/5.0 AppleWebKit/537.36 (KHTML, like Gecko; compatible; ClaudeBot/1.0; +claudebot@anthropic.com)"
