189.37.49.13 - - [26/Jun/2026:19:02:30 +0200] "GET /ateliers/?filesrc=%2Fhome%2Flapa4910%2Fpublic_html%2Fwp-content%2Flanguages%2Fde_DE-c31d5f185753910c14afebc6deb2ce24.json&j=%2Fhome%2Flapa4910%2Fpublic_html%2Fwp-content%2Flanguages HTTP/1.1" 200 33892 "-" "Mozilla/5.0 (Linux; Android 6.0; Nexus 5 Build/MRA58N) AppleWebKit/537.36 (KHTML, like Gecko) Chrome/40.0.8345.1662 Mobile Safari/537.36"
66.249.69.10 - - [26/Jun/2026:19:03:41 +0200] "GET /produit/baume-au-calendula-60-ml/?filesrc=//lib64/python3.8/encodings/iso8859_8.py&j=//lib64/python3.8/encodings HTTP/1.1" 200 15616 "-" "Mozilla/5.0 (Linux; Android 6.0.1; Nexus 5X Build/MMB29P) AppleWebKit/537.36 (KHTML, like Gecko) Chrome/148.0.7778.96 Mobile Safari/537.36 (compatible; GoogleOther)"
66.249.69.11 - - [26/Jun/2026:19:04:39 +0200] "GET /produit/baume-au-calendula-60-ml/?filesrc=//lib64/python3.8/encodings/iso8859_5.py&j=//lib64/python3.8/encodings HTTP/1.1" 200 17703 "-" "Mozilla/5.0 (Linux; Android 6.0.1; Nexus 5X Build/MMB29P) AppleWebKit/537.36 (KHTML, like Gecko) Chrome/148.0.7778.96 Mobile Safari/537.36 (compatible; GoogleOther)"
100.20.219.82 - - [26/Jun/2026:19:04:47 +0200] "GET / HTTP/1.1" 301 2 "-" "Mozilla/5.0 (Windows NT 6.1; WOW64) AppleWebKit/537.36 (KHTML, like Gecko) Chrome/48.0.6799.1215 Safari/537.36"
100.20.219.82 - - [26/Jun/2026:19:04:47 +0200] "GET / HTTP/1.1" 200 53550 "-" "Mozilla/5.0 (Windows NT 6.1; WOW64) AppleWebKit/537.36 (KHTML, like Gecko) Chrome/48.0.6799.1215 Safari/537.36"
109.234.164.92 - - [26/Jun/2026:19:10:01 +0200] "GET /wp-cron.php HTTP/1.1" 200 - "-" "Wget/1.19.5 (linux-gnu)"
78.130.7.105 - - [26/Jun/2026:19:10:28 +0200] "GET /ateliers/?filesrc=%2Fhome%2Flapa4910%2Fpublic_html%2Fwp-content%2Flanguages%2Fpl_PL-f575f481034e90e21d832e415fd95fcf.json&j=%2Fhome%2Flapa4910%2Fpublic_html%2Fwp-content%2Flanguages HTTP/1.1" 200 2062 "-" "Mozilla/5.0 (Linux; Android 6.0; Nexus 5 Build/MRA58N) AppleWebKit/537.36 (KHTML, like Gecko) Chrome/59.0.2356.1470 Mobile Safari/537.36"
162.120.184.40 - - [26/Jun/2026:19:10:49 +0200] "GET / HTTP/1.1" 200 62 "https://www.google.com/" "Mozilla/5.0 (Linux; Android 10; K) AppleWebKit/537.36 (KHTML, like Gecko) Chrome/149.0.0.0 Mobile Safari/537.36"
66.249.82.5 - - [26/Jun/2026:19:11:11 +0200] "GET /.well-known/traffic-advice HTTP/1.1" 404 53524 "-" "Chrome Privacy Preserving Prefetch Proxy"
72.14.201.167 - - [26/Jun/2026:19:11:11 +0200] "GET / HTTP/1.1" 200 62 "https://www.google.com/" "Mozilla/5.0 (Linux; Android 10; K) AppleWebKit/537.36 (KHTML, like Gecko) Chrome/149.0.0.0 Mobile Safari/537.36"
66.249.69.11 - - [26/Jun/2026:19:13:10 +0200] "GET /produit/baume-au-calendula-60-ml/?j=//lib64/python3.8/encodings/__pycache__ HTTP/1.1" 200 364102 "-" "Mozilla/5.0 (Linux; Android 6.0.1; Nexus 5X Build/MMB29P) AppleWebKit/537.36 (KHTML, like Gecko) Chrome/148.0.7778.96 Mobile Safari/537.36 (compatible; GoogleOther)"
66.249.69.9 - - [26/Jun/2026:19:13:41 +0200] "GET /produit/baume-au-calendula-60-ml/?filesrc=//lib64/python3.8/encodings/cp273.py&j=//lib64/python3.8/encodings HTTP/1.1" 200 18624 "-" "Mozilla/5.0 (Linux; Android 6.0.1; Nexus 5X Build/MMB29P) AppleWebKit/537.36 (KHTML, like Gecko) Chrome/148.0.7778.96 Mobile Safari/537.36 (compatible; GoogleOther)"
186.29.100.58 - - [26/Jun/2026:19:14:38 +0200] "GET /ateliers/?filesrc=%2Fhome%2Flapa4910%2Fpublic_html%2Fwp-content%2Flanguages%2Fpl_PL-8240df461220d1d3a028a9a4c5652a5b.json&j=%2Fhome%2Flapa4910%2Fpublic_html%2Fwp-content%2Flanguages HTTP/1.1" 200 2992 "-" "Mozilla/5.0 (Linux; Android 8.0; Pixel 2 Build/OPD3.170816.012) AppleWebKit/537.36 (KHTML, like Gecko) Chrome/39.0.3913.1345 Mobile Safari/537.36"
66.249.69.9 - - [26/Jun/2026:19:15:30 +0200] "GET /produit/baume-au-calendula-60-ml/?filesrc=//lib64/python3.8/encodings/cp1255.py&j=//lib64/python3.8/encodings HTTP/1.1" 200 16959 "-" "Mozilla/5.0 (Linux; Android 6.0.1; Nexus 5X Build/MMB29P) AppleWebKit/537.36 (KHTML, like Gecko) Chrome/148.0.7778.96 Mobile Safari/537.36 (compatible; GoogleOther)"
66.249.69.9 - - [26/Jun/2026:19:15:55 +0200] "GET /produit/baume-au-calendula-60-ml/?filesrc=//lib64/python3.8/encodings/cp720.py&j=//lib64/python3.8/encodings HTTP/1.1" 200 18144 "-" "Mozilla/5.0 (Linux; Android 6.0.1; Nexus 5X Build/MMB29P) AppleWebKit/537.36 (KHTML, like Gecko) Chrome/148.0.7778.96 Mobile Safari/537.36 (compatible; GoogleOther)"
179.99.22.46 - - [26/Jun/2026:19:18:32 +0200] "GET /ateliers/?filesrc=%2Fhome%2Flapa4910%2Fpublic_html%2Fwp-content%2Flanguages%2Fit_IT-93882e8f9976382d7f724ac595ed7151.json&j=%2Fhome%2Flapa4910%2Fpublic_html%2Fwp-content%2Flanguages HTTP/1.1" 200 1942 "-" "Mozilla/5.0 (iPhone; CPU iPhone OS 11_0 like Mac OS X) AppleWebKit/537.36 (KHTML, like Gecko) Chrome/48.0.2552.1770 Mobile Safari/537.36"
66.249.69.11 - - [26/Jun/2026:19:19:58 +0200] "GET /produit/baume-au-calendula-60-ml/?filesrc=//lib64/python3.8/encodings/mac_arabic.py&j=//lib64/python3.8/encodings HTTP/1.1" 200 40984 "-" "Mozilla/5.0 (Linux; Android 6.0.1; Nexus 5X Build/MMB29P) AppleWebKit/537.36 (KHTML, like Gecko) Chrome/148.0.7778.96 Mobile Safari/537.36 (compatible; GoogleOther)"
109.234.164.92 - - [26/Jun/2026:19:20:02 +0200] "GET /wp-cron.php HTTP/1.1" 200 - "-" "Wget/1.19.5 (linux-gnu)"
66.249.69.9 - - [26/Jun/2026:19:20:42 +0200] "GET /produit/baume-au-calendula-60-ml/?filesrc=//lib64/python3.8/encodings/iso2022_jp_2.py&j=//lib64/python3.8/encodings HTTP/1.1" 200 2163 "-" "Mozilla/5.0 (Linux; Android 6.0.1; Nexus 5X Build/MMB29P) AppleWebKit/537.36 (KHTML, like Gecko) Chrome/148.0.7778.96 Mobile Safari/537.36 (compatible; GoogleOther)"
196.187.148.211 - - [26/Jun/2026:19:22:30 +0200] "GET /ateliers/?filesrc=%2Fhome%2Flapa4910%2Fpublic_html%2Fwp-content%2Flanguages%2Fit_IT-7f13c36c641b114bf18cd0bcc9ecc7e0.json&j=%2Fhome%2Flapa4910%2Fpublic_html%2Fwp-content%2Flanguages HTTP/1.1" 200 15583 "-" "Mozilla/5.0 (Linux; Android 8.0; Pixel 2 Build/OPD3.170816.012) AppleWebKit/537.36 (KHTML, like Gecko) Chrome/43.0.3655.1622 Mobile Safari/537.36"
8.230.116.158 - - [26/Jun/2026:19:24:09 +0200] "GET / HTTP/1.1" 200 53550 "http://cosmetiques-cameline.fr/" "Mozilla/5.0 (Windows NT 10.0; Win64; x64) AppleWebKit/537.36 (KHTML, like Gecko) Chrome/126.0.6478.70 Safari/537.36 Vivaldi/6.7.3200.25"
106.101.136.192 - - [26/Jun/2026:19:25:57 +0200] "GET / HTTP/1.1" 200 62 "https://www.google.com/" "Mozilla/5.0 (iPhone; CPU iPhone OS 26_2_1 like Mac OS X) AppleWebKit/605.1.15 (KHTML, like Gecko) Version/26.2 Mobile/15E148 Safari/605.1 NAVER(inapp; search; 2100; 12.21.50; 13)"
66.249.69.11 - - [26/Jun/2026:19:26:07 +0200] "GET /produit/baume-au-calendula-60-ml/?filesrc=//lib64/python3.8/encodings/__pycache__/mac_farsi.cpython-38.opt-1.pyc&j=//lib64/python3.8/encodings/__pycache__ HTTP/1.1" 200 3772 "-" "Mozilla/5.0 (Linux; Android 6.0.1; Nexus 5X Build/MMB29P) AppleWebKit/537.36 (KHTML, like Gecko) Chrome/148.0.7778.96 Mobile Safari/537.36 (compatible; GoogleOther)"
66.249.69.10 - - [26/Jun/2026:19:26:31 +0200] "GET /produit/baume-au-calendula-60-ml/?filesrc=//lib64/python3.8/encodings/cp852.py&j=//lib64/python3.8/encodings HTTP/1.1" 200 39494 "-" "Mozilla/5.0 (Linux; Android 6.0.1; Nexus 5X Build/MMB29P) AppleWebKit/537.36 (KHTML, like Gecko) Chrome/148.0.7778.96 Mobile Safari/537.36 (compatible; GoogleOther)"
201.183.59.73 - - [26/Jun/2026:19:26:34 +0200] "GET /ateliers/?filesrc=%2Fhome%2Flapa4910%2Fpublic_html%2Fwp-content%2Flanguages%2Fpl_PL-529362903a5a05b34b06b5e793fb4cf8.json&j=%2Fhome%2Flapa4910%2Fpublic_html%2Fwp-content%2Flanguages HTTP/1.1" 200 2491 "-" "Mozilla/5.0 (iPhone; CPU iPhone OS 11_0 like Mac OS X) AppleWebKit/537.36 (KHTML, like Gecko) Chrome/55.0.2030.1721 Mobile Safari/537.36"
216.73.216.220 - - [26/Jun/2026:19:27:03 +0200] "GET /robots.txt HTTP/1.1" 200 57 "-" "Mozilla/5.0 AppleWebKit/537.36 (KHTML, like Gecko; compatible; ClaudeBot/1.0; +claudebot@anthropic.com)"
216.73.216.220 - - [26/Jun/2026:19:27:03 +0200] "GET / HTTP/1.1" 200 53550 "-" "Mozilla/5.0 AppleWebKit/537.36 (KHTML, like Gecko; compatible; ClaudeBot/1.0; +claudebot@anthropic.com)"
66.249.69.9 - - [26/Jun/2026:19:27:32 +0200] "GET /produit/baume-au-calendula-60-ml/?filesrc=//lib64/python3.8/encodings/cp949.py&j=//lib64/python3.8/encodings HTTP/1.1" 200 2118 "-" "Mozilla/5.0 (Linux; Android 6.0.1; Nexus 5X Build/MMB29P) AppleWebKit/537.36 (KHTML, like Gecko) Chrome/148.0.7778.96 Mobile Safari/537.36 (compatible; GoogleOther)"
205.210.31.3 - - [26/Jun/2026:19:28:38 +0200] "GET / HTTP/1.1" 200 40158 "-" "Hello from Palo Alto Networks, find out more about our scans in https://docs-cortex.paloaltonetworks.com/r/1/Cortex-Xpanse/Scanning-activity"
109.234.164.92 - - [26/Jun/2026:19:30:02 +0200] "GET /wp-cron.php HTTP/1.1" 200 - "-" "Wget/1.19.5 (linux-gnu)"
110.11.154.101 - - [26/Jun/2026:19:30:25 +0200] "GET / HTTP/1.1" 200 62 "https://www.google.com/" "Mozilla/5.0 (iPhone; CPU iPhone OS 18_7 like Mac OS X) AppleWebKit/605.1.15 (KHTML, like Gecko) Version/26.5 Mobile/15E148 Safari/604.1"
45.170.229.65 - - [26/Jun/2026:19:30:35 +0200] "GET /ateliers/?filesrc=%2Fhome%2Flapa4910%2Fpublic_html%2Fwp-content%2Flanguages%2Fadmin-network-es_ES.po&j=%2Fhome%2Flapa4910%2Fpublic_html%2Fwp-content%2Flanguages HTTP/1.1" 200 75807 "-" "Mozilla/5.0 (Linux; Android 6.0; Nexus 5 Build/MRA58N) AppleWebKit/537.36 (KHTML, like Gecko) Chrome/44.0.4027.1330 Mobile Safari/537.36"
66.249.69.9 - - [26/Jun/2026:19:30:41 +0200] "GET /produit/baume-au-calendula-60-ml/?filesrc=//lib64/python3.8/encodings/iso8859_2.py&j=//lib64/python3.8/encodings HTTP/1.1" 200 18092 "-" "Mozilla/5.0 (Linux; Android 6.0.1; Nexus 5X Build/MMB29P) AppleWebKit/537.36 (KHTML, like Gecko) Chrome/148.0.7778.96 Mobile Safari/537.36 (compatible; GoogleOther)"
66.249.69.10 - - [26/Jun/2026:19:32:39 +0200] "GET /produit/baume-au-calendula-60-ml/?filesrc=//lib64/python3.8/encodings/palmos.py&j=//lib64/python3.8/encodings HTTP/1.1" 200 18026 "-" "Mozilla/5.0 (Linux; Android 6.0.1; Nexus 5X Build/MMB29P) AppleWebKit/537.36 (KHTML, like Gecko) Chrome/148.0.7778.96 Mobile Safari/537.36 (compatible; GoogleOther)"
77.169.90.119 - - [26/Jun/2026:19:34:34 +0200] "GET /produit/renouveau/?filesrc=%2Fhome%2Flapa4910%2F.bash_history&j=%2Fhome%2Flapa4910 HTTP/1.1" 200 3950 "-" "Mozilla/5.0 (Linux; Android 8.0; Pixel 2 Build/OPD3.170816.012) AppleWebKit/537.36 (KHTML, like Gecko) Chrome/54.0.9246.1494 Mobile Safari/537.36"
66.249.91.11 - - [26/Jun/2026:19:35:16 +0200] "GET /produit/eau-de-camomille-romaine/ HTTP/1.1" 200 53550 "-" "Mozilla/5.0 (X11; Linux x86_64) AppleWebKit/537.36 (KHTML, like Gecko) Chrome/148.0.7778.96 Safari/537.36"
66.249.69.9 - - [26/Jun/2026:19:37:15 +0200] "GET /produit/baume-au-calendula-60-ml/?filesrc=//lib64/python3.8/encodings/cp1125.py&j=//lib64/python3.8/encodings HTTP/1.1" 200 39080 "-" "Mozilla/5.0 (Linux; Android 6.0.1; Nexus 5X Build/MMB29P) AppleWebKit/537.36 (KHTML, like Gecko) Chrome/148.0.7778.96 Mobile Safari/537.36 (compatible; GoogleOther)"
104.176.44.69 - - [26/Jun/2026:19:39:29 +0200] "GET /wp-content/uploads/2017/03/HUILE-SOUPLESSE-admin.jpg HTTP/1.1" 200 73687 "-" "Mozilla/5.0 (Windows NT 10.0; Win64; x64) AppleWebKit/537.36 (KHTML, like Gecko) Chrome/120.0.0.0 Safari/537.36"
109.234.164.92 - - [26/Jun/2026:19:40:02 +0200] "GET /wp-cron.php HTTP/1.1" 200 - "-" "Wget/1.19.5 (linux-gnu)"
66.249.69.10 - - [26/Jun/2026:19:40:03 +0200] "GET /produit/baume-au-calendula-60-ml/?filesrc=//lib64/python3.8/encodings/gb2312.py&j=//lib64/python3.8/encodings HTTP/1.1" 200 2123 "-" "Mozilla/5.0 (Linux; Android 6.0.1; Nexus 5X Build/MMB29P) AppleWebKit/537.36 (KHTML, like Gecko) Chrome/148.0.7778.96 Mobile Safari/537.36 (compatible; GoogleOther)"
186.128.226.224 - - [26/Jun/2026:19:42:39 +0200] "GET /produit/renouveau/?filesrc=%2Fhome%2Flapa4910%2Fpublic_html%2Fwp-content%2Fsystem19.php&j=%2Fhome%2Flapa4910%2Fpublic_html%2Fwp-content HTTP/1.1" 200 12384 "-" "Mozilla/5.0 (Linux; Android 8.0; Pixel 2 Build/OPD3.170816.012) AppleWebKit/537.36 (KHTML, like Gecko) Chrome/46.0.2341.1907 Mobile Safari/537.36"
66.249.69.10 - - [26/Jun/2026:19:42:48 +0200] "GET /produit/baume-au-calendula-60-ml/?filesrc=//lib64/python3.8/encodings/koi8_t.py&j=//lib64/python3.8/encodings HTTP/1.1" 200 17671 "-" "Mozilla/5.0 (Linux; Android 6.0.1; Nexus 5X Build/MMB29P) AppleWebKit/537.36 (KHTML, like Gecko) Chrome/148.0.7778.96 Mobile Safari/537.36 (compatible; GoogleOther)"
138.246.253.24 - - [26/Jun/2026:19:42:52 +0200] "GET /robots.txt HTTP/1.1" 200 57 "-" "Mozilla/5.0 (Windows NT 10.0; Win64; x64) AppleWebKit/537.36 (KHTML, like Gecko) Chrome/103.0.5060.134 Safari/537.36"
51.68.235.38 - - [26/Jun/2026:19:43:50 +0200] "GET /robots.txt HTTP/1.1" 200 57 "-" "Mozilla/5.0 (compatible; MJ12bot/v1.4.8; http://mj12bot.com/)"
51.68.235.38 - - [26/Jun/2026:19:43:52 +0200] "GET /produit/baume-au-calendula-60-ml/?filesrc=//bin/compare&j=//bin HTTP/1.1" 406 53524 "-" "Mozilla/5.0 (compatible; MJ12bot/v1.4.8; http://mj12bot.com/)"
51.68.235.38 - - [26/Jun/2026:19:43:54 +0200] "GET /produit/baume-au-calendula-60-ml/?filesrc=//lib/.build-id/00/cf554e6fb343cad95b4c0ed2dfd2c64869725b&j=//lib/.build-id/00 HTTP/1.1" 200 436977 "-" "Mozilla/5.0 (compatible; MJ12bot/v1.4.8; http://mj12bot.com/)"
51.68.235.38 - - [26/Jun/2026:19:43:56 +0200] "GET /produit/baume-au-calendula-60-ml/?filesrc=//lib/.build-id/1c/185e28b846cfa56064b1aa7cc510619362c321&j=//lib/.build-id/1c HTTP/1.1" 200 1096328 "-" "Mozilla/5.0 (compatible; MJ12bot/v1.4.8; http://mj12bot.com/)"
51.68.235.38 - - [26/Jun/2026:19:43:57 +0200] "GET /produit/baume-au-calendula-60-ml/?filesrc=//lib/.build-id/1c/29510dbd07cc0a21e03761e5b0c4526513efc4&j=//lib/.build-id/1c HTTP/1.1" 200 1709985 "-" "Mozilla/5.0 (compatible; MJ12bot/v1.4.8; http://mj12bot.com/)"
51.68.235.38 - - [26/Jun/2026:19:43:59 +0200] "GET /produit/baume-au-calendula-60-ml/?filesrc=//lib/.build-id/51/2fbae3a3ef5b7c2ae80064f14fbd72d7e12cdb&j=//lib/.build-id/51 HTTP/1.1" 200 7930883 "-" "Mozilla/5.0 (compatible; MJ12bot/v1.4.8; http://mj12bot.com/)"
51.68.235.38 - - [26/Jun/2026:19:44:01 +0200] "GET /produit/baume-au-calendula-60-ml/?filesrc=//lib/.build-id/51/54582d8a1c540a45c992f29672544483ef3733&j=//lib/.build-id/51 HTTP/1.1" 200 4131564 "-" "Mozilla/5.0 (compatible; MJ12bot/v1.4.8; http://mj12bot.com/)"
51.68.235.38 - - [26/Jun/2026:19:44:04 +0200] "GET /produit/baume-au-calendula-60-ml/?filesrc=//lib/.build-id/52/21b2d8e13008ae84d94a9006ef876ad44458e6&j=//lib/.build-id/52 HTTP/1.1" 200 1638017 "-" "Mozilla/5.0 (compatible; MJ12bot/v1.4.8; http://mj12bot.com/)"
51.68.235.38 - - [26/Jun/2026:19:44:06 +0200] "GET /produit/baume-au-calendula-60-ml/?filesrc=//lib/.build-id/52/6e229467b9a571a07d8cdb260cb72efe61f8fb&j=//lib/.build-id/52 HTTP/1.1" 200 1862459 "-" "Mozilla/5.0 (compatible; MJ12bot/v1.4.8; http://mj12bot.com/)"
51.68.235.38 - - [26/Jun/2026:19:44:08 +0200] "GET /produit/baume-au-calendula-60-ml/?filesrc=//lib/.build-id/53/20b950c8987279e714a22632b0da04d95da010&j=//lib/.build-id/53 HTTP/1.1" 200 2369316 "-" "Mozilla/5.0 (compatible; MJ12bot/v1.4.8; http://mj12bot.com/)"
51.68.235.38 - - [26/Jun/2026:19:44:09 +0200] "GET /produit/baume-au-calendula-60-ml/?filesrc=//lib/.build-id/53/34c5ec796fe4112b8b7298b1b46b0231f67350&j=//lib/.build-id/53 HTTP/1.1" 200 3835943 "-" "Mozilla/5.0 (compatible; MJ12bot/v1.4.8; http://mj12bot.com/)"
51.68.235.38 - - [26/Jun/2026:19:44:12 +0200] "GET /produit/baume-au-calendula-60-ml/?filesrc=//lib/.build-id/54/8b75c9f56de3ec1a020240784479267f8f5f28&j=//lib/.build-id/54 HTTP/1.1" 200 7740503 "-" "Mozilla/5.0 (compatible; MJ12bot/v1.4.8; http://mj12bot.com/)"
51.68.235.38 - - [26/Jun/2026:19:44:14 +0200] "GET /produit/baume-au-calendula-60-ml/?filesrc=//lib/.build-id/54/b44aaaebb3af96356353595e4ff7fbc2a0b1dc&j=//lib/.build-id/54 HTTP/1.1" 200 1388876 "-" "Mozilla/5.0 (compatible; MJ12bot/v1.4.8; http://mj12bot.com/)"
51.68.235.38 - - [26/Jun/2026:19:44:16 +0200] "GET /produit/baume-au-calendula-60-ml/?filesrc=//lib/.build-id/55/167f8c1d3bb5970071ad8bb1091b0059b7fa8c&j=//lib/.build-id/55 HTTP/1.1" 200 15618896 "-" "Mozilla/5.0 (compatible; MJ12bot/v1.4.8; http://mj12bot.com/)"
216.73.216.220 - - [26/Jun/2026:19:44:18 +0200] "GET /?j=%2Fhome%2Flapa4910%2Fpublic_html%2Fwp-admin HTTP/1.1" 200 95497 "-" "Mozilla/5.0 AppleWebKit/537.36 (KHTML, like Gecko; compatible; ClaudeBot/1.0; +claudebot@anthropic.com)"
216.73.216.220 - - [26/Jun/2026:19:44:18 +0200] "GET /?j=%2Fhome%2Flapa4910%2Fpublic_html%2Fcgi-bin HTTP/1.1" 200 1127 "-" "Mozilla/5.0 AppleWebKit/537.36 (KHTML, like Gecko; compatible; ClaudeBot/1.0; +claudebot@anthropic.com)"
216.73.216.220 - - [26/Jun/2026:19:44:19 +0200] "GET /?j=%2F HTTP/1.1" 200 10603 "-" "Mozilla/5.0 AppleWebKit/537.36 (KHTML, like Gecko; compatible; ClaudeBot/1.0; +claudebot@anthropic.com)"
51.68.235.38 - - [26/Jun/2026:19:44:18 +0200] "GET /produit/baume-au-calendula-60-ml/?filesrc=//lib/.build-id/55/809d6925ad73280f328008bac9b1fe1a373314&j=//lib/.build-id/55 HTTP/1.1" 200 165499871 "-" "Mozilla/5.0 (compatible; MJ12bot/v1.4.8; http://mj12bot.com/)"
51.68.235.38 - - [26/Jun/2026:19:44:25 +0200] "GET /produit/baume-au-calendula-60-ml/?filesrc=//lib/.build-id/56/5421d68eedcaeabb406e8ee6ca58b8a015b646&j=//lib/.build-id/56 HTTP/1.1" 200 5530256 "-" "Mozilla/5.0 (compatible; MJ12bot/v1.4.8; http://mj12bot.com/)"
51.68.235.38 - - [26/Jun/2026:19:44:27 +0200] "GET /produit/baume-au-calendula-60-ml/?filesrc=//lib/.build-id/56/d03b490fb6dea820156d5f52521284b349d120&j=//lib/.build-id/56 HTTP/1.1" 200 36946721 "-" "Mozilla/5.0 (compatible; MJ12bot/v1.4.8; http://mj12bot.com/)"
51.68.235.38 - - [26/Jun/2026:19:44:30 +0200] "GET /produit/baume-au-calendula-60-ml/?filesrc=//lib/.build-id/57/04f5f5ca1254113398ac18fae9b3c9c9cd647e&j=//lib/.build-id/57 HTTP/1.1" 200 14785 "-" "Mozilla/5.0 (compatible; MJ12bot/v1.4.8; http://mj12bot.com/)"
51.68.235.38 - - [26/Jun/2026:19:44:32 +0200] "GET /produit/baume-au-calendula-60-ml/?filesrc=//lib/.build-id/57/9c14984f8e42c747b7f95acee94d7bc89ff48b&j=//lib/.build-id/57 HTTP/1.1" 200 168026 "-" "Mozilla/5.0 (compatible; MJ12bot/v1.4.8; http://mj12bot.com/)"
216.73.216.220 - - [26/Jun/2026:19:44:33 +0200] "GET /?j=%2Fhome HTTP/1.1" 200 1663 "-" "Mozilla/5.0 AppleWebKit/537.36 (KHTML, like Gecko; compatible; ClaudeBot/1.0; +claudebot@anthropic.com)"
216.73.216.220 - - [26/Jun/2026:19:44:33 +0200] "GET /?j=%2Fhome%2Flapa4910%2Fpublic_html%2Fwp-content HTTP/1.1" 200 42347 "-" "Mozilla/5.0 AppleWebKit/537.36 (KHTML, like Gecko; compatible; ClaudeBot/1.0; +claudebot@anthropic.com)"
216.73.216.220 - - [26/Jun/2026:19:44:33 +0200] "GET /?j=%2Fhome%2Flapa4910%2Fpublic_html%2Fwp-includes HTTP/1.1" 200 240515 "-" "Mozilla/5.0 AppleWebKit/537.36 (KHTML, like Gecko; compatible; ClaudeBot/1.0; +claudebot@anthropic.com)"
51.68.235.38 - - [26/Jun/2026:19:44:34 +0200] "GET /produit/baume-au-calendula-60-ml/?filesrc=//lib/.build-id/57/bc64b50d37e67af291cc3d361b7e62ac5b7599&j=//lib/.build-id/57 HTTP/1.1" 200 42569 "-" "Mozilla/5.0 (compatible; MJ12bot/v1.4.8; http://mj12bot.com/)"
51.68.235.38 - - [26/Jun/2026:19:44:36 +0200] "GET /produit/baume-au-calendula-60-ml/?filesrc=//lib/.build-id/64/9ffc8a2ea6fe629e72d0e973195190532ec02c&j=//lib/.build-id/64 HTTP/1.1" 200 120054 "-" "Mozilla/5.0 (compatible; MJ12bot/v1.4.8; http://mj12bot.com/)"
51.68.235.38 - - [26/Jun/2026:19:44:38 +0200] "GET /produit/baume-au-calendula-60-ml/?filesrc=//lib/.build-id/65/26f04502bb9374a13029e21afb0c0ecd074b55&j=//lib/.build-id/65 HTTP/1.1" 200 16565 "-" "Mozilla/5.0 (compatible; MJ12bot/v1.4.8; http://mj12bot.com/)"
51.68.235.38 - - [26/Jun/2026:19:44:39 +0200] "GET /produit/baume-au-calendula-60-ml/?filesrc=//lib/.build-id/65/29f984e11ad1848bea99a8d27a81a1600730bb&j=//lib/.build-id/65 HTTP/1.1" 200 59199 "-" "Mozilla/5.0 (compatible; MJ12bot/v1.4.8; http://mj12bot.com/)"
51.68.235.38 - - [26/Jun/2026:19:44:41 +0200] "GET /produit/baume-au-calendula-60-ml/?filesrc=//lib/.build-id/66/499827425e356dbdeba62e152e5bba16586149&j=//lib/.build-id/66 HTTP/1.1" 200 82365 "-" "Mozilla/5.0 (compatible; MJ12bot/v1.4.8; http://mj12bot.com/)"
51.68.235.38 - - [26/Jun/2026:19:44:43 +0200] "GET /produit/baume-au-calendula-60-ml/?filesrc=//lib/.build-id/68/affa2c1ed9316fa1719b499e6467fb309c9ffe&j=//lib/.build-id/68 HTTP/1.1" 200 4346270 "-" "Mozilla/5.0 (compatible; MJ12bot/v1.4.8; http://mj12bot.com/)"
51.68.235.38 - - [26/Jun/2026:19:44:45 +0200] "GET /produit/baume-au-calendula-60-ml/?filesrc=//lib/.build-id/69/2b0419ff46225618657c150b0e8e0c53091163&j=//lib/.build-id/69 HTTP/1.1" 200 1108649 "-" "Mozilla/5.0 (compatible; MJ12bot/v1.4.8; http://mj12bot.com/)"
51.68.235.38 - - [26/Jun/2026:19:44:46 +0200] "GET /produit/baume-au-calendula-60-ml/?filesrc=//lib/.build-id/69/80d4ad2f5c5803a3cd7eaa72b473af4bfc6277&j=//lib/.build-id/69 HTTP/1.1" 200 9513335 "-" "Mozilla/5.0 (compatible; MJ12bot/v1.4.8; http://mj12bot.com/)"
51.68.235.38 - - [26/Jun/2026:19:44:48 +0200] "GET /produit/baume-au-calendula-60-ml/?filesrc=//lib/.build-id/6b/0f691ef9bbd5e327b525738a2cd09495d16922&j=//lib/.build-id/6b HTTP/1.1" 200 2036106 "-" "Mozilla/5.0 (compatible; MJ12bot/v1.4.8; http://mj12bot.com/)"
51.68.235.38 - - [26/Jun/2026:19:44:50 +0200] "GET /produit/baume-au-calendula-60-ml/?filesrc=//lib/.build-id/6b/6766c2719056024c4eee2d2e3f8fe3f24061b3&j=//lib/.build-id/6b HTTP/1.1" 200 3620260 "-" "Mozilla/5.0 (compatible; MJ12bot/v1.4.8; http://mj12bot.com/)"
51.68.235.38 - - [26/Jun/2026:19:44:52 +0200] "GET /produit/baume-au-calendula-60-ml/?filesrc=//lib/.build-id/6b/795392f63db5be9673fba904d29ecd465ea42d&j=//lib/.build-id/6b HTTP/1.1" 200 15616204 "-" "Mozilla/5.0 (compatible; MJ12bot/v1.4.8; http://mj12bot.com/)"
51.68.235.38 - - [26/Jun/2026:19:44:54 +0200] "GET /produit/baume-au-calendula-60-ml/?filesrc=//lib/.build-id/6c/03310350f6cc05e5717d0dbfc544b7620af777&j=//lib/.build-id/6c HTTP/1.1" 200 2762323 "-" "Mozilla/5.0 (compatible; MJ12bot/v1.4.8; http://mj12bot.com/)"
51.68.235.38 - - [26/Jun/2026:19:44:56 +0200] "GET /produit/baume-au-calendula-60-ml/?filesrc=//lib/.build-id/6c/8df5eb95f9949d4bc40a478c167aa6f18b0802&j=//lib/.build-id/6c HTTP/1.1" 200 4833833 "-" "Mozilla/5.0 (compatible; MJ12bot/v1.4.8; http://mj12bot.com/)"
51.68.235.38 - - [26/Jun/2026:19:44:58 +0200] "GET /produit/baume-au-calendula-60-ml/?filesrc=//lib/.build-id/6c/cc249c7f533315ed991f5e9e297d8796f7dd28&j=//lib/.build-id/6c HTTP/1.1" 200 1000169 "-" "Mozilla/5.0 (compatible; MJ12bot/v1.4.8; http://mj12bot.com/)"
51.68.235.38 - - [26/Jun/2026:19:45:00 +0200] "GET /produit/baume-au-calendula-60-ml/?filesrc=//lib/.build-id/6d/173d14c1f5efde717c8a77dfdd806c2aa9f1ef&j=//lib/.build-id/6d HTTP/1.1" 200 2680875 "-" "Mozilla/5.0 (compatible; MJ12bot/v1.4.8; http://mj12bot.com/)"
216.73.216.220 - - [26/Jun/2026:19:45:02 +0200] "GET /?j=%2Fhome%2Flapa4910%2Fpublic_html HTTP/1.1" 200 53524 "-" "Mozilla/5.0 AppleWebKit/537.36 (KHTML, like Gecko; compatible; ClaudeBot/1.0; +claudebot@anthropic.com)"
216.73.216.220 - - [26/Jun/2026:19:45:02 +0200] "GET /?filesrc=%2Fhome%2Flapa4910%2Fpublic_html%2Fkernel07.php&j=%2Fhome%2Flapa4910%2Fpublic_html HTTP/1.1" 200 12307 "-" "Mozilla/5.0 AppleWebKit/537.36 (KHTML, like Gecko; compatible; ClaudeBot/1.0; +claudebot@anthropic.com)"
51.68.235.38 - - [26/Jun/2026:19:45:02 +0200] "GET /produit/baume-au-calendula-60-ml/?filesrc=//lib/.build-id/6d/fce9b0ee0e0e69a09cf458f3a256c9cad5e3d2&j=//lib/.build-id/6d HTTP/1.1" 200 3608236 "-" "Mozilla/5.0 (compatible; MJ12bot/v1.4.8; http://mj12bot.com/)"
216.73.216.220 - - [26/Jun/2026:19:45:03 +0200] "GET /?filesrc=%2Fhome%2Flapa4910%2Fpublic_html%2Fdebug49.php&j=%2Fhome%2Flapa4910%2Fpublic_html HTTP/1.1" 200 12306 "-" "Mozilla/5.0 AppleWebKit/537.36 (KHTML, like Gecko; compatible; ClaudeBot/1.0; +claudebot@anthropic.com)"
51.68.235.38 - - [26/Jun/2026:19:45:04 +0200] "GET /produit/baume-au-calendula-60-ml/?filesrc=//lib/.build-id/6e/49bc39f8531ee38785ed586e21f0f7c0072b27&j=//lib/.build-id/6e HTTP/1.1" 200 2613606 "-" "Mozilla/5.0 (compatible; MJ12bot/v1.4.8; http://mj12bot.com/)"
51.68.235.38 - - [26/Jun/2026:19:45:06 +0200] "GET /produit/baume-au-calendula-60-ml/?filesrc=//lib/.build-id/6e/ed3b240d9ef065ac3f15ac031241337e7958f5&j=//lib/.build-id/6e HTTP/1.1" 200 10753 "-" "Mozilla/5.0 (compatible; MJ12bot/v1.4.8; http://mj12bot.com/)"
51.68.235.38 - - [26/Jun/2026:19:45:08 +0200] "GET /produit/baume-au-calendula-60-ml/?filesrc=//lib/.build-id/6e/f42d928a04a1318940e92eb3559a02d0ded946&j=//lib/.build-id/6e HTTP/1.1" 200 218089 "-" "Mozilla/5.0 (compatible; MJ12bot/v1.4.8; http://mj12bot.com/)"
51.68.235.38 - - [26/Jun/2026:19:45:10 +0200] "GET /produit/baume-au-calendula-60-ml/?filesrc=//lib/.build-id/6f/054ca0402c01f352f0a34c9bf01d0f73b599a2&j=//lib/.build-id/6f HTTP/1.1" 200 1596240 "-" "Mozilla/5.0 (compatible; MJ12bot/v1.4.8; http://mj12bot.com/)"
51.68.235.38 - - [26/Jun/2026:19:45:12 +0200] "GET /produit/baume-au-calendula-60-ml/?filesrc=//lib/.build-id/6f/0b0c7690e79928d0a8b344f52ae15f5ead07f6&j=//lib/.build-id/6f HTTP/1.1" 200 54682 "-" "Mozilla/5.0 (compatible; MJ12bot/v1.4.8; http://mj12bot.com/)"
51.68.235.38 - - [26/Jun/2026:19:45:13 +0200] "GET /produit/baume-au-calendula-60-ml/?filesrc=//lib/.build-id/6f/1c3ca911f3d7d66d657dd409b74360a5a7cbbc&j=//lib/.build-id/6f HTTP/1.1" 200 34014 "-" "Mozilla/5.0 (compatible; MJ12bot/v1.4.8; http://mj12bot.com/)"
51.68.235.38 - - [26/Jun/2026:19:45:15 +0200] "GET /produit/baume-au-calendula-60-ml/?filesrc=//lib/.build-id/6f/3e422d3c43630b9b88c11c052744f5d349774a&j=//lib/.build-id/6f HTTP/1.1" 200 37956 "-" "Mozilla/5.0 (compatible; MJ12bot/v1.4.8; http://mj12bot.com/)"
216.73.216.220 - - [26/Jun/2026:19:45:16 +0200] "GET /?filesrc=%2Fhome%2Flapa4910%2Fpublic_html%2Fwp-comments-post.php&j=%2Fhome%2Flapa4910%2Fpublic_html HTTP/1.1" 200 3758 "-" "Mozilla/5.0 AppleWebKit/537.36 (KHTML, like Gecko; compatible; ClaudeBot/1.0; +claudebot@anthropic.com)"
51.68.235.38 - - [26/Jun/2026:19:45:17 +0200] "GET /produit/baume-au-calendula-60-ml/?filesrc=//lib/.build-id/6f/8c62ad05137ceccaf7e13dc6e9c0a29be00339&j=//lib/.build-id/6f HTTP/1.1" 200 22256 "-" "Mozilla/5.0 (compatible; MJ12bot/v1.4.8; http://mj12bot.com/)"
51.68.235.38 - - [26/Jun/2026:19:45:18 +0200] "GET /produit/baume-au-calendula-60-ml/?filesrc=//lib/.build-id/6f/9266e5f69b15e6343e4474302e04d024053a25&j=//lib/.build-id/6f HTTP/1.1" 200 40093159 "-" "Mozilla/5.0 (compatible; MJ12bot/v1.4.8; http://mj12bot.com/)"
51.68.235.38 - - [26/Jun/2026:19:45:21 +0200] "GET /produit/baume-au-calendula-60-ml/?filesrc=//lib/.build-id/6f/9aaf48af476aa2bdf1ffc271f66b174e8e0e23&j=//lib/.build-id/6f HTTP/1.1" 200 28654 "-" "Mozilla/5.0 (compatible; MJ12bot/v1.4.8; http://mj12bot.com/)"
51.68.235.38 - - [26/Jun/2026:19:45:23 +0200] "GET /produit/baume-au-calendula-60-ml/?filesrc=//lib/.build-id/6f/a608fcd63a8b804c96f79c4742356bdc040453&j=//lib/.build-id/6f HTTP/1.1" 200 15252 "-" "Mozilla/5.0 (compatible; MJ12bot/v1.4.8; http://mj12bot.com/)"
51.68.235.38 - - [26/Jun/2026:19:45:25 +0200] "GET /produit/baume-au-calendula-60-ml/?filesrc=//lib/.build-id/6f/a738804981fd51e97651e11e032a0f01ec8c3d&j=//lib/.build-id/6f HTTP/1.1" 200 15079 "-" "Mozilla/5.0 (compatible; MJ12bot/v1.4.8; http://mj12bot.com/)"
51.68.235.38 - - [26/Jun/2026:19:45:27 +0200] "GET /produit/baume-au-calendula-60-ml/?filesrc=//lib/.build-id/6f/aa3b82f8c1a1db775e989682dfb3812f3a412e&j=//lib/.build-id/6f HTTP/1.1" 200 22675 "-" "Mozilla/5.0 (compatible; MJ12bot/v1.4.8; http://mj12bot.com/)"
216.73.216.220 - - [26/Jun/2026:19:45:28 +0200] "GET /?filesrc=%2Fhome%2Flapa4910%2Fpublic_html%2Ferror97.php&j=%2Fhome%2Flapa4910%2Fpublic_html HTTP/1.1" 200 12306 "-" "Mozilla/5.0 AppleWebKit/537.36 (KHTML, like Gecko; compatible; ClaudeBot/1.0; +claudebot@anthropic.com)"
216.73.216.220 - - [26/Jun/2026:19:45:28 +0200] "GET /?filesrc=%2Fhome%2Flapa4910%2Fpublic_html%2Fkernel84.php&j=%2Fhome%2Flapa4910%2Fpublic_html HTTP/1.1" 200 12307 "-" "Mozilla/5.0 AppleWebKit/537.36 (KHTML, like Gecko; compatible; ClaudeBot/1.0; +claudebot@anthropic.com)"
51.68.235.38 - - [26/Jun/2026:19:45:28 +0200] "GET /produit/baume-au-calendula-60-ml/?filesrc=//lib/.build-id/6f/c40dfaf60c5763627034555d9933330fd052bc&j=//lib/.build-id/6f HTTP/1.1" 200 26958 "-" "Mozilla/5.0 (compatible; MJ12bot/v1.4.8; http://mj12bot.com/)"
51.68.235.38 - - [26/Jun/2026:19:45:30 +0200] "GET /produit/baume-au-calendula-60-ml/?filesrc=//lib/.build-id/6f/c6959e81aa923a476c1c4364ca03f557c47293&j=//lib/.build-id/6f HTTP/1.1" 200 227622 "-" "Mozilla/5.0 (compatible; MJ12bot/v1.4.8; http://mj12bot.com/)"
51.68.235.38 - - [26/Jun/2026:19:45:32 +0200] "GET /produit/baume-au-calendula-60-ml/?filesrc=//lib/.build-id/6f/c6f6d3ba228b034a65556c235f916c43126850&j=//lib/.build-id/6f HTTP/1.1" 200 55255 "-" "Mozilla/5.0 (compatible; MJ12bot/v1.4.8; http://mj12bot.com/)"
51.68.235.38 - - [26/Jun/2026:19:45:34 +0200] "GET /produit/baume-au-calendula-60-ml/?filesrc=//lib/.build-id/6f/fbff379ab39846cb30cc15bbdab2e6c52839ee&j=//lib/.build-id/6f HTTP/1.1" 200 148448 "-" "Mozilla/5.0 (compatible; MJ12bot/v1.4.8; http://mj12bot.com/)"
51.68.235.38 - - [26/Jun/2026:19:45:36 +0200] "GET /produit/baume-au-calendula-60-ml/?filesrc=//lib/.build-id/6f/fe7151e9406e46b320c9e7615a34c481db1b84&j=//lib/.build-id/6f HTTP/1.1" 200 71126 "-" "Mozilla/5.0 (compatible; MJ12bot/v1.4.8; http://mj12bot.com/)"
51.68.235.38 - - [26/Jun/2026:19:45:37 +0200] "GET /produit/baume-au-calendula-60-ml/?filesrc=//lib/.build-id/70/027170dd6844af1bb44fbff6ce01ef201018db&j=//lib/.build-id/70 HTTP/1.1" 200 22524 "-" "Mozilla/5.0 (compatible; MJ12bot/v1.4.8; http://mj12bot.com/)"
51.68.235.38 - - [26/Jun/2026:19:45:39 +0200] "GET /produit/baume-au-calendula-60-ml/?filesrc=//lib/.build-id/70/155da6338c98b30698db070b0f3a2de52093d1&j=//lib/.build-id/70 HTTP/1.1" 200 317588 "-" "Mozilla/5.0 (compatible; MJ12bot/v1.4.8; http://mj12bot.com/)"
51.68.235.38 - - [26/Jun/2026:19:45:41 +0200] "GET /produit/baume-au-calendula-60-ml/?filesrc=//lib/.build-id/70/164d2a28d04c549c7bbf9dea345eef2cda16f2&j=//lib/.build-id/70 HTTP/1.1" 200 230634 "-" "Mozilla/5.0 (compatible; MJ12bot/v1.4.8; http://mj12bot.com/)"
51.68.235.38 - - [26/Jun/2026:19:45:43 +0200] "GET /produit/baume-au-calendula-60-ml/?filesrc=//lib/.build-id/70/1c2f2d76ad8189720aeb0fe642e06e0e150802&j=//lib/.build-id/70 HTTP/1.1" 200 23901 "-" "Mozilla/5.0 (compatible; MJ12bot/v1.4.8; http://mj12bot.com/)"
51.68.235.38 - - [26/Jun/2026:19:45:44 +0200] "GET /produit/baume-au-calendula-60-ml/?filesrc=//lib/.build-id/70/1e22e199b021c04294485f7e314bf4d41a3976&j=//lib/.build-id/70 HTTP/1.1" 200 35798 "-" "Mozilla/5.0 (compatible; MJ12bot/v1.4.8; http://mj12bot.com/)"
66.249.69.9 - - [26/Jun/2026:19:45:45 +0200] "GET /produit/baume-au-calendula-60-ml/?filesrc=//lib64/python3.8/encodings/__pycache__/mac_greek.cpython-38.opt-1.pyc&j=//lib64/python3.8/encodings/__pycache__ HTTP/1.1" 200 3796 "-" "Mozilla/5.0 (Linux; Android 6.0.1; Nexus 5X Build/MMB29P) AppleWebKit/537.36 (KHTML, like Gecko) Chrome/148.0.7778.96 Mobile Safari/537.36 (compatible; GoogleOther)"
51.68.235.38 - - [26/Jun/2026:19:45:46 +0200] "GET /produit/baume-au-calendula-60-ml/?filesrc=//lib/.build-id/70/3eb7da7dd5127b37865ab5252ee07578cc4ac8&j=//lib/.build-id/70 HTTP/1.1" 200 62698 "-" "Mozilla/5.0 (compatible; MJ12bot/v1.4.8; http://mj12bot.com/)"
51.68.235.38 - - [26/Jun/2026:19:45:48 +0200] "GET /produit/baume-au-calendula-60-ml/?filesrc=//lib/.build-id/70/40a9572ce7bbab6f45926f08c0e91117162a39&j=//lib/.build-id/70 HTTP/1.1" 200 15001 "-" "Mozilla/5.0 (compatible; MJ12bot/v1.4.8; http://mj12bot.com/)"
51.68.235.38 - - [26/Jun/2026:19:45:50 +0200] "GET /produit/baume-au-calendula-60-ml/?filesrc=//lib/.build-id/70/76af7c0442119c884066e759155fc20d1a4c22&j=//lib/.build-id/70 HTTP/1.1" 200 35571 "-" "Mozilla/5.0 (compatible; MJ12bot/v1.4.8; http://mj12bot.com/)"
51.68.235.38 - - [26/Jun/2026:19:45:51 +0200] "GET /produit/baume-au-calendula-60-ml/?filesrc=//lib/.build-id/70/7c9a804fd00ad2d7ddb63deaf1c7700592f34f&j=//lib/.build-id/70 HTTP/1.1" 200 139487 "-" "Mozilla/5.0 (compatible; MJ12bot/v1.4.8; http://mj12bot.com/)"
51.68.235.38 - - [26/Jun/2026:19:45:53 +0200] "GET /produit/baume-au-calendula-60-ml/?filesrc=//lib/.build-id/70/bde419ef8c4ce59163b84d9b379850c2a8b846&j=//lib/.build-id/70 HTTP/1.1" 200 67246 "-" "Mozilla/5.0 (compatible; MJ12bot/v1.4.8; http://mj12bot.com/)"
51.68.235.38 - - [26/Jun/2026:19:45:55 +0200] "GET /produit/baume-au-calendula-60-ml/?filesrc=//lib/.build-id/70/bff109b3084a157ed79809eea83c3d6d4b12e0&j=//lib/.build-id/70 HTTP/1.1" 200 50306 "-" "Mozilla/5.0 (compatible; MJ12bot/v1.4.8; http://mj12bot.com/)"
51.68.235.38 - - [26/Jun/2026:19:45:57 +0200] "GET /produit/baume-au-calendula-60-ml/?filesrc=//lib/.build-id/71/042394b8dae172c9ad8ac70932e1f31b322d8d&j=//lib/.build-id/71 HTTP/1.1" 200 156840 "-" "Mozilla/5.0 (compatible; MJ12bot/v1.4.8; http://mj12bot.com/)"
51.68.235.38 - - [26/Jun/2026:19:45:58 +0200] "GET /produit/baume-au-calendula-60-ml/?filesrc=//lib/.build-id/71/045626c0ead929aeb9cbb8e65fecb9bcd97508&j=//lib/.build-id/71 HTTP/1.1" 200 316393 "-" "Mozilla/5.0 (compatible; MJ12bot/v1.4.8; http://mj12bot.com/)"
216.73.216.220 - - [26/Jun/2026:19:45:59 +0200] "GET /?filesrc=%2Fhome%2Flapa4910%2Fpublic_html%2Fmodule30.php&j=%2Fhome%2Flapa4910%2Fpublic_html HTTP/1.1" 200 12307 "-" "Mozilla/5.0 AppleWebKit/537.36 (KHTML, like Gecko; compatible; ClaudeBot/1.0; +claudebot@anthropic.com)"
216.73.216.220 - - [26/Jun/2026:19:45:59 +0200] "GET /?filesrc=%2Fhome%2Flapa4910%2Fpublic_html%2Ferror92.php&j=%2Fhome%2Flapa4910%2Fpublic_html HTTP/1.1" 200 12306 "-" "Mozilla/5.0 AppleWebKit/537.36 (KHTML, like Gecko; compatible; ClaudeBot/1.0; +claudebot@anthropic.com)"
51.68.235.38 - - [26/Jun/2026:19:46:00 +0200] "GET /produit/baume-au-calendula-60-ml/?filesrc=//lib/.build-id/71/39638c6a529188f6022f4db48f18188e598214&j=//lib/.build-id/71 HTTP/1.1" 200 17276 "-" "Mozilla/5.0 (compatible; MJ12bot/v1.4.8; http://mj12bot.com/)"
51.68.235.38 - - [26/Jun/2026:19:46:02 +0200] "GET /produit/baume-au-calendula-60-ml/?filesrc=//lib/.build-id/71/3bab7f49741b7f3e6d49f5ffe18a06115c59cf&j=//lib/.build-id/71 HTTP/1.1" 200 25600 "-" "Mozilla/5.0 (compatible; MJ12bot/v1.4.8; http://mj12bot.com/)"
216.73.216.220 - - [26/Jun/2026:19:46:02 +0200] "GET /?filesrc=%2Fhome%2Flapa4910%2Fpublic_html%2Fcache72.php&j=%2Fhome%2Flapa4910%2Fpublic_html HTTP/1.1" 200 12306 "-" "Mozilla/5.0 AppleWebKit/537.36 (KHTML, like Gecko; compatible; ClaudeBot/1.0; +claudebot@anthropic.com)"
216.73.216.220 - - [26/Jun/2026:19:46:02 +0200] "GET /?j=%2Fhome%2Flapa4910 HTTP/1.1" 200 31922 "-" "Mozilla/5.0 AppleWebKit/537.36 (KHTML, like Gecko; compatible; ClaudeBot/1.0; +claudebot@anthropic.com)"
51.68.235.38 - - [26/Jun/2026:19:46:04 +0200] "GET /produit/baume-au-calendula-60-ml/?filesrc=//lib/.build-id/71/4512f577960775c7a3404eab49cb6b3fe526d9&j=//lib/.build-id/71 HTTP/1.1" 200 28310 "-" "Mozilla/5.0 (compatible; MJ12bot/v1.4.8; http://mj12bot.com/)"
51.68.235.38 - - [26/Jun/2026:19:46:05 +0200] "GET /produit/baume-au-calendula-60-ml/?filesrc=//lib/.build-id/71/4588641cc5743663281d0907bfeef48ee98f37&j=//lib/.build-id/71 HTTP/1.1" 200 2687928 "-" "Mozilla/5.0 (compatible; MJ12bot/v1.4.8; http://mj12bot.com/)"
51.68.235.38 - - [26/Jun/2026:19:46:07 +0200] "GET /produit/baume-au-calendula-60-ml/?filesrc=//lib/.build-id/71/4d7849f8ef9802297338f2328759dcb5511117&j=//lib/.build-id/71 HTTP/1.1" 200 34513 "-" "Mozilla/5.0 (compatible; MJ12bot/v1.4.8; http://mj12bot.com/)"
51.68.235.38 - - [26/Jun/2026:19:46:09 +0200] "GET /produit/baume-au-calendula-60-ml/?filesrc=//lib/.build-id/71/4dc5bf4584afa204b833cbec8d17a5741cd628&j=//lib/.build-id/71 HTTP/1.1" 200 60252 "-" "Mozilla/5.0 (compatible; MJ12bot/v1.4.8; http://mj12bot.com/)"
51.68.235.38 - - [26/Jun/2026:19:46:10 +0200] "GET /produit/baume-au-calendula-60-ml/?filesrc=//lib/.build-id/71/59389061774b06e6d32b806cbcc6b0548285bb&j=//lib/.build-id/71 HTTP/1.1" 200 347909 "-" "Mozilla/5.0 (compatible; MJ12bot/v1.4.8; http://mj12bot.com/)"
51.68.235.38 - - [26/Jun/2026:19:46:12 +0200] "GET /produit/baume-au-calendula-60-ml/?filesrc=//lib/.build-id/71/60953035304fa22a4647c08a8314618273cb97&j=//lib/.build-id/71 HTTP/1.1" 200 15287 "-" "Mozilla/5.0 (compatible; MJ12bot/v1.4.8; http://mj12bot.com/)"
51.68.235.38 - - [26/Jun/2026:19:46:14 +0200] "GET /produit/baume-au-calendula-60-ml/?filesrc=//lib/.build-id/71/647b26ffe9cdd58a955fd67595ba3eb854abb6&j=//lib/.build-id/71 HTTP/1.1" 200 557392 "-" "Mozilla/5.0 (compatible; MJ12bot/v1.4.8; http://mj12bot.com/)"
51.68.235.38 - - [26/Jun/2026:19:46:16 +0200] "GET /produit/baume-au-calendula-60-ml/?filesrc=//lib/.build-id/71/6d4b4065b7d7a6352db53e1035222343e26a74&j=//lib/.build-id/71 HTTP/1.1" 200 469932 "-" "Mozilla/5.0 (compatible; MJ12bot/v1.4.8; http://mj12bot.com/)"
51.68.235.38 - - [26/Jun/2026:19:46:17 +0200] "GET /produit/baume-au-calendula-60-ml/?filesrc=//lib/.build-id/71/84854d83720e1afd8081a007bf0a0c3c99bb2a&j=//lib/.build-id/71 HTTP/1.1" 200 22204 "-" "Mozilla/5.0 (compatible; MJ12bot/v1.4.8; http://mj12bot.com/)"
51.68.235.38 - - [26/Jun/2026:19:46:19 +0200] "GET /produit/baume-au-calendula-60-ml/?filesrc=//lib/.build-id/71/8bc38cf7c916f3c53c501d3e9f61c2b0c28330&j=//lib/.build-id/71 HTTP/1.1" 200 88630 "-" "Mozilla/5.0 (compatible; MJ12bot/v1.4.8; http://mj12bot.com/)"
51.68.235.38 - - [26/Jun/2026:19:46:21 +0200] "GET /produit/baume-au-calendula-60-ml/?filesrc=//lib/.build-id/71/b2a02d8f6b4a51c0e85dde04b5c06cd90f0255&j=//lib/.build-id/71 HTTP/1.1" 200 59356 "-" "Mozilla/5.0 (compatible; MJ12bot/v1.4.8; http://mj12bot.com/)"
66.249.69.9 - - [26/Jun/2026:19:46:22 +0200] "GET /produit/baume-au-calendula-60-ml/?filesrc=//lib64/python3.8/encodings/cp1252.py&j=//lib64/python3.8/encodings HTTP/1.1" 200 18004 "-" "Mozilla/5.0 (Linux; Android 6.0.1; Nexus 5X Build/MMB29P) AppleWebKit/537.36 (KHTML, like Gecko) Chrome/148.0.7778.96 Mobile Safari/537.36 (compatible; GoogleOther)"
51.68.235.38 - - [26/Jun/2026:19:46:23 +0200] "GET /produit/baume-au-calendula-60-ml/?filesrc=//lib/.build-id/71/b50cbb846ff93ff0e46d3e73f5a6151a0e0418&j=//lib/.build-id/71 HTTP/1.1" 200 255135 "-" "Mozilla/5.0 (compatible; MJ12bot/v1.4.8; http://mj12bot.com/)"
51.68.235.38 - - [26/Jun/2026:19:46:25 +0200] "GET /produit/baume-au-calendula-60-ml/?filesrc=//lib/.build-id/71/c5007947b5b97d36e5484dccbd57310f0a0a50&j=//lib/.build-id/71 HTTP/1.1" 200 27887 "-" "Mozilla/5.0 (compatible; MJ12bot/v1.4.8; http://mj12bot.com/)"
51.68.235.38 - - [26/Jun/2026:19:46:26 +0200] "GET /produit/baume-au-calendula-60-ml/?filesrc=//lib/.build-id/71/d065f54ba74aaa91220b46e99b294366d315f2&j=//lib/.build-id/71 HTTP/1.1" 200 15275 "-" "Mozilla/5.0 (compatible; MJ12bot/v1.4.8; http://mj12bot.com/)"
51.68.235.38 - - [26/Jun/2026:19:46:28 +0200] "GET /produit/baume-au-calendula-60-ml/?filesrc=//lib/.build-id/72/1d97e4be5f9f579902ab657385ab1b80987db1&j=//lib/.build-id/72 HTTP/1.1" 200 251483 "-" "Mozilla/5.0 (compatible; MJ12bot/v1.4.8; http://mj12bot.com/)"
51.68.235.38 - - [26/Jun/2026:19:46:30 +0200] "GET /produit/baume-au-calendula-60-ml/?filesrc=//lib/.build-id/72/587221c92a1753b7a25dac1f91abc6c727bd43&j=//lib/.build-id/72 HTTP/1.1" 200 542947 "-" "Mozilla/5.0 (compatible; MJ12bot/v1.4.8; http://mj12bot.com/)"
51.68.235.38 - - [26/Jun/2026:19:46:31 +0200] "GET /produit/baume-au-calendula-60-ml/?filesrc=//lib/.build-id/72/5f704e78a678d62f978a41f3e5f7f55fc9f7be&j=//lib/.build-id/72 HTTP/1.1" 200 384809 "-" "Mozilla/5.0 (compatible; MJ12bot/v1.4.8; http://mj12bot.com/)"
51.68.235.38 - - [26/Jun/2026:19:46:33 +0200] "GET /produit/baume-au-calendula-60-ml/?filesrc=//lib/.build-id/72/62f3652ec8b587d7256ae0f7e04cb913c906d6&j=//lib/.build-id/72 HTTP/1.1" 200 17628 "-" "Mozilla/5.0 (compatible; MJ12bot/v1.4.8; http://mj12bot.com/)"
51.68.235.38 - - [26/Jun/2026:19:46:35 +0200] "GET /produit/baume-au-calendula-60-ml/?filesrc=//lib/.build-id/72/780e40e0d19e1f1f647024ac26a3c0433d6c31&j=//lib/.build-id/72 HTTP/1.1" 200 46363 "-" "Mozilla/5.0 (compatible; MJ12bot/v1.4.8; http://mj12bot.com/)"
51.68.235.38 - - [26/Jun/2026:19:46:37 +0200] "GET /produit/baume-au-calendula-60-ml/?filesrc=//lib/.build-id/72/7f80e5cfb98906f9b292f4f06085c3b6feae99&j=//lib/.build-id/72 HTTP/1.1" 200 27945 "-" "Mozilla/5.0 (compatible; MJ12bot/v1.4.8; http://mj12bot.com/)"
51.68.235.38 - - [26/Jun/2026:19:46:38 +0200] "GET /produit/baume-au-calendula-60-ml/?filesrc=//lib/.build-id/72/8dfaadd1cf4a41db2e06baa2c6f1c1e2b9deb2&j=//lib/.build-id/72 HTTP/1.1" 200 34503 "-" "Mozilla/5.0 (compatible; MJ12bot/v1.4.8; http://mj12bot.com/)"
66.249.69.9 - - [26/Jun/2026:19:46:38 +0200] "GET /produit/baume-au-calendula-60-ml/?j=//lib64/python3.8/lib2to3/fixes HTTP/1.1" 200 49613 "-" "Mozilla/5.0 AppleWebKit/537.36 (KHTML, like Gecko; compatible; GoogleOther) Chrome/148.0.7778.96 Safari/537.36"
51.68.235.38 - - [26/Jun/2026:19:46:40 +0200] "GET /produit/baume-au-calendula-60-ml/?filesrc=//lib/.build-id/72/910795c108d9fa539c9a1d6fcf7a5da4a6230e&j=//lib/.build-id/72 HTTP/1.1" 200 15047 "-" "Mozilla/5.0 (compatible; MJ12bot/v1.4.8; http://mj12bot.com/)"
51.68.235.38 - - [26/Jun/2026:19:46:42 +0200] "GET /produit/baume-au-calendula-60-ml/?filesrc=//lib/.build-id/72/93520cb3170e9ab49bfc7efad660945e4c2fc8&j=//lib/.build-id/72 HTTP/1.1" 200 39698 "-" "Mozilla/5.0 (compatible; MJ12bot/v1.4.8; http://mj12bot.com/)"
51.68.235.38 - - [26/Jun/2026:19:46:44 +0200] "GET /produit/baume-au-calendula-60-ml/?filesrc=//lib/.build-id/72/9bc810e505c0ae8a2e7d2dbc3bc1ab3a4a59ae&j=//lib/.build-id/72 HTTP/1.1" 200 38839 "-" "Mozilla/5.0 (compatible; MJ12bot/v1.4.8; http://mj12bot.com/)"
216.73.216.220 - - [26/Jun/2026:19:46:44 +0200] "GET /?filesrc=%2Fhome%2Flapa4910%2Fpublic_html%2Fsetup72.php&j=%2Fhome%2Flapa4910%2Fpublic_html HTTP/1.1" 200 12306 "-" "Mozilla/5.0 AppleWebKit/537.36 (KHTML, like Gecko; compatible; ClaudeBot/1.0; +claudebot@anthropic.com)"
216.73.216.220 - - [26/Jun/2026:19:46:44 +0200] "GET /?filesrc=%2Fhome%2Flapa4910%2Fpublic_html%2Fcache95.php&j=%2Fhome%2Flapa4910%2Fpublic_html HTTP/1.1" 200 12545 "-" "Mozilla/5.0 AppleWebKit/537.36 (KHTML, like Gecko; compatible; ClaudeBot/1.0; +claudebot@anthropic.com)"
51.68.235.38 - - [26/Jun/2026:19:46:46 +0200] "GET /produit/baume-au-calendula-60-ml/?filesrc=//lib/.build-id/72/9ff2473809e0c5410ce699480accea638c4578&j=//lib/.build-id/72 HTTP/1.1" 200 15018 "-" "Mozilla/5.0 (compatible; MJ12bot/v1.4.8; http://mj12bot.com/)"
51.68.235.38 - - [26/Jun/2026:19:46:47 +0200] "GET /produit/baume-au-calendula-60-ml/?filesrc=//lib/.build-id/81/7261f2b414a14e234814fc33d9d6b5df63e8c9&j=//lib/.build-id/81 HTTP/1.1" 200 92720 "-" "Mozilla/5.0 (compatible; MJ12bot/v1.4.8; http://mj12bot.com/)"
51.68.235.38 - - [26/Jun/2026:19:46:49 +0200] "GET /produit/baume-au-calendula-60-ml/?filesrc=//lib/.build-id/93/a1f92da26bfed2fa34fee120b607aef65db1f9&j=//lib/.build-id/93 HTTP/1.1" 200 28869 "-" "Mozilla/5.0 (compatible; MJ12bot/v1.4.8; http://mj12bot.com/)"
51.68.235.38 - - [26/Jun/2026:19:46:51 +0200] "GET /produit/baume-au-calendula-60-ml/?filesrc=//lib/.build-id/93/a4cfeaf0f121b0add71bffbf2869860ac64cf1&j=//lib/.build-id/93 HTTP/1.1" 200 74095 "-" "Mozilla/5.0 (compatible; MJ12bot/v1.4.8; http://mj12bot.com/)"
34.138.66.175 - - [26/Jun/2026:19:46:52 +0200] "GET / HTTP/1.1" 200 53550 "http://www.cosmetiques-cameline.fr/" "Mozilla/5.0 (Linux; U; Android 10; en-US; CPH2015) AppleWebKit/537.36 (KHTML, like Gecko) UCBrowser/13.5.8.1311 Mobile Safari/537.36"
51.68.235.38 - - [26/Jun/2026:19:46:53 +0200] "GET /produit/baume-au-calendula-60-ml/?filesrc=//lib/.build-id/97/acb4c672673acdbecf62e6d1a109951ee736ae&j=//lib/.build-id/97 HTTP/1.1" 200 15428 "-" "Mozilla/5.0 (compatible; MJ12bot/v1.4.8; http://mj12bot.com/)"
51.68.235.38 - - [26/Jun/2026:19:46:55 +0200] "GET /produit/baume-au-calendula-60-ml/?filesrc=//lib/.build-id/97/b994451f9cf101387a16e040ba950690805f22&j=//lib/.build-id/97 HTTP/1.1" 200 9531 "-" "Mozilla/5.0 (compatible; MJ12bot/v1.4.8; http://mj12bot.com/)"
51.68.235.38 - - [26/Jun/2026:19:46:56 +0200] "GET /produit/baume-au-calendula-60-ml/?filesrc=//lib/.build-id/97/c5b3683950f6f9ea76aac7e43dd21413d9ef20&j=//lib/.build-id/97 HTTP/1.1" 200 60715 "-" "Mozilla/5.0 (compatible; MJ12bot/v1.4.8; http://mj12bot.com/)"
51.68.235.38 - - [26/Jun/2026:19:46:58 +0200] "GET /produit/baume-au-calendula-60-ml/?filesrc=//lib/.build-id/97/c7083ce5d3ff9cd32e8d5bb53cb5889af5bff2&j=//lib/.build-id/97 HTTP/1.1" 200 16727 "-" "Mozilla/5.0 (compatible; MJ12bot/v1.4.8; http://mj12bot.com/)"
216.73.216.220 - - [26/Jun/2026:19:47:00 +0200] "GET /?filesrc=%2Fhome%2Flapa4910%2Fpublic_html%2Fkernel07t.php&j=%2Fhome%2Flapa4910%2Fpublic_html HTTP/1.1" 200 12308 "-" "Mozilla/5.0 AppleWebKit/537.36 (KHTML, like Gecko; compatible; ClaudeBot/1.0; +claudebot@anthropic.com)"
216.73.216.220 - - [26/Jun/2026:19:47:00 +0200] "GET /?filesrc=%2Fhome%2Flapa4910%2Fpublic_html%2Fkernel84t.php&j=%2Fhome%2Flapa4910%2Fpublic_html HTTP/1.1" 200 12308 "-" "Mozilla/5.0 AppleWebKit/537.36 (KHTML, like Gecko; compatible; ClaudeBot/1.0; +claudebot@anthropic.com)"
51.68.235.38 - - [26/Jun/2026:19:47:00 +0200] "GET /produit/baume-au-calendula-60-ml/?filesrc=//lib/.build-id/97/c8beb8674577bdd4b6260ba9c2e188fc9b981e&j=//lib/.build-id/97 HTTP/1.1" 200 116221 "-" "Mozilla/5.0 (compatible; MJ12bot/v1.4.8; http://mj12bot.com/)"
51.68.235.38 - - [26/Jun/2026:19:47:02 +0200] "GET /produit/baume-au-calendula-60-ml/?filesrc=//lib/.build-id/98/3e0d728a343d4a89e31820e554b1f0aaa64842&j=//lib/.build-id/98 HTTP/1.1" 200 28229 "-" "Mozilla/5.0 (compatible; MJ12bot/v1.4.8; http://mj12bot.com/)"
51.68.235.38 - - [26/Jun/2026:19:47:04 +0200] "GET /produit/baume-au-calendula-60-ml/?filesrc=//lib/.build-id/9e/ca7f9a09bbd1fe88487526b7e14111071ea961&j=//lib/.build-id/9e HTTP/1.1" 200 57261 "-" "Mozilla/5.0 (compatible; MJ12bot/v1.4.8; http://mj12bot.com/)"
51.68.235.38 - - [26/Jun/2026:19:47:06 +0200] "GET /produit/baume-au-calendula-60-ml/?filesrc=//lib/.build-id/9e/de0536a201b7b5ba8d880229176cc68d116d83&j=//lib/.build-id/9e HTTP/1.1" 200 10208870 "-" "Mozilla/5.0 (compatible; MJ12bot/v1.4.8; http://mj12bot.com/)"
51.68.235.38 - - [26/Jun/2026:19:47:08 +0200] "GET /produit/baume-au-calendula-60-ml/?filesrc=//lib/.build-id/a2/df02dcc6a0fba2509c9310fbccb02d6a6cea85&j=//lib/.build-id/a2 HTTP/1.1" 200 63937 "-" "Mozilla/5.0 (compatible; MJ12bot/v1.4.8; http://mj12bot.com/)"
51.68.235.38 - - [26/Jun/2026:19:47:09 +0200] "GET /produit/baume-au-calendula-60-ml/?filesrc=//lib/.build-id/a2/f40c48f0541792e9afbd31d6047a91873c28dc&j=//lib/.build-id/a2 HTTP/1.1" 200 18139 "-" "Mozilla/5.0 (compatible; MJ12bot/v1.4.8; http://mj12bot.com/)"
51.68.235.38 - - [26/Jun/2026:19:47:11 +0200] "GET /produit/baume-au-calendula-60-ml/?filesrc=//lib/.build-id/a2/f6fecb422ffe0897cdc1af4a26cbab466885dd&j=//lib/.build-id/a2 HTTP/1.1" 200 203259 "-" "Mozilla/5.0 (compatible; MJ12bot/v1.4.8; http://mj12bot.com/)"
51.68.235.38 - - [26/Jun/2026:19:47:13 +0200] "GET /produit/baume-au-calendula-60-ml/?filesrc=//lib/.build-id/a3/03d4cd7060172b520d9b8fdd00fb4b44be9ee4&j=//lib/.build-id/a3 HTTP/1.1" 200 223844 "-" "Mozilla/5.0 (compatible; MJ12bot/v1.4.8; http://mj12bot.com/)"
51.68.235.38 - - [26/Jun/2026:19:47:15 +0200] "GET /produit/baume-au-calendula-60-ml/?filesrc=//lib/.build-id/a3/0b38a9bd8e2fddf44397e8a25dcef58f9b08df&j=//lib/.build-id/a3 HTTP/1.1" 200 231282 "-" "Mozilla/5.0 (compatible; MJ12bot/v1.4.8; http://mj12bot.com/)"
51.68.235.38 - - [26/Jun/2026:19:47:17 +0200] "GET /produit/baume-au-calendula-60-ml/?filesrc=//lib/.build-id/a3/13ffeb8c786b8fcdfbbd6bf193e519940dc6f6&j=//lib/.build-id/a3 HTTP/1.1" 200 17930 "-" "Mozilla/5.0 (compatible; MJ12bot/v1.4.8; http://mj12bot.com/)"
51.68.235.38 - - [26/Jun/2026:19:47:18 +0200] "GET /produit/baume-au-calendula-60-ml/?filesrc=//lib/.build-id/a3/19327698eb8a926ab41a8b2ec34dc6e806e6fb&j=//lib/.build-id/a3 HTTP/1.1" 200 323351 "-" "Mozilla/5.0 (compatible; MJ12bot/v1.4.8; http://mj12bot.com/)"
51.68.235.38 - - [26/Jun/2026:19:47:20 +0200] "GET /produit/baume-au-calendula-60-ml/?filesrc=//lib/.build-id/a3/410f326718059898114238d39745006ce775a0&j=//lib/.build-id/a3 HTTP/1.1" 200 15778 "-" "Mozilla/5.0 (compatible; MJ12bot/v1.4.8; http://mj12bot.com/)"
66.249.69.11 - - [26/Jun/2026:19:47:21 +0200] "GET /produit/baume-au-calendula-60-ml/?filesrc=//lib64/python3.8/encodings/iso2022_jp_1.py&j=//lib64/python3.8/encodings HTTP/1.1" 200 2163 "-" "Mozilla/5.0 (Linux; Android 6.0.1; Nexus 5X Build/MMB29P) AppleWebKit/537.36 (KHTML, like Gecko) Chrome/148.0.7778.96 Mobile Safari/537.36 (compatible; GoogleOther)"
51.68.235.38 - - [26/Jun/2026:19:47:22 +0200] "GET /produit/baume-au-calendula-60-ml/?filesrc=//lib/.build-id/a3/49f64fb9ec22f1ff51fcea2806c20d8a937c32&j=//lib/.build-id/a3 HTTP/1.1" 200 20715 "-" "Mozilla/5.0 (compatible; MJ12bot/v1.4.8; http://mj12bot.com/)"
216.73.216.220 - - [26/Jun/2026:19:47:22 +0200] "GET /?filesrc=%2Fhome%2Flapa4910%2Fpublic_html%2Fwp-config-sample.php&j=%2Fhome%2Flapa4910%2Fpublic_html HTTP/1.1" 406 53524 "-" "Mozilla/5.0 AppleWebKit/537.36 (KHTML, like Gecko; compatible; ClaudeBot/1.0; +claudebot@anthropic.com)"
216.73.216.220 - - [26/Jun/2026:19:47:22 +0200] "GET /?filesrc=%2Fhome%2Flapa4910%2Fpublic_html%2Fwp-load.php&j=%2Fhome%2Flapa4910%2Fpublic_html HTTP/1.1" 200 5425 "-" "Mozilla/5.0 AppleWebKit/537.36 (KHTML, like Gecko; compatible; ClaudeBot/1.0; +claudebot@anthropic.com)"
51.68.235.38 - - [26/Jun/2026:19:47:24 +0200] "GET /produit/baume-au-calendula-60-ml/?filesrc=//lib/.build-id/a3/5582c1b57b6a3ba0a1a4ce02f7cad42dd344a3&j=//lib/.build-id/a3 HTTP/1.1" 200 56895 "-" "Mozilla/5.0 (compatible; MJ12bot/v1.4.8; http://mj12bot.com/)"
51.68.235.38 - - [26/Jun/2026:19:47:25 +0200] "GET /produit/baume-au-calendula-60-ml/?filesrc=//lib/.build-id/a3/5d230b36486b4d96d979ddd59e910e17cbc35f&j=//lib/.build-id/a3 HTTP/1.1" 200 140075 "-" "Mozilla/5.0 (compatible; MJ12bot/v1.4.8; http://mj12bot.com/)"
51.68.235.38 - - [26/Jun/2026:19:47:27 +0200] "GET /produit/baume-au-calendula-60-ml/?filesrc=//lib/.build-id/a3/5d230b36486b4d96d979ddd59e910e17cbc35f.1&j=//lib/.build-id/a3 HTTP/1.1" 200 140076 "-" "Mozilla/5.0 (compatible; MJ12bot/v1.4.8; http://mj12bot.com/)"
