84.233.167.55 - - [26/Jun/2026:17:44:01 +0200] "GET / HTTP/1.1" 200 62 "https://www.google.com/" "Mozilla/5.0 (iPhone; CPU iPhone OS 26_4_0 like Mac OS X) AppleWebKit/605.1.15 (KHTML, like Gecko) CriOS/149.0.7827.137 Mobile/15E148 Safari/604.1"
84.233.167.55 - - [26/Jun/2026:17:44:02 +0200] "GET /favicon.ico HTTP/1.1" 302 2 "-" "Mozilla/5.0 (iPhone; CPU iPhone OS 26_4_0 like Mac OS X) AppleWebKit/605.1.15 (KHTML, like Gecko) CriOS/149.0.7827.137 Mobile/15E148 Safari/604.1"
84.233.167.55 - - [26/Jun/2026:17:44:03 +0200] "GET /wp-content/uploads/2016/11/cropped-cameline-32x32.png HTTP/1.1" 200 2080 "-" "Mozilla/5.0 (iPhone; CPU iPhone OS 26_4_0 like Mac OS X) AppleWebKit/605.1.15 (KHTML, like Gecko) CriOS/149.0.7827.137 Mobile/15E148 Safari/604.1"
109.234.164.92 - - [26/Jun/2026:17:50:02 +0200] "GET /wp-cron.php HTTP/1.1" 200 - "-" "Wget/1.19.5 (linux-gnu)"
57.141.20.32 - - [26/Jun/2026:17:50:53 +0200] "GET /sitemap.xml HTTP/1.1" 200 1361 "-" "meta-externalagent/1.1 (+https://developers.facebook.com/docs/sharing/webmasters/crawler)"
118.235.88.195 - - [26/Jun/2026:17:52:25 +0200] "GET / HTTP/1.1" 200 53550 "-" "Mozilla/5.0 (Linux; Android 15; SM-G991N Build/AP3A.240905.015.A2; wv) AppleWebKit/537.36 (KHTML, like Gecko) Version/4.0 Chrome/128.0.0.0 Whale/1.0.0.0 Crosswalk/29.128.0.26 Mobile Safari/537.36 NAVER(inapp; search; 2100; 12.21.51)"
118.235.88.195 - - [26/Jun/2026:17:52:26 +0200] "GET /favicon.ico HTTP/1.1" 302 2 "https://www.cosmetiques-cameline.fr/" "Mozilla/5.0 (Linux; Android 15; SM-G991N Build/AP3A.240905.015.A2; wv) AppleWebKit/537.36 (KHTML, like Gecko) Version/4.0 Chrome/128.0.0.0 Whale/1.0.0.0 Crosswalk/29.128.0.26 Mobile Safari/537.36 NAVER(inapp; search; 2100; 12.21.51)"
118.235.88.195 - - [26/Jun/2026:17:52:27 +0200] "GET /wp-content/uploads/2016/11/cropped-cameline-32x32.png HTTP/1.1" 200 1772 "https://www.cosmetiques-cameline.fr/" "Mozilla/5.0 (Linux; Android 15; SM-G991N Build/AP3A.240905.015.A2; wv) AppleWebKit/537.36 (KHTML, like Gecko) Version/4.0 Chrome/128.0.0.0 Whale/1.0.0.0 Crosswalk/29.128.0.26 Mobile Safari/537.36 NAVER(inapp; search; 2100; 12.21.51)"
118.235.88.195 - - [26/Jun/2026:17:54:37 +0200] "GET /favicon.ico HTTP/1.1" 302 2 "-" "Dalvik/2.1.0 (Linux; U; Android 15; SM-G991N Build/AP3A.240905.015.A2)"
118.235.88.195 - - [26/Jun/2026:17:54:38 +0200] "GET /wp-content/uploads/2016/11/cropped-cameline-32x32.png HTTP/1.1" 200 2080 "-" "Dalvik/2.1.0 (Linux; U; Android 15; SM-G991N Build/AP3A.240905.015.A2)"
109.234.164.92 - - [26/Jun/2026:18:00:02 +0200] "GET /wp-cron.php HTTP/1.1" 200 - "-" "Wget/1.19.5 (linux-gnu)"
135.181.118.89 - - [26/Jun/2026:18:04:21 +0200] "GET / HTTP/1.1" 200 53550 "http://cosmetiques-cameline.fr" "Go-http-client/1.1"
135.181.118.89 - - [26/Jun/2026:18:04:21 +0200] "GET / HTTP/1.1" 200 53550 "-" "Mozilla/5.0 (Windows NT 10.0; Win64; x64) AppleWebKit/538.36"
135.181.118.89 - - [26/Jun/2026:18:04:22 +0200] "GET /wp-json HTTP/1.1" 200 1243822 "-" "Mozilla/5.0 (Windows NT 10.0; Win64; x64) AppleWebKit/538.36"
135.181.118.89 - - [26/Jun/2026:18:04:22 +0200] "GET /wp-json/wp/v2/pages?per_page=100 HTTP/1.1" 200 181568 "-" "Mozilla/5.0 (Windows NT 10.0; Win64; x64) AppleWebKit/538.36"
135.181.118.89 - - [26/Jun/2026:18:04:23 +0200] "GET /wp-admin/setup-config.php?step=1&language=en HTTP/1.1" 404 53524 "-" "Mozilla/5.0 (Windows NT 10.0; Win64; x64) AppleWebKit/538.36"
66.249.69.10 - - [26/Jun/2026:18:09:44 +0200] "GET /produit/baume-au-calendula-60-ml/?j=//lib64/python3.8/encodings HTTP/1.1" 200 109101 "-" "Mozilla/5.0 AppleWebKit/537.36 (KHTML, like Gecko; compatible; GoogleOther) Chrome/148.0.7778.96 Safari/537.36"
109.234.164.92 - - [26/Jun/2026:18:10:02 +0200] "GET /wp-cron.php HTTP/1.1" 200 - "-" "Wget/1.19.5 (linux-gnu)"
162.120.184.59 - - [26/Jun/2026:18:11:48 +0200] "GET / HTTP/1.1" 200 62 "https://www.google.com/" "Mozilla/5.0 (Linux; Android 10; K) AppleWebKit/537.36 (KHTML, like Gecko) Chrome/149.0.0.0 Safari/537.36"
66.249.82.3 - - [26/Jun/2026:18:11:48 +0200] "GET /.well-known/traffic-advice HTTP/1.1" 404 53524 "-" "Chrome Privacy Preserving Prefetch Proxy"
66.249.69.11 - - [26/Jun/2026:18:12:04 +0200] "GET /produit/baume-au-calendula-60-ml/?filesrc=//lib64/python3.8/encodings/bz2_codec.py&j=//lib64/python3.8/encodings HTTP/1.1" 200 3482 "-" "Mozilla/5.0 (Linux; Android 6.0.1; Nexus 5X Build/MMB29P) AppleWebKit/537.36 (KHTML, like Gecko) Chrome/148.0.7778.96 Mobile Safari/537.36 (compatible; GoogleOther)"
198.244.242.113 - - [26/Jun/2026:18:12:46 +0200] "GET /robots.txt HTTP/1.1" 200 57 "-" "Mozilla/5.0 (compatible; AhrefsBot/7.0; +http://ahrefs.com/robot/)"
54.38.147.230 - - [26/Jun/2026:18:12:47 +0200] "GET /produit/eau-de-millepertuis/ HTTP/1.1" 200 53550 "-" "Mozilla/5.0 (compatible; AhrefsBot/7.0; +http://ahrefs.com/robot/)"
112.144.35.182 - - [26/Jun/2026:18:12:54 +0200] "GET /wp-content/gallery/jardindeplantes/LAVANDE-BOURDON-redim.jpg HTTP/1.1" 200 90891 "-" "Mozilla/5.0 (X11; Ubuntu; Linux x86_64; rv:72.0) Gecko/20100101 Firefox/72.0"
66.249.91.9 - - [26/Jun/2026:18:14:03 +0200] "GET /.well-known/assetlinks.json HTTP/1.1" 404 53524 "-" "Mozilla/5.0 (Windows NT 10.0; Win64; x64)AppleWebKit/537.36 (KHTML, like Gecko) Chrome/91.0.4472.101 Safari/537.36"
85.208.96.193 - - [26/Jun/2026:18:14:26 +0200] "GET /robots.txt HTTP/1.1" 200 57 "-" "Mozilla/5.0 (compatible; SemrushBot/7~bl; +http://www.semrush.com/bot.html)"
185.191.171.14 - - [26/Jun/2026:18:14:27 +0200] "GET /cameline-sur-france-2/ HTTP/1.1" 200 53550 "-" "Mozilla/5.0 (compatible; SemrushBot/7~bl; +http://www.semrush.com/bot.html)"
66.249.69.11 - - [26/Jun/2026:18:15:36 +0200] "GET /produit/baume-au-calendula-60-ml/?j=/ HTTP/1.1" 200 10603 "-" "Mozilla/5.0 (Linux; Android 6.0.1; Nexus 5X Build/MMB29P) AppleWebKit/537.36 (KHTML, like Gecko) Chrome/148.0.7778.96 Mobile Safari/537.36 (compatible; GoogleOther)"
138.246.253.24 - - [26/Jun/2026:18:15:49 +0200] "GET /robots.txt HTTP/1.1" 200 57 "-" "Mozilla/5.0 (Windows NT 10.0; Win64; x64) AppleWebKit/537.36 (KHTML, like Gecko) Chrome/103.0.5060.134 Safari/537.36"
66.249.69.11 - - [26/Jun/2026:18:16:10 +0200] "GET /produit/baume-au-calendula-60-ml/?j=//lib64 HTTP/1.1" 200 1150698 "-" "Mozilla/5.0 (Linux; Android 6.0.1; Nexus 5X Build/MMB29P) AppleWebKit/537.36 (KHTML, like Gecko) Chrome/148.0.7778.96 Mobile Safari/537.36 (compatible; GoogleOther)"
104.207.55.146 - - [26/Jun/2026:18:16:50 +0200] "GET / HTTP/1.1" 200 53550 "-" "Mozilla/5.0 (Windows NT 10.0; Win64; x64) AppleWebKit/537.36 (KHTML, like Gecko) Chrome/135.0.0.0 Safari/537.36"
45.112.102.33 - - [26/Jun/2026:18:18:20 +0200] "GET / HTTP/1.1" 200 62 "https://www.google.com/" "Mozilla/5.0 (Linux; Android 10; K) AppleWebKit/537.36 (KHTML, like Gecko) Chrome/138.0.0.0 Mobile Safari/537.36"
66.249.69.11 - - [26/Jun/2026:18:18:53 +0200] "GET /produit/baume-au-calendula-60-ml/?j=//lib64/python3.8 HTTP/1.1" 200 167522 "-" "Mozilla/5.0 (Linux; Android 6.0.1; Nexus 5X Build/MMB29P) AppleWebKit/537.36 (KHTML, like Gecko) Chrome/148.0.7778.96 Mobile Safari/537.36 (compatible; GoogleOther)"
109.234.164.92 - - [26/Jun/2026:18:20:01 +0200] "GET /wp-cron.php HTTP/1.1" 200 - "-" "Wget/1.19.5 (linux-gnu)"
45.112.102.33 - - [26/Jun/2026:18:20:14 +0200] "GET / HTTP/1.1" 200 62 "https://www.google.com/" "Mozilla/5.0 (Linux; Android 10; K) AppleWebKit/537.36 (KHTML, like Gecko) Chrome/138.0.0.0 Mobile Safari/537.36"
66.249.69.10 - - [26/Jun/2026:18:20:41 +0200] "GET /produit/baume-au-calendula-60-ml/?filesrc=//lib64/python3.8/encodings/cp858.py&j=//lib64/python3.8/encodings HTTP/1.1" 200 38492 "-" "Mozilla/5.0 (Linux; Android 6.0.1; Nexus 5X Build/MMB29P) AppleWebKit/537.36 (KHTML, like Gecko) Chrome/148.0.7778.96 Mobile Safari/537.36 (compatible; GoogleOther)"
66.249.69.10 - - [26/Jun/2026:18:23:24 +0200] "GET /produit/baume-au-calendula-60-ml/?filesrc=//lib64/python3.8/encodings/cp1250.py&j=//lib64/python3.8/encodings HTTP/1.1" 200 18179 "-" "Mozilla/5.0 (Linux; Android 6.0.1; Nexus 5X Build/MMB29P) AppleWebKit/537.36 (KHTML, like Gecko) Chrome/148.0.7778.96 Mobile Safari/537.36 (compatible; GoogleOther)"
66.249.69.10 - - [26/Jun/2026:18:24:02 +0200] "GET /produit/baume-au-calendula-60-ml/?j=//lib64/python3.8/encodings HTTP/1.1" 200 109101 "-" "Mozilla/5.0 (Linux; Android 6.0.1; Nexus 5X Build/MMB29P) AppleWebKit/537.36 (KHTML, like Gecko) Chrome/148.0.7778.96 Mobile Safari/537.36 (compatible; GoogleOther)"
66.249.69.9 - - [26/Jun/2026:18:27:44 +0200] "GET /produit/baume-au-calendula-60-ml/?filesrc=//lib64/python3.8/encodings/unicode_escape.py&j=//lib64/python3.8/encodings HTTP/1.1" 200 2312 "-" "Mozilla/5.0 (Linux; Android 6.0.1; Nexus 5X Build/MMB29P) AppleWebKit/537.36 (KHTML, like Gecko) Chrome/148.0.7778.96 Mobile Safari/537.36 (compatible; GoogleOther)"
66.249.69.10 - - [26/Jun/2026:18:28:17 +0200] "GET /produit/baume-au-calendula-60-ml/?filesrc=//lib64/python3.8/encodings/cp860.py&j=//lib64/python3.8/encodings HTTP/1.1" 200 39173 "-" "Mozilla/5.0 (Linux; Android 6.0.1; Nexus 5X Build/MMB29P) AppleWebKit/537.36 (KHTML, like Gecko) Chrome/148.0.7778.96 Mobile Safari/537.36 (compatible; GoogleOther)"
219.100.37.244 - - [26/Jun/2026:18:28:59 +0200] "GET / HTTP/1.1" 200 62 "https://www.google.com/" "Mozilla/5.0 (Linux; Android 10; K) AppleWebKit/537.36 (KHTML, like Gecko) Chrome/149.0.0.0 Mobile Safari/537.36"
80.215.78.114 - - [26/Jun/2026:18:29:56 +0200] "GET / HTTP/1.1" 200 53550 "-" "Mozilla/5.0 (Linux; Android 10; K) AppleWebKit/537.36 (KHTML, like Gecko) Chrome/149.0.0.0 Mobile Safari/537.36"
80.215.78.114 - - [26/Jun/2026:18:29:56 +0200] "GET /favicon.ico HTTP/1.1" 302 2 "https://www.cosmetiques-cameline.fr/" "Mozilla/5.0 (Linux; Android 10; K) AppleWebKit/537.36 (KHTML, like Gecko) Chrome/149.0.0.0 Mobile Safari/537.36"
80.215.78.114 - - [26/Jun/2026:18:29:56 +0200] "GET /wp-content/uploads/2016/11/cropped-cameline-32x32.png HTTP/1.1" 200 1772 "https://www.cosmetiques-cameline.fr/" "Mozilla/5.0 (Linux; Android 10; K) AppleWebKit/537.36 (KHTML, like Gecko) Chrome/149.0.0.0 Mobile Safari/537.36"
109.234.164.92 - - [26/Jun/2026:18:30:02 +0200] "GET /wp-cron.php HTTP/1.1" 200 - "-" "Wget/1.19.5 (linux-gnu)"
216.73.216.220 - - [26/Jun/2026:18:30:55 +0200] "GET /robots.txt HTTP/1.1" 200 57 "-" "Mozilla/5.0 AppleWebKit/537.36 (KHTML, like Gecko; compatible; ClaudeBot/1.0; +claudebot@anthropic.com)"
216.73.216.220 - - [26/Jun/2026:18:30:55 +0200] "GET / HTTP/1.1" 301 2 "-" "Mozilla/5.0 AppleWebKit/537.36 (KHTML, like Gecko; compatible; ClaudeBot/1.0; +claudebot@anthropic.com)"
216.73.216.220 - - [26/Jun/2026:18:30:56 +0200] "GET / HTTP/1.1" 200 53550 "https://cosmetiques-cameline.fr/" "Mozilla/5.0 AppleWebKit/537.36 (KHTML, like Gecko; compatible; ClaudeBot/1.0; +claudebot@anthropic.com)"
57.141.20.39 - - [26/Jun/2026:18:30:59 +0200] "GET /sitemap.html HTTP/1.1" 404 53524 "-" "meta-externalagent/1.1 (+https://developers.facebook.com/docs/sharing/webmasters/crawler)"
147.135.128.94 - - [26/Jun/2026:18:32:06 +0200] "GET /robots.txt HTTP/1.1" 200 57 "-" "Mozilla/5.0 (compatible; MJ12bot/v1.4.8; http://mj12bot.com/)"
147.135.128.94 - - [26/Jun/2026:18:32:07 +0200] "GET /produit/baume-au-calendula-60-ml/?filesrc=//bin/comm&j=//bin HTTP/1.1" 406 53524 "-" "Mozilla/5.0 (compatible; MJ12bot/v1.4.8; http://mj12bot.com/)"
147.135.128.94 - - [26/Jun/2026:18:32:09 +0200] "GET /produit/baume-au-calendula-60-ml/?filesrc=//lib/.build-id/6f/6c3a9dc65a0c75b4e76661bd33ab5f2deb3858&j=//lib/.build-id/6f HTTP/1.1" 200 15802 "-" "Mozilla/5.0 (compatible; MJ12bot/v1.4.8; http://mj12bot.com/)"
147.135.128.94 - - [26/Jun/2026:18:32:11 +0200] "GET /produit/baume-au-calendula-60-ml/?filesrc=//lib/.build-id/71/43e7444d10828354aca4874b563f90f03ec020&j=//lib/.build-id/71 HTTP/1.1" 200 61407 "-" "Mozilla/5.0 (compatible; MJ12bot/v1.4.8; http://mj12bot.com/)"
147.135.128.94 - - [26/Jun/2026:18:32:13 +0200] "GET /produit/baume-au-calendula-60-ml/?filesrc=//lib/.build-id/a3/66aba078a666f261ed29167b042b3f0d783a18&j=//lib/.build-id/a3 HTTP/1.1" 200 1949100 "-" "Mozilla/5.0 (compatible; MJ12bot/v1.4.8; http://mj12bot.com/)"
147.135.128.94 - - [26/Jun/2026:18:32:15 +0200] "GET /produit/baume-au-calendula-60-ml/?filesrc=//lib/.build-id/a4/5b40f67400ae72a1b78e98ffec2630bc24abf0&j=//lib/.build-id/a4 HTTP/1.1" 200 10315 "-" "Mozilla/5.0 (compatible; MJ12bot/v1.4.8; http://mj12bot.com/)"
147.135.128.94 - - [26/Jun/2026:18:32:17 +0200] "GET /produit/baume-au-calendula-60-ml/?filesrc=//lib/.build-id/a4/653c7581a6487fad246ea4fd3a2336cf793a61&j=//lib/.build-id/a4 HTTP/1.1" 200 116613 "-" "Mozilla/5.0 (compatible; MJ12bot/v1.4.8; http://mj12bot.com/)"
147.135.128.94 - - [26/Jun/2026:18:32:19 +0200] "GET /produit/baume-au-calendula-60-ml/?filesrc=//lib/.build-id/a4/7a7c71e23693a7587a78b45c584e8845290ca4&j=//lib/.build-id/a4 HTTP/1.1" 200 19231 "-" "Mozilla/5.0 (compatible; MJ12bot/v1.4.8; http://mj12bot.com/)"
147.135.128.94 - - [26/Jun/2026:18:32:21 +0200] "GET /produit/baume-au-calendula-60-ml/?filesrc=//lib/.build-id/a4/7de8bf7d576f3ff43c75c60a9d31cffa3aa245&j=//lib/.build-id/a4 HTTP/1.1" 200 26803 "-" "Mozilla/5.0 (compatible; MJ12bot/v1.4.8; http://mj12bot.com/)"
147.135.128.94 - - [26/Jun/2026:18:32:23 +0200] "GET /produit/baume-au-calendula-60-ml/?filesrc=//lib/.build-id/a4/8ddeafcb2b7c8856ae42d7bda61af2e33055e7&j=//lib/.build-id/a4 HTTP/1.1" 200 85673 "-" "Mozilla/5.0 (compatible; MJ12bot/v1.4.8; http://mj12bot.com/)"
147.135.128.94 - - [26/Jun/2026:18:32:24 +0200] "GET /produit/baume-au-calendula-60-ml/?filesrc=//lib/.build-id/a4/91c4aab21a74a5682bf02b90119740b04768a8&j=//lib/.build-id/a4 HTTP/1.1" 200 209379 "-" "Mozilla/5.0 (compatible; MJ12bot/v1.4.8; http://mj12bot.com/)"
66.249.69.10 - - [26/Jun/2026:18:32:25 +0200] "GET /produit/baume-au-calendula-60-ml/?filesrc=//lib64/python3.8/encodings/cp1254.py&j=//lib64/python3.8/encodings HTTP/1.1" 200 17995 "-" "Mozilla/5.0 (Linux; Android 6.0.1; Nexus 5X Build/MMB29P) AppleWebKit/537.36 (KHTML, like Gecko) Chrome/148.0.7778.96 Mobile Safari/537.36 (compatible; GoogleOther)"
147.135.128.94 - - [26/Jun/2026:18:32:26 +0200] "GET /produit/baume-au-calendula-60-ml/?filesrc=//lib/.build-id/a4/92ac4ebbe0e63cd242dd25ec14a3b969184966&j=//lib/.build-id/a4 HTTP/1.1" 200 787046 "-" "Mozilla/5.0 (compatible; MJ12bot/v1.4.8; http://mj12bot.com/)"
147.135.128.94 - - [26/Jun/2026:18:32:28 +0200] "GET /produit/baume-au-calendula-60-ml/?filesrc=//lib/.build-id/a4/9f12ff0f95d81a5a8c9bb69e63016b49427c26&j=//lib/.build-id/a4 HTTP/1.1" 200 14806 "-" "Mozilla/5.0 (compatible; MJ12bot/v1.4.8; http://mj12bot.com/)"
147.135.128.94 - - [26/Jun/2026:18:32:30 +0200] "GET /produit/baume-au-calendula-60-ml/?filesrc=//lib/.build-id/a4/bd4bfded19516e987bbbdecf90f040f03c6797&j=//lib/.build-id/a4 HTTP/1.1" 200 14743 "-" "Mozilla/5.0 (compatible; MJ12bot/v1.4.8; http://mj12bot.com/)"
147.135.128.94 - - [26/Jun/2026:18:32:32 +0200] "GET /produit/baume-au-calendula-60-ml/?filesrc=//lib/.build-id/a4/ce70e21e3462cd2538fa77bcd4e10312876719&j=//lib/.build-id/a4 HTTP/1.1" 200 20083 "-" "Mozilla/5.0 (compatible; MJ12bot/v1.4.8; http://mj12bot.com/)"
147.135.128.94 - - [26/Jun/2026:18:32:34 +0200] "GET /produit/baume-au-calendula-60-ml/?filesrc=//lib/.build-id/a4/ebcd97a55b28190b184841eeb739cb2f7e0a0c&j=//lib/.build-id/a4 HTTP/1.1" 200 26757 "-" "Mozilla/5.0 (compatible; MJ12bot/v1.4.8; http://mj12bot.com/)"
147.135.128.94 - - [26/Jun/2026:18:32:35 +0200] "GET /produit/baume-au-calendula-60-ml/?filesrc=//lib/.build-id/a4/f72c52871992dada7e2ddedaaae7cd1fd43ef2&j=//lib/.build-id/a4 HTTP/1.1" 200 35941 "-" "Mozilla/5.0 (compatible; MJ12bot/v1.4.8; http://mj12bot.com/)"
147.135.128.94 - - [26/Jun/2026:18:32:37 +0200] "GET /produit/baume-au-calendula-60-ml/?filesrc=//lib/.build-id/a5/03293542bba9c6d112d3991fc4ca9c09ee4b53&j=//lib/.build-id/a5 HTTP/1.1" 200 35361 "-" "Mozilla/5.0 (compatible; MJ12bot/v1.4.8; http://mj12bot.com/)"
147.135.128.94 - - [26/Jun/2026:18:32:39 +0200] "GET /produit/baume-au-calendula-60-ml/?filesrc=//lib/.build-id/a5/06f795f3aa7c75742c3d6266a7dce4c7d76fc6&j=//lib/.build-id/a5 HTTP/1.1" 200 100700 "-" "Mozilla/5.0 (compatible; MJ12bot/v1.4.8; http://mj12bot.com/)"
147.135.128.94 - - [26/Jun/2026:18:32:41 +0200] "GET /produit/baume-au-calendula-60-ml/?filesrc=//lib/.build-id/a5/09354f6df29af7ae0fb10c75aa0a8c17f78f75&j=//lib/.build-id/a5 HTTP/1.1" 200 15635 "-" "Mozilla/5.0 (compatible; MJ12bot/v1.4.8; http://mj12bot.com/)"
147.135.128.94 - - [26/Jun/2026:18:32:43 +0200] "GET /produit/baume-au-calendula-60-ml/?filesrc=//lib/.build-id/a5/16f21cf63eb113b0b067774b8168579dcbc642&j=//lib/.build-id/a5 HTTP/1.1" 200 27423 "-" "Mozilla/5.0 (compatible; MJ12bot/v1.4.8; http://mj12bot.com/)"
147.135.128.94 - - [26/Jun/2026:18:32:45 +0200] "GET /produit/baume-au-calendula-60-ml/?filesrc=//lib/.build-id/a5/2506262616defca685bea257fbb79907a57a35&j=//lib/.build-id/a5 HTTP/1.1" 200 15176 "-" "Mozilla/5.0 (compatible; MJ12bot/v1.4.8; http://mj12bot.com/)"
147.135.128.94 - - [26/Jun/2026:18:32:46 +0200] "GET /produit/baume-au-calendula-60-ml/?filesrc=//lib/.build-id/a5/296f3edb26a86f96229c570e43a1e3a8538a11&j=//lib/.build-id/a5 HTTP/1.1" 200 392830 "-" "Mozilla/5.0 (compatible; MJ12bot/v1.4.8; http://mj12bot.com/)"
147.135.128.94 - - [26/Jun/2026:18:32:48 +0200] "GET /produit/baume-au-calendula-60-ml/?filesrc=//lib/.build-id/a5/2cfe0170d5e690b8bffecd0344ca8d879c2e06&j=//lib/.build-id/a5 HTTP/1.1" 200 14928 "-" "Mozilla/5.0 (compatible; MJ12bot/v1.4.8; http://mj12bot.com/)"
147.135.128.94 - - [26/Jun/2026:18:32:50 +0200] "GET /produit/baume-au-calendula-60-ml/?filesrc=//lib/.build-id/a5/42cf08e189ab148e1ffc49add24ad688bf91d5&j=//lib/.build-id/a5 HTTP/1.1" 200 15219 "-" "Mozilla/5.0 (compatible; MJ12bot/v1.4.8; http://mj12bot.com/)"
147.135.128.94 - - [26/Jun/2026:18:32:52 +0200] "GET /produit/baume-au-calendula-60-ml/?filesrc=//lib/.build-id/a5/489d034ab736e6211108d6e08382969c2d48a4&j=//lib/.build-id/a5 HTTP/1.1" 200 276443 "-" "Mozilla/5.0 (compatible; MJ12bot/v1.4.8; http://mj12bot.com/)"
147.135.128.94 - - [26/Jun/2026:18:32:54 +0200] "GET /produit/baume-au-calendula-60-ml/?filesrc=//lib/.build-id/a5/493ef98c1f8a39bc79094c0074b89f3be6c1c1&j=//lib/.build-id/a5 HTTP/1.1" 200 16747 "-" "Mozilla/5.0 (compatible; MJ12bot/v1.4.8; http://mj12bot.com/)"
147.135.128.94 - - [26/Jun/2026:18:32:56 +0200] "GET /produit/baume-au-calendula-60-ml/?filesrc=//lib/.build-id/a5/5021c9744347c52cdd660a8b3813abe19e827c&j=//lib/.build-id/a5 HTTP/1.1" 200 260760 "-" "Mozilla/5.0 (compatible; MJ12bot/v1.4.8; http://mj12bot.com/)"
147.135.128.94 - - [26/Jun/2026:18:32:57 +0200] "GET /produit/baume-au-calendula-60-ml/?filesrc=//lib/.build-id/a5/50514b18fb99e642c18574d088a1e8587ab7b7&j=//lib/.build-id/a5 HTTP/1.1" 200 15954 "-" "Mozilla/5.0 (compatible; MJ12bot/v1.4.8; http://mj12bot.com/)"
147.135.128.94 - - [26/Jun/2026:18:32:59 +0200] "GET /produit/baume-au-calendula-60-ml/?filesrc=//lib/.build-id/a5/5dc9b6c881b6d27c2a6b81cef1295ef152a15a&j=//lib/.build-id/a5 HTTP/1.1" 200 65638 "-" "Mozilla/5.0 (compatible; MJ12bot/v1.4.8; http://mj12bot.com/)"
147.135.128.94 - - [26/Jun/2026:18:33:01 +0200] "GET /produit/baume-au-calendula-60-ml/?filesrc=//lib/.build-id/a5/603e68a3aae8872433a4e30f2d939f4e3bcecb&j=//lib/.build-id/a5 HTTP/1.1" 200 260743 "-" "Mozilla/5.0 (compatible; MJ12bot/v1.4.8; http://mj12bot.com/)"
147.135.128.94 - - [26/Jun/2026:18:33:03 +0200] "GET /produit/baume-au-calendula-60-ml/?filesrc=//lib/.build-id/a5/7061a86a1a75c2da04266c224282d3d9f20ad5&j=//lib/.build-id/a5 HTTP/1.1" 200 65536 "-" "Mozilla/5.0 (compatible; MJ12bot/v1.4.8; http://mj12bot.com/)"
147.135.128.94 - - [26/Jun/2026:18:33:05 +0200] "GET /produit/baume-au-calendula-60-ml/?filesrc=//lib/.build-id/a5/7cf5664fe21524deff6caf4c7206754c99ba06&j=//lib/.build-id/a5 HTTP/1.1" 200 15360 "-" "Mozilla/5.0 (compatible; MJ12bot/v1.4.8; http://mj12bot.com/)"
147.135.128.94 - - [26/Jun/2026:18:33:07 +0200] "GET /produit/baume-au-calendula-60-ml/?filesrc=//lib/.build-id/a5/7f383dd5c4fe231a8bc53819073d9864281540&j=//lib/.build-id/a5 HTTP/1.1" 200 16657 "-" "Mozilla/5.0 (compatible; MJ12bot/v1.4.8; http://mj12bot.com/)"
147.135.128.94 - - [26/Jun/2026:18:33:09 +0200] "GET /produit/baume-au-calendula-60-ml/?filesrc=//lib/.build-id/a5/813f55d9bc5ea686fcbcae843caf96436e7e96&j=//lib/.build-id/a5 HTTP/1.1" 200 123319 "-" "Mozilla/5.0 (compatible; MJ12bot/v1.4.8; http://mj12bot.com/)"
147.135.128.94 - - [26/Jun/2026:18:33:11 +0200] "GET /produit/baume-au-calendula-60-ml/?filesrc=//lib/.build-id/a5/8f0e08ff0c2479137ea9f72938c1aa78a7d99a&j=//lib/.build-id/a5 HTTP/1.1" 200 257241 "-" "Mozilla/5.0 (compatible; MJ12bot/v1.4.8; http://mj12bot.com/)"
147.135.128.94 - - [26/Jun/2026:18:33:12 +0200] "GET /produit/baume-au-calendula-60-ml/?filesrc=//lib/.build-id/a5/a31b4b3d8a99ad66e4bb8cd4c9d988095723ba&j=//lib/.build-id/a5 HTTP/1.1" 200 14801 "-" "Mozilla/5.0 (compatible; MJ12bot/v1.4.8; http://mj12bot.com/)"
147.135.128.94 - - [26/Jun/2026:18:33:14 +0200] "GET /produit/baume-au-calendula-60-ml/?filesrc=//lib/.build-id/a5/adc3ef7edf40052a5381e2ea16570e3a0d47e9&j=//lib/.build-id/a5 HTTP/1.1" 200 34372 "-" "Mozilla/5.0 (compatible; MJ12bot/v1.4.8; http://mj12bot.com/)"
147.135.128.94 - - [26/Jun/2026:18:33:16 +0200] "GET /produit/baume-au-calendula-60-ml/?filesrc=//lib/.build-id/a5/aed5c9bd74651e7a80b9e377ae124834d04ee7&j=//lib/.build-id/a5 HTTP/1.1" 200 27949 "-" "Mozilla/5.0 (compatible; MJ12bot/v1.4.8; http://mj12bot.com/)"
147.135.128.94 - - [26/Jun/2026:18:33:18 +0200] "GET /produit/baume-au-calendula-60-ml/?filesrc=//lib/.build-id/a5/b6be2bfc36217ce88827a6a7594cfdb2daafcb&j=//lib/.build-id/a5 HTTP/1.1" 200 172596 "-" "Mozilla/5.0 (compatible; MJ12bot/v1.4.8; http://mj12bot.com/)"
147.135.128.94 - - [26/Jun/2026:18:33:20 +0200] "GET /produit/baume-au-calendula-60-ml/?filesrc=//lib/.build-id/a5/e335152f00f336daad9adda54c0e4e8daf7426&j=//lib/.build-id/a5 HTTP/1.1" 200 15898 "-" "Mozilla/5.0 (compatible; MJ12bot/v1.4.8; http://mj12bot.com/)"
147.135.128.94 - - [26/Jun/2026:18:33:22 +0200] "GET /produit/baume-au-calendula-60-ml/?filesrc=//lib/.build-id/a5/fc0ccc0ad48c82d7b0034c841657d62374a6d2&j=//lib/.build-id/a5 HTTP/1.1" 200 373728 "-" "Mozilla/5.0 (compatible; MJ12bot/v1.4.8; http://mj12bot.com/)"
147.135.128.94 - - [26/Jun/2026:18:33:23 +0200] "GET /produit/baume-au-calendula-60-ml/?filesrc=//lib/.build-id/a6/1c7d101f5ae9b00d1b5110b5b6e363df29469c&j=//lib/.build-id/a6 HTTP/1.1" 200 35008 "-" "Mozilla/5.0 (compatible; MJ12bot/v1.4.8; http://mj12bot.com/)"
147.135.128.94 - - [26/Jun/2026:18:33:25 +0200] "GET /produit/baume-au-calendula-60-ml/?filesrc=//lib/.build-id/a6/24a1edae59cdd2de90cdb63b66cd4f10d57b59&j=//lib/.build-id/a6 HTTP/1.1" 200 21559 "-" "Mozilla/5.0 (compatible; MJ12bot/v1.4.8; http://mj12bot.com/)"
147.135.128.94 - - [26/Jun/2026:18:33:27 +0200] "GET /produit/baume-au-calendula-60-ml/?filesrc=//lib/.build-id/a6/2fc1cfbb2443c8035d426a29e534059127bc63&j=//lib/.build-id/a6 HTTP/1.1" 200 28214 "-" "Mozilla/5.0 (compatible; MJ12bot/v1.4.8; http://mj12bot.com/)"
147.135.128.94 - - [26/Jun/2026:18:33:28 +0200] "GET /produit/baume-au-calendula-60-ml/?filesrc=//lib/.build-id/a6/2fec1821159d840cfbfa20f59ca3b5d85f53cf&j=//lib/.build-id/a6 HTTP/1.1" 200 28947 "-" "Mozilla/5.0 (compatible; MJ12bot/v1.4.8; http://mj12bot.com/)"
147.135.128.94 - - [26/Jun/2026:18:33:30 +0200] "GET /produit/baume-au-calendula-60-ml/?filesrc=//lib/.build-id/a6/3261d65647684de1a9373af0c40d3fdd1aefb5&j=//lib/.build-id/a6 HTTP/1.1" 200 14901 "-" "Mozilla/5.0 (compatible; MJ12bot/v1.4.8; http://mj12bot.com/)"
147.135.128.94 - - [26/Jun/2026:18:33:32 +0200] "GET /produit/baume-au-calendula-60-ml/?filesrc=//lib/.build-id/a6/3b09c427db62ae28343af6fb798772cbe26d53&j=//lib/.build-id/a6 HTTP/1.1" 200 10338 "-" "Mozilla/5.0 (compatible; MJ12bot/v1.4.8; http://mj12bot.com/)"
147.135.128.94 - - [26/Jun/2026:18:33:34 +0200] "GET /produit/baume-au-calendula-60-ml/?filesrc=//lib/.build-id/a6/3fcbd42d4a6d1d8cce7d3b354f316dc3cd0493&j=//lib/.build-id/a6 HTTP/1.1" 200 112923 "-" "Mozilla/5.0 (compatible; MJ12bot/v1.4.8; http://mj12bot.com/)"
147.135.128.94 - - [26/Jun/2026:18:33:35 +0200] "GET /produit/baume-au-calendula-60-ml/?filesrc=//lib/.build-id/a6/595c9b7b56ffe2298c681fc278c26893f9fa13&j=//lib/.build-id/a6 HTTP/1.1" 200 185019 "-" "Mozilla/5.0 (compatible; MJ12bot/v1.4.8; http://mj12bot.com/)"
147.135.128.94 - - [26/Jun/2026:18:33:37 +0200] "GET /produit/baume-au-calendula-60-ml/?filesrc=//lib/.build-id/a6/63fd0d1af3ebe3debb9f6ad4e0f3572119bfad&j=//lib/.build-id/a6 HTTP/1.1" 200 15718 "-" "Mozilla/5.0 (compatible; MJ12bot/v1.4.8; http://mj12bot.com/)"
147.135.128.94 - - [26/Jun/2026:18:33:39 +0200] "GET /produit/baume-au-calendula-60-ml/?filesrc=//lib/.build-id/a6/67edb88a9a7fc67552dd3d1bb2845e6d84fe7d&j=//lib/.build-id/a6 HTTP/1.1" 200 21427 "-" "Mozilla/5.0 (compatible; MJ12bot/v1.4.8; http://mj12bot.com/)"
147.135.128.94 - - [26/Jun/2026:18:33:41 +0200] "GET /produit/baume-au-calendula-60-ml/?filesrc=//lib/.build-id/a6/76da141a2d6766b65b8519f377068d496e989b&j=//lib/.build-id/a6 HTTP/1.1" 200 20642 "-" "Mozilla/5.0 (compatible; MJ12bot/v1.4.8; http://mj12bot.com/)"
147.135.128.94 - - [26/Jun/2026:18:33:42 +0200] "GET /produit/baume-au-calendula-60-ml/?filesrc=//lib/.build-id/a6/8cd6f7da804592af716cddbf33017715b156bf&j=//lib/.build-id/a6 HTTP/1.1" 200 1068 "-" "Mozilla/5.0 (compatible; MJ12bot/v1.4.8; http://mj12bot.com/)"
147.135.128.94 - - [26/Jun/2026:18:33:44 +0200] "GET /produit/baume-au-calendula-60-ml/?filesrc=//lib/.build-id/a6/8cd6f7da804592af716cddbf33017715b156bf.1&j=//lib/.build-id/a6 HTTP/1.1" 200 1070 "-" "Mozilla/5.0 (compatible; MJ12bot/v1.4.8; http://mj12bot.com/)"
147.135.128.94 - - [26/Jun/2026:18:33:46 +0200] "GET /produit/baume-au-calendula-60-ml/?filesrc=//lib/.build-id/a6/8cd6f7da804592af716cddbf33017715b156bf.2&j=//lib/.build-id/a6 HTTP/1.1" 200 1070 "-" "Mozilla/5.0 (compatible; MJ12bot/v1.4.8; http://mj12bot.com/)"
147.135.128.94 - - [26/Jun/2026:18:33:48 +0200] "GET /produit/baume-au-calendula-60-ml/?filesrc=//lib/.build-id/a6/9c2b56da52112cf7a8a01ba1bc9ed4cb1f3e3d&j=//lib/.build-id/a6 HTTP/1.1" 200 55312 "-" "Mozilla/5.0 (compatible; MJ12bot/v1.4.8; http://mj12bot.com/)"
147.135.128.94 - - [26/Jun/2026:18:33:50 +0200] "GET /produit/baume-au-calendula-60-ml/?filesrc=//lib/.build-id/a6/b805d6cc3266b0327aea6721919e25f99479b2&j=//lib/.build-id/a6 HTTP/1.1" 200 47668 "-" "Mozilla/5.0 (compatible; MJ12bot/v1.4.8; http://mj12bot.com/)"
147.135.128.94 - - [26/Jun/2026:18:33:51 +0200] "GET /produit/baume-au-calendula-60-ml/?filesrc=//lib/.build-id/a6/ba342ee4b917b767054b772ec89cce0d783660&j=//lib/.build-id/a6 HTTP/1.1" 200 9902 "-" "Mozilla/5.0 (compatible; MJ12bot/v1.4.8; http://mj12bot.com/)"
147.135.128.94 - - [26/Jun/2026:18:33:53 +0200] "GET /produit/baume-au-calendula-60-ml/?filesrc=//lib/.build-id/a6/cb5f0574459b22bf4d083cda10fba9ee497e8c&j=//lib/.build-id/a6 HTTP/1.1" 200 22041 "-" "Mozilla/5.0 (compatible; MJ12bot/v1.4.8; http://mj12bot.com/)"
147.135.128.94 - - [26/Jun/2026:18:33:55 +0200] "GET /produit/baume-au-calendula-60-ml/?filesrc=//lib/.build-id/a6/d9039f18dfc6a3bdfa08d02183bfe973f7efe3&j=//lib/.build-id/a6 HTTP/1.1" 200 2321877 "-" "Mozilla/5.0 (compatible; MJ12bot/v1.4.8; http://mj12bot.com/)"
147.135.128.94 - - [26/Jun/2026:18:33:56 +0200] "GET /produit/baume-au-calendula-60-ml/?filesrc=//lib/.build-id/a6/e294990cbc645cb8a2898647c68efbf6dd2fd1&j=//lib/.build-id/a6 HTTP/1.1" 200 28470 "-" "Mozilla/5.0 (compatible; MJ12bot/v1.4.8; http://mj12bot.com/)"
147.135.128.94 - - [26/Jun/2026:18:33:58 +0200] "GET /produit/baume-au-calendula-60-ml/?filesrc=//lib/.build-id/a6/f6bf1a9cfa021cb180a13cfe0236de585aa426&j=//lib/.build-id/a6 HTTP/1.1" 200 17627 "-" "Mozilla/5.0 (compatible; MJ12bot/v1.4.8; http://mj12bot.com/)"
147.135.128.94 - - [26/Jun/2026:18:34:00 +0200] "GET /produit/baume-au-calendula-60-ml/?filesrc=//lib/.build-id/a7/008a4b2d1ca499d34e4f10680c41df227e6459&j=//lib/.build-id/a7 HTTP/1.1" 200 16907 "-" "Mozilla/5.0 (compatible; MJ12bot/v1.4.8; http://mj12bot.com/)"
66.249.69.9 - - [26/Jun/2026:18:34:02 +0200] "GET /produit/baume-au-calendula-60-ml/?filesrc=//lib64/python3.8/encodings/cp437.py&j=//lib64/python3.8/encodings HTTP/1.1" 200 39056 "-" "Mozilla/5.0 (Linux; Android 6.0.1; Nexus 5X Build/MMB29P) AppleWebKit/537.36 (KHTML, like Gecko) Chrome/148.0.7778.96 Mobile Safari/537.36 (compatible; GoogleOther)"
147.135.128.94 - - [26/Jun/2026:18:34:02 +0200] "GET /produit/baume-au-calendula-60-ml/?filesrc=//lib/.build-id/a7/10536540e7d6e47bbc761a59549076cab4d0af&j=//lib/.build-id/a7 HTTP/1.1" 200 16647 "-" "Mozilla/5.0 (compatible; MJ12bot/v1.4.8; http://mj12bot.com/)"
147.135.128.94 - - [26/Jun/2026:18:34:04 +0200] "GET /produit/baume-au-calendula-60-ml/?filesrc=//lib/.build-id/a7/1bd2a4ec5ac26db6ec06e2cf508f4c2ddeb135&j=//lib/.build-id/a7 HTTP/1.1" 200 28989 "-" "Mozilla/5.0 (compatible; MJ12bot/v1.4.8; http://mj12bot.com/)"
147.135.128.94 - - [26/Jun/2026:18:34:06 +0200] "GET /produit/baume-au-calendula-60-ml/?filesrc=//lib/.build-id/a7/2033e1e940133832c0dc1e7be7ac73e3d6001b&j=//lib/.build-id/a7 HTTP/1.1" 200 21693 "-" "Mozilla/5.0 (compatible; MJ12bot/v1.4.8; http://mj12bot.com/)"
147.135.128.94 - - [26/Jun/2026:18:34:08 +0200] "GET /produit/baume-au-calendula-60-ml/?filesrc=//lib/.build-id/a7/29febd23b69f7061fbe8f154202b6ac6679e64&j=//lib/.build-id/a7 HTTP/1.1" 200 1836318 "-" "Mozilla/5.0 (compatible; MJ12bot/v1.4.8; http://mj12bot.com/)"
147.135.128.94 - - [26/Jun/2026:18:34:09 +0200] "GET /produit/baume-au-calendula-60-ml/?filesrc=//lib/.build-id/a7/3019268a92e4e10434db8f703488eb7fa091c2&j=//lib/.build-id/a7 HTTP/1.1" 200 16396 "-" "Mozilla/5.0 (compatible; MJ12bot/v1.4.8; http://mj12bot.com/)"
147.135.128.94 - - [26/Jun/2026:18:34:11 +0200] "GET /produit/baume-au-calendula-60-ml/?filesrc=//lib/.build-id/a7/30fa28fe32c6aec7ecff390f301fabbfa826ee&j=//lib/.build-id/a7 HTTP/1.1" 200 17270 "-" "Mozilla/5.0 (compatible; MJ12bot/v1.4.8; http://mj12bot.com/)"
147.135.128.94 - - [26/Jun/2026:18:34:13 +0200] "GET /produit/baume-au-calendula-60-ml/?filesrc=//lib/.build-id/a7/343b51ffead9b7d562ea4d105db9f54ad04e2a&j=//lib/.build-id/a7 HTTP/1.1" 200 41169 "-" "Mozilla/5.0 (compatible; MJ12bot/v1.4.8; http://mj12bot.com/)"
147.135.128.94 - - [26/Jun/2026:18:34:15 +0200] "GET /produit/baume-au-calendula-60-ml/?filesrc=//lib/.build-id/a7/5d0c10b5c7f0307c4889a9264622fc9af7117c&j=//lib/.build-id/a7 HTTP/1.1" 200 205125 "-" "Mozilla/5.0 (compatible; MJ12bot/v1.4.8; http://mj12bot.com/)"
147.135.128.94 - - [26/Jun/2026:18:34:17 +0200] "GET /produit/baume-au-calendula-60-ml/?filesrc=//lib/.build-id/a7/7e1cd049a129984990eb922ea7aee130f1ed53&j=//lib/.build-id/a7 HTTP/1.1" 200 20375 "-" "Mozilla/5.0 (compatible; MJ12bot/v1.4.8; http://mj12bot.com/)"
147.135.128.94 - - [26/Jun/2026:18:34:18 +0200] "GET /produit/baume-au-calendula-60-ml/?filesrc=//lib/.build-id/a7/afc647379f1810bb49b52a069f8a6b0b199ab9&j=//lib/.build-id/a7 HTTP/1.1" 200 277152 "-" "Mozilla/5.0 (compatible; MJ12bot/v1.4.8; http://mj12bot.com/)"
147.135.128.94 - - [26/Jun/2026:18:34:20 +0200] "GET /produit/baume-au-calendula-60-ml/?filesrc=//lib/.build-id/a7/b547ca36bb2f794d5c9d3fb74c124bbd646058&j=//lib/.build-id/a7 HTTP/1.1" 200 27354 "-" "Mozilla/5.0 (compatible; MJ12bot/v1.4.8; http://mj12bot.com/)"
147.135.128.94 - - [26/Jun/2026:18:34:22 +0200] "GET /produit/baume-au-calendula-60-ml/?filesrc=//lib/.build-id/a7/ca1c48cba63afcec18e89fa8d5b44abfd5e2e5&j=//lib/.build-id/a7 HTTP/1.1" 200 175397 "-" "Mozilla/5.0 (compatible; MJ12bot/v1.4.8; http://mj12bot.com/)"
147.135.128.94 - - [26/Jun/2026:18:34:24 +0200] "GET /produit/baume-au-calendula-60-ml/?filesrc=//lib/.build-id/a7/f0dd283816d362603775a4e48d602fc12bde1a&j=//lib/.build-id/a7 HTTP/1.1" 200 1928842 "-" "Mozilla/5.0 (compatible; MJ12bot/v1.4.8; http://mj12bot.com/)"
147.135.128.94 - - [26/Jun/2026:18:34:26 +0200] "GET /produit/baume-au-calendula-60-ml/?filesrc=//lib/.build-id/a7/f405d3097e30de906dedfd55152f09a4b6a4c5&j=//lib/.build-id/a7 HTTP/1.1" 200 20622 "-" "Mozilla/5.0 (compatible; MJ12bot/v1.4.8; http://mj12bot.com/)"
147.135.128.94 - - [26/Jun/2026:18:34:27 +0200] "GET /produit/baume-au-calendula-60-ml/?filesrc=//lib/.build-id/a8/4ebbffe2302e2d53872afc6f67292aea643f15&j=//lib/.build-id/a8 HTTP/1.1" 200 16352 "-" "Mozilla/5.0 (compatible; MJ12bot/v1.4.8; http://mj12bot.com/)"
147.135.128.94 - - [26/Jun/2026:18:34:29 +0200] "GET /produit/baume-au-calendula-60-ml/?filesrc=//lib/.build-id/a8/546a4b662dfa6da0a585d371e3fd13f4616caf&j=//lib/.build-id/a8 HTTP/1.1" 200 166255 "-" "Mozilla/5.0 (compatible; MJ12bot/v1.4.8; http://mj12bot.com/)"
147.135.128.94 - - [26/Jun/2026:18:34:31 +0200] "GET /produit/baume-au-calendula-60-ml/?filesrc=//lib/.build-id/a8/596e664762c452123cca060d68d8cfc7e5a1fc&j=//lib/.build-id/a8 HTTP/1.1" 200 47450 "-" "Mozilla/5.0 (compatible; MJ12bot/v1.4.8; http://mj12bot.com/)"
147.135.128.94 - - [26/Jun/2026:18:34:33 +0200] "GET /produit/baume-au-calendula-60-ml/?filesrc=//lib/.build-id/a8/63000b8e91b7807addd5553ec287d37ac0a8fb&j=//lib/.build-id/a8 HTTP/1.1" 200 28328 "-" "Mozilla/5.0 (compatible; MJ12bot/v1.4.8; http://mj12bot.com/)"
147.135.128.94 - - [26/Jun/2026:18:34:34 +0200] "GET /produit/baume-au-calendula-60-ml/?filesrc=//lib/.build-id/a8/7c7d13b922b014148f4a5d58db4197a8ac0d22&j=//lib/.build-id/a8 HTTP/1.1" 200 9398 "-" "Mozilla/5.0 (compatible; MJ12bot/v1.4.8; http://mj12bot.com/)"
147.135.128.94 - - [26/Jun/2026:18:34:36 +0200] "GET /produit/baume-au-calendula-60-ml/?filesrc=//lib/.build-id/a8/84b4cd12bfdf92af73faed2247333022871ac0&j=//lib/.build-id/a8 HTTP/1.1" 200 21703 "-" "Mozilla/5.0 (compatible; MJ12bot/v1.4.8; http://mj12bot.com/)"
147.135.128.94 - - [26/Jun/2026:18:34:38 +0200] "GET /produit/baume-au-calendula-60-ml/?filesrc=//lib/.build-id/a8/917f7d95337ca025ca7254873e7e7044bf62fd&j=//lib/.build-id/a8 HTTP/1.1" 200 21732 "-" "Mozilla/5.0 (compatible; MJ12bot/v1.4.8; http://mj12bot.com/)"
147.135.128.94 - - [26/Jun/2026:18:34:40 +0200] "GET /produit/baume-au-calendula-60-ml/?filesrc=//lib/.build-id/a8/9bbff2d2d77b867926fa23fccf978d2a66b90c&j=//lib/.build-id/a8 HTTP/1.1" 200 73942 "-" "Mozilla/5.0 (compatible; MJ12bot/v1.4.8; http://mj12bot.com/)"
147.135.128.94 - - [26/Jun/2026:18:34:41 +0200] "GET /produit/baume-au-calendula-60-ml/?filesrc=//lib/.build-id/a8/a7ee9d5002492edfc62e3e2e44149e981f9866&j=//lib/.build-id/a8 HTTP/1.1" 200 27923 "-" "Mozilla/5.0 (compatible; MJ12bot/v1.4.8; http://mj12bot.com/)"
147.135.128.94 - - [26/Jun/2026:18:34:43 +0200] "GET /produit/baume-au-calendula-60-ml/?filesrc=//lib/.build-id/a8/aa7e33b2913f1d941df09e5df28e74eee83289&j=//lib/.build-id/a8 HTTP/1.1" 200 44487 "-" "Mozilla/5.0 (compatible; MJ12bot/v1.4.8; http://mj12bot.com/)"
147.135.128.94 - - [26/Jun/2026:18:34:45 +0200] "GET /produit/baume-au-calendula-60-ml/?filesrc=//lib/.build-id/a8/abc449dbede74da991a1658f558ffd5d2c4ed3&j=//lib/.build-id/a8 HTTP/1.1" 200 151659 "-" "Mozilla/5.0 (compatible; MJ12bot/v1.4.8; http://mj12bot.com/)"
147.135.128.94 - - [26/Jun/2026:18:34:47 +0200] "GET /produit/baume-au-calendula-60-ml/?filesrc=//lib/.build-id/a8/ae57429c6664d7333e0db319082e8ebf5b954c&j=//lib/.build-id/a8 HTTP/1.1" 200 146903 "-" "Mozilla/5.0 (compatible; MJ12bot/v1.4.8; http://mj12bot.com/)"
147.135.128.94 - - [26/Jun/2026:18:34:49 +0200] "GET /produit/baume-au-calendula-60-ml/?filesrc=//lib/.build-id/a8/b9f95485f38db647da9c1a51d9b95c55a434b9&j=//lib/.build-id/a8 HTTP/1.1" 200 3538609 "-" "Mozilla/5.0 (compatible; MJ12bot/v1.4.8; http://mj12bot.com/)"
147.135.128.94 - - [26/Jun/2026:18:34:51 +0200] "GET /produit/baume-au-calendula-60-ml/?filesrc=//lib/.build-id/a8/beb53313e21adaf6cfbb5e4151ace1fbac8a37&j=//lib/.build-id/a8 HTTP/1.1" 200 34885 "-" "Mozilla/5.0 (compatible; MJ12bot/v1.4.8; http://mj12bot.com/)"
147.135.128.94 - - [26/Jun/2026:18:34:52 +0200] "GET /produit/baume-au-calendula-60-ml/?filesrc=//lib/.build-id/a8/c23735c4e10faf6923a8471750c4ed205b893d&j=//lib/.build-id/a8 HTTP/1.1" 200 124325 "-" "Mozilla/5.0 (compatible; MJ12bot/v1.4.8; http://mj12bot.com/)"
147.135.128.94 - - [26/Jun/2026:18:34:54 +0200] "GET /produit/baume-au-calendula-60-ml/?filesrc=//lib/.build-id/a8/d8fbf9fab1ce1a6c8137ff88e7c51bd7bdf22b&j=//lib/.build-id/a8 HTTP/1.1" 200 81796 "-" "Mozilla/5.0 (compatible; MJ12bot/v1.4.8; http://mj12bot.com/)"
147.135.128.94 - - [26/Jun/2026:18:34:56 +0200] "GET /produit/baume-au-calendula-60-ml/?filesrc=//lib/.build-id/a8/db1abeb63d499e7ae2d49ae4fbbec0f495e7bf&j=//lib/.build-id/a8 HTTP/1.1" 200 782225 "-" "Mozilla/5.0 (compatible; MJ12bot/v1.4.8; http://mj12bot.com/)"
147.135.128.94 - - [26/Jun/2026:18:34:58 +0200] "GET /produit/baume-au-calendula-60-ml/?filesrc=//lib/.build-id/a8/ddea2cec8c5d646b66c081b20f3f6bdb4b0695&j=//lib/.build-id/a8 HTTP/1.1" 200 330653 "-" "Mozilla/5.0 (compatible; MJ12bot/v1.4.8; http://mj12bot.com/)"
147.135.128.94 - - [26/Jun/2026:18:35:00 +0200] "GET /produit/baume-au-calendula-60-ml/?filesrc=//lib/.build-id/a8/e4198671842c2ad8af9044cbad9eeb5bc30a24&j=//lib/.build-id/a8 HTTP/1.1" 200 67300 "-" "Mozilla/5.0 (compatible; MJ12bot/v1.4.8; http://mj12bot.com/)"
147.135.128.94 - - [26/Jun/2026:18:35:01 +0200] "GET /produit/baume-au-calendula-60-ml/?filesrc=//lib/.build-id/a8/e48ef2e162bd66eceac6207b1e93fdf07bf790&j=//lib/.build-id/a8 HTTP/1.1" 200 448374 "-" "Mozilla/5.0 (compatible; MJ12bot/v1.4.8; http://mj12bot.com/)"
147.135.128.94 - - [26/Jun/2026:18:35:03 +0200] "GET /produit/baume-au-calendula-60-ml/?filesrc=//lib/.build-id/a8/e708ee39634c4d48e0565afb8b1bd63002d7d4&j=//lib/.build-id/a8 HTTP/1.1" 200 1343312 "-" "Mozilla/5.0 (compatible; MJ12bot/v1.4.8; http://mj12bot.com/)"
147.135.128.94 - - [26/Jun/2026:18:35:05 +0200] "GET /produit/baume-au-calendula-60-ml/?filesrc=//lib/.build-id/a8/e8159f38e99925f68b391b9ee28af1d75ba308&j=//lib/.build-id/a8 HTTP/1.1" 200 59921 "-" "Mozilla/5.0 (compatible; MJ12bot/v1.4.8; http://mj12bot.com/)"
147.135.128.94 - - [26/Jun/2026:18:35:07 +0200] "GET /produit/baume-au-calendula-60-ml/?filesrc=//lib/.build-id/a8/fb8a653a2ba0d3805bef830c59b2192892f48b&j=//lib/.build-id/a8 HTTP/1.1" 200 16044 "-" "Mozilla/5.0 (compatible; MJ12bot/v1.4.8; http://mj12bot.com/)"
147.135.128.94 - - [26/Jun/2026:18:35:09 +0200] "GET /produit/baume-au-calendula-60-ml/?filesrc=//lib/.build-id/a9/08e883cda2ec44df43726a44aa4dc22d45705c&j=//lib/.build-id/a9 HTTP/1.1" 200 332617 "-" "Mozilla/5.0 (compatible; MJ12bot/v1.4.8; http://mj12bot.com/)"
147.135.128.94 - - [26/Jun/2026:18:35:10 +0200] "GET /produit/baume-au-calendula-60-ml/?filesrc=//lib/.build-id/a9/1901f6742ba099a7786c1ade02f54ed000f75e&j=//lib/.build-id/a9 HTTP/1.1" 200 16370 "-" "Mozilla/5.0 (compatible; MJ12bot/v1.4.8; http://mj12bot.com/)"
147.135.128.94 - - [26/Jun/2026:18:35:12 +0200] "GET /produit/baume-au-calendula-60-ml/?filesrc=//lib/.build-id/a9/1a3bc1e951f11956868cd99016d2150d0040b2&j=//lib/.build-id/a9 HTTP/1.1" 200 133225 "-" "Mozilla/5.0 (compatible; MJ12bot/v1.4.8; http://mj12bot.com/)"
147.135.128.94 - - [26/Jun/2026:18:35:14 +0200] "GET /produit/baume-au-calendula-60-ml/?filesrc=//lib/.build-id/a9/3850bb4a6e6830c395c4217785ae6fbd4f8c2b&j=//lib/.build-id/a9 HTTP/1.1" 200 18232 "-" "Mozilla/5.0 (compatible; MJ12bot/v1.4.8; http://mj12bot.com/)"
147.135.128.94 - - [26/Jun/2026:18:35:16 +0200] "GET /produit/baume-au-calendula-60-ml/?filesrc=//lib/.build-id/a9/3f07056d40251bb491d4681cf475606d5b97b5&j=//lib/.build-id/a9 HTTP/1.1" 200 54139 "-" "Mozilla/5.0 (compatible; MJ12bot/v1.4.8; http://mj12bot.com/)"
147.135.128.94 - - [26/Jun/2026:18:35:18 +0200] "GET /produit/baume-au-calendula-60-ml/?filesrc=//lib/.build-id/a9/4a0057d905181bcf3301ac93222aa3a0bc52d5&j=//lib/.build-id/a9 HTTP/1.1" 200 15840 "-" "Mozilla/5.0 (compatible; MJ12bot/v1.4.8; http://mj12bot.com/)"
66.249.69.10 - - [26/Jun/2026:18:38:12 +0200] "GET /produit/baume-au-calendula-60-ml/?filesrc=//lib64/python3.8/encodings/cp1140.py&j=//lib64/python3.8/encodings HTTP/1.1" 200 17598 "-" "Mozilla/5.0 (Linux; Android 6.0.1; Nexus 5X Build/MMB29P) AppleWebKit/537.36 (KHTML, like Gecko) Chrome/148.0.7778.96 Mobile Safari/537.36 (compatible; GoogleOther)"
66.249.69.10 - - [26/Jun/2026:18:39:02 +0200] "GET /produit/baume-au-calendula-60-ml/?filesrc=//lib64/python3.8/encodings/mbcs.py&j=//lib64/python3.8/encodings HTTP/1.1" 200 2339 "-" "Mozilla/5.0 (Linux; Android 6.0.1; Nexus 5X Build/MMB29P) AppleWebKit/537.36 (KHTML, like Gecko) Chrome/148.0.7778.96 Mobile Safari/537.36 (compatible; GoogleOther)"
211.187.174.173 - - [26/Jun/2026:18:39:25 +0200] "GET / HTTP/1.1" 200 62 "https://www.google.com/" "Mozilla/5.0 (Linux; Android 10; K) AppleWebKit/537.36 (KHTML, like Gecko) SamsungBrowser/30.0 Chrome/143.0.0.0 Mobile Safari/537.36"
109.234.164.92 - - [26/Jun/2026:18:40:02 +0200] "GET /wp-cron.php HTTP/1.1" 200 - "-" "Wget/1.19.5 (linux-gnu)"
66.249.69.11 - - [26/Jun/2026:18:43:32 +0200] "GET /produit/baume-au-calendula-60-ml/?filesrc=//lib64/python3.8/encodings/mac_farsi.py&j=//lib64/python3.8/encodings HTTP/1.1" 200 19686 "-" "Mozilla/5.0 (Linux; Android 6.0.1; Nexus 5X Build/MMB29P) AppleWebKit/537.36 (KHTML, like Gecko) Chrome/148.0.7778.96 Mobile Safari/537.36 (compatible; GoogleOther)"
185.191.171.6 - - [26/Jun/2026:18:43:46 +0200] "GET /cameline-ferme-laboratoire-cosmetique/lethique-cameline/ HTTP/1.1" 200 53550 "-" "Mozilla/5.0 (compatible; SemrushBot/7~bl; +http://www.semrush.com/bot.html)"
40.77.167.52 - - [26/Jun/2026:18:45:45 +0200] "GET /categorie-produit/eaux-florales/ HTTP/1.1" 200 53550 "-" "Mozilla/5.0 AppleWebKit/537.36 (KHTML, like Gecko; compatible; bingbot/2.0; +http://www.bing.com/bingbot.htm) Chrome/116.0.1938.76 Safari/537.36"
197.147.73.58 - - [26/Jun/2026:18:46:26 +0200] "GET /credits-photos/?j=%2Fhome HTTP/1.1" 200 1663 "-" "Mozilla/5.0 (Linux; Android 8.0; Pixel 2 Build/OPD3.170816.012) AppleWebKit/537.36 (KHTML, like Gecko) Chrome/39.0.4956.1803 Mobile Safari/537.36"
66.249.69.11 - - [26/Jun/2026:18:46:43 +0200] "GET /produit/baume-au-calendula-60-ml/?filesrc=//lib64/python3.8/encodings/base64_codec.py&j=//lib64/python3.8/encodings HTTP/1.1" 503 3876 "-" "Mozilla/5.0 (Linux; Android 6.0.1; Nexus 5X Build/MMB29P) AppleWebKit/537.36 (KHTML, like Gecko) Chrome/148.0.7778.96 Mobile Safari/537.36 (compatible; GoogleOther)"
122.43.247.150 - - [26/Jun/2026:18:47:40 +0200] "GET / HTTP/1.1" 200 62 "https://www.google.co.kr/" "Mozilla/5.0 (iPhone; CPU iPhone OS 18_7 like Mac OS X) AppleWebKit/605.1.15 (KHTML, like Gecko) Version/26.5 Mobile/15E148 Safari/604.1"
66.249.69.10 - - [26/Jun/2026:18:48:19 +0200] "GET /produit/baume-au-calendula-60-ml/?filesrc=//lib64/python3.8/encodings/iso2022_jp_2004.py&j=//lib64/python3.8/encodings HTTP/1.1" 200 2178 "-" "Mozilla/5.0 (Linux; Android 6.0.1; Nexus 5X Build/MMB29P) AppleWebKit/537.36 (KHTML, like Gecko) Chrome/148.0.7778.96 Mobile Safari/537.36 (compatible; GoogleOther)"
108.132.187.182 - - [26/Jun/2026:18:49:07 +0200] "GET /?filesrc=/home/lapa4910/public_html/init18.php&j=/home/lapa4910/public_html HTTP/1.1" 301 2 "https://www.cosmetiques-cameline.fr/" "Mozilla/5.0 (Macintosh; Intel Mac OS X 10_15_5) AppleWebKit/537.36 (KHTML, like Gecko) Chrome/83.0.4103.61 Safari/537.36"
108.132.187.182 - - [26/Jun/2026:18:49:12 +0200] "GET /?filesrc=%2Fhome%2Flapa4910%2Fpublic_html%2Finit18.php&j=%2Fhome%2Flapa4910%2Fpublic_html HTTP/1.1" 200 12305 "https://www.cosmetiques-cameline.fr/?filesrc=/home/lapa4910/public_html/init18.php&j=/home/lapa4910/public_html" "Mozilla/5.0 (Macintosh; Intel Mac OS X 10_15_5) AppleWebKit/537.36 (KHTML, like Gecko) Chrome/83.0.4103.61 Safari/537.36"
108.132.187.182 - - [26/Jun/2026:18:49:16 +0200] "GET /?filesrc=/home/lapa4910/public_html/init18t.php&j=/home/lapa4910/public_html HTTP/1.1" 301 2 "https://www.cosmetiques-cameline.fr/" "Mozilla/5.0 (Macintosh; Intel Mac OS X 10_15_5) AppleWebKit/537.36 (KHTML, like Gecko) Chrome/83.0.4103.61 Safari/537.36"
108.132.187.182 - - [26/Jun/2026:18:49:20 +0200] "GET /?filesrc=/home/lapa4910/public_html/kernel07.php&j=/home/lapa4910/public_html HTTP/1.1" 301 2 "https://www.cosmetiques-cameline.fr/" "Mozilla/5.0 (Macintosh; Intel Mac OS X 10_15_5) AppleWebKit/537.36 (KHTML, like Gecko) Chrome/83.0.4103.61 Safari/537.36"
108.132.187.182 - - [26/Jun/2026:18:49:24 +0200] "GET /?filesrc=/home/lapa4910/public_html/kernel07t.php&j=/home/lapa4910/public_html HTTP/1.1" 301 2 "https://www.cosmetiques-cameline.fr/" "Mozilla/5.0 (Macintosh; Intel Mac OS X 10_15_5) AppleWebKit/537.36 (KHTML, like Gecko) Chrome/83.0.4103.61 Safari/537.36"
108.132.187.182 - - [26/Jun/2026:18:49:33 +0200] "GET /?filesrc=%2Fhome%2Flapa4910%2Fpublic_html%2Fkernel07t.php&j=%2Fhome%2Flapa4910%2Fpublic_html HTTP/1.1" 200 12308 "https://www.cosmetiques-cameline.fr/?filesrc=/home/lapa4910/public_html/kernel07t.php&j=/home/lapa4910/public_html" "Mozilla/5.0 (Macintosh; Intel Mac OS X 10_15_5) AppleWebKit/537.36 (KHTML, like Gecko) Chrome/83.0.4103.61 Safari/537.36"
108.132.187.182 - - [26/Jun/2026:18:49:36 +0200] "GET /?filesrc=/home/lapa4910/public_html/kernel84.php&j=/home/lapa4910/public_html HTTP/1.1" 301 2 "https://www.cosmetiques-cameline.fr/" "Mozilla/5.0 (Macintosh; Intel Mac OS X 10_15_5) AppleWebKit/537.36 (KHTML, like Gecko) Chrome/83.0.4103.61 Safari/537.36"
108.132.187.182 - - [26/Jun/2026:18:49:47 +0200] "GET /?filesrc=/home/lapa4910/public_html/kernel84t.php&j=/home/lapa4910/public_html HTTP/1.1" 301 2 "https://www.cosmetiques-cameline.fr/" "Mozilla/5.0 (Macintosh; Intel Mac OS X 10_15_5) AppleWebKit/537.36 (KHTML, like Gecko) Chrome/83.0.4103.61 Safari/537.36"
108.132.187.182 - - [26/Jun/2026:18:49:51 +0200] "GET /?filesrc=%2Fhome%2Flapa4910%2Fpublic_html%2Fkernel84t.php&j=%2Fhome%2Flapa4910%2Fpublic_html HTTP/1.1" 200 12308 "https://www.cosmetiques-cameline.fr/?filesrc=/home/lapa4910/public_html/kernel84t.php&j=/home/lapa4910/public_html" "Mozilla/5.0 (Macintosh; Intel Mac OS X 10_15_5) AppleWebKit/537.36 (KHTML, like Gecko) Chrome/83.0.4103.61 Safari/537.36"
108.132.187.182 - - [26/Jun/2026:18:49:57 +0200] "GET /?filesrc=/home/lapa4910/public_html/license.txt&j=/home/lapa4910/public_html HTTP/1.1" 301 2 "https://www.cosmetiques-cameline.fr/" "Mozilla/5.0 (Macintosh; Intel Mac OS X 10_15_5) AppleWebKit/537.36 (KHTML, like Gecko) Chrome/83.0.4103.61 Safari/537.36"
108.132.187.182 - - [26/Jun/2026:18:50:01 +0200] "GET /?filesrc=%2Fhome%2Flapa4910%2Fpublic_html%2Flicense.txt&j=%2Fhome%2Flapa4910%2Fpublic_html HTTP/1.1" 200 21159 "https://www.cosmetiques-cameline.fr/?filesrc=/home/lapa4910/public_html/license.txt&j=/home/lapa4910/public_html" "Mozilla/5.0 (Macintosh; Intel Mac OS X 10_15_5) AppleWebKit/537.36 (KHTML, like Gecko) Chrome/83.0.4103.61 Safari/537.36"
109.234.164.92 - - [26/Jun/2026:18:50:02 +0200] "GET /wp-cron.php HTTP/1.1" 200 - "-" "Wget/1.19.5 (linux-gnu)"
103.119.177.54 - - [26/Jun/2026:18:50:25 +0200] "GET /ateliers/?filesrc=%2Fhome%2Flapa4910%2Fpublic_html%2Fwp-content%2Flanguages%2Flt_LT-81c889563f09dd13de1701135dc62941.json&j=%2Fhome%2Flapa4910%2Fpublic_html%2Fwp-content%2Flanguages HTTP/1.1" 200 2397 "-" "Mozilla/5.0 (Linux; Android 8.0; Pixel 2 Build/OPD3.170816.012) AppleWebKit/537.36 (KHTML, like Gecko) Chrome/56.0.7897.1146 Mobile Safari/537.36"
66.249.69.11 - - [26/Jun/2026:18:50:39 +0200] "GET /produit/baume-au-calendula-60-ml/?filesrc=//lib64/python3.8/encodings/cp1006.py&j=//lib64/python3.8/encodings HTTP/1.1" 200 18253 "-" "Mozilla/5.0 (Linux; Android 6.0.1; Nexus 5X Build/MMB29P) AppleWebKit/537.36 (KHTML, like Gecko) Chrome/148.0.7778.96 Mobile Safari/537.36 (compatible; GoogleOther)"
66.249.69.11 - - [26/Jun/2026:18:53:12 +0200] "GET /produit/baume-au-calendula-60-ml/?filesrc=//lib64/python3.8/encodings/cp862.py&j=//lib64/python3.8/encodings HTTP/1.1" 200 37862 "-" "Mozilla/5.0 (Linux; Android 6.0.1; Nexus 5X Build/MMB29P) AppleWebKit/537.36 (KHTML, like Gecko) Chrome/148.0.7778.96 Mobile Safari/537.36 (compatible; GoogleOther)"
66.249.69.10 - - [26/Jun/2026:18:56:39 +0200] "GET /produit/baume-au-calendula-60-ml/?filesrc=//lib64/python3.8/encodings/utf_16_le.py&j=//lib64/python3.8/encodings HTTP/1.1" 200 2170 "-" "Mozilla/5.0 (Linux; Android 6.0.1; Nexus 5X Build/MMB29P) AppleWebKit/537.36 (KHTML, like Gecko) Chrome/148.0.7778.96 Mobile Safari/537.36 (compatible; GoogleOther)"
66.249.69.10 - - [26/Jun/2026:18:56:57 +0200] "GET /produit/baume-au-calendula-60-ml/?filesrc=//lib64/python3.8/encodings/gbk.py&j=//lib64/python3.8/encodings HTTP/1.1" 200 2108 "-" "Mozilla/5.0 (Linux; Android 6.0.1; Nexus 5X Build/MMB29P) AppleWebKit/537.36 (KHTML, like Gecko) Chrome/148.0.7778.96 Mobile Safari/537.36 (compatible; GoogleOther)"
177.137.83.35 - - [26/Jun/2026:18:58:31 +0200] "GET /produit/renouveau/?j=%2F%2Fvar HTTP/1.1" 200 10222 "-" "Mozilla/5.0 (Linux; Android 6.0; Nexus 5 Build/MRA58N) AppleWebKit/537.36 (KHTML, like Gecko) Chrome/59.0.6455.1096 Mobile Safari/537.36"
66.249.69.11 - - [26/Jun/2026:18:58:33 +0200] "GET /produit/baume-au-calendula-60-ml/?filesrc=//lib64/python3.8/encodings/cp856.py&j=//lib64/python3.8/encodings HTTP/1.1" 200 16915 "-" "Mozilla/5.0 (Linux; Android 6.0.1; Nexus 5X Build/MMB29P) AppleWebKit/537.36 (KHTML, like Gecko) Chrome/148.0.7778.96 Mobile Safari/537.36 (compatible; GoogleOther)"
109.234.164.92 - - [26/Jun/2026:19:00:01 +0200] "GET /wp-cron.php HTTP/1.1" 200 - "-" "Wget/1.19.5 (linux-gnu)"
66.249.69.11 - - [26/Jun/2026:19:00:46 +0200] "GET /produit/eau-de-menthe-glaciale/?filesrc=//lib64/python3.12/difflib.py&j=//lib64/python3.12 HTTP/1.1" 200 93022 "-" "Mozilla/5.0 (Linux; Android 6.0.1; Nexus 5X Build/MMB29P) AppleWebKit/537.36 (KHTML, like Gecko) Chrome/148.0.7778.96 Mobile Safari/537.36 (compatible; GoogleOther)"
118.235.3.191 - - [26/Jun/2026:19:02:17 +0200] "GET / HTTP/1.1" 200 62 "https://www.google.com/" "Mozilla/5.0 (Linux; Android 10; K) AppleWebKit/537.36 (KHTML, like Gecko) Chrome/149.0.0.0 Mobile Safari/537.36"
