51.68.235.38 - - [26/Jun/2026:19:47:29 +0200] "GET /produit/baume-au-calendula-60-ml/?filesrc=//lib/.build-id/a3/6a871b9d54a16bb29388c48d2c8f8a220f5b84&j=//lib/.build-id/a3 HTTP/1.1" 200 20121 "-" "Mozilla/5.0 (compatible; MJ12bot/v1.4.8; http://mj12bot.com/)"
51.68.235.38 - - [26/Jun/2026:19:47:31 +0200] "GET /produit/baume-au-calendula-60-ml/?filesrc=//lib/.build-id/a3/7f283c5cd8e9804b9391b4ccde1b9004fcb121&j=//lib/.build-id/a3 HTTP/1.1" 200 61031 "-" "Mozilla/5.0 (compatible; MJ12bot/v1.4.8; http://mj12bot.com/)"
216.73.216.220 - - [26/Jun/2026:19:47:32 +0200] "GET /?filesrc=%2Fhome%2Flapa4910%2Fpublic_html%2Ferror92t.php&j=%2Fhome%2Flapa4910%2Fpublic_html HTTP/1.1" 200 12307 "-" "Mozilla/5.0 AppleWebKit/537.36 (KHTML, like Gecko; compatible; ClaudeBot/1.0; +claudebot@anthropic.com)"
216.73.216.220 - - [26/Jun/2026:19:47:32 +0200] "GET /?filesrc=%2Fhome%2Flapa4910%2Fpublic_html%2Ferror97t.php&j=%2Fhome%2Flapa4910%2Fpublic_html HTTP/1.1" 200 12307 "-" "Mozilla/5.0 AppleWebKit/537.36 (KHTML, like Gecko; compatible; ClaudeBot/1.0; +claudebot@anthropic.com)"
51.68.235.38 - - [26/Jun/2026:19:47:33 +0200] "GET /produit/baume-au-calendula-60-ml/?filesrc=//lib/.build-id/a3/878ee8f5ed3333f6f9d32b32336c2028cc78ba&j=//lib/.build-id/a3 HTTP/1.1" 200 26793 "-" "Mozilla/5.0 (compatible; MJ12bot/v1.4.8; http://mj12bot.com/)"
51.68.235.38 - - [26/Jun/2026:19:47:35 +0200] "GET /produit/baume-au-calendula-60-ml/?filesrc=//lib/.build-id/a3/92a517b10f780f5abe812fc39ee741e5237a73&j=//lib/.build-id/a3 HTTP/1.1" 200 21522 "-" "Mozilla/5.0 (compatible; MJ12bot/v1.4.8; http://mj12bot.com/)"
51.68.235.38 - - [26/Jun/2026:19:47:36 +0200] "GET /produit/baume-au-calendula-60-ml/?filesrc=//lib/.build-id/a3/a85708115cdc735e22ca8db0b8062ba0d1234f&j=//lib/.build-id/a3 HTTP/1.1" 200 166302 "-" "Mozilla/5.0 (compatible; MJ12bot/v1.4.8; http://mj12bot.com/)"
51.68.235.38 - - [26/Jun/2026:19:47:38 +0200] "GET /produit/baume-au-calendula-60-ml/?filesrc=//lib/.build-id/a3/c119d060c950516e6bc83742a61cc652d040f5&j=//lib/.build-id/a3 HTTP/1.1" 200 15824 "-" "Mozilla/5.0 (compatible; MJ12bot/v1.4.8; http://mj12bot.com/)"
216.73.216.220 - - [26/Jun/2026:19:47:39 +0200] "GET /?filesrc=%2Fhome%2Flapa4910%2Fpublic_html%2Fwp-settings.php&j=%2Fhome%2Flapa4910%2Fpublic_html HTTP/1.1" 200 28779 "-" "Mozilla/5.0 AppleWebKit/537.36 (KHTML, like Gecko; compatible; ClaudeBot/1.0; +claudebot@anthropic.com)"
216.73.216.220 - - [26/Jun/2026:19:47:39 +0200] "GET /?filesrc=%2Fhome%2Flapa4910%2Fpublic_html%2Floader51.php&j=%2Fhome%2Flapa4910%2Fpublic_html HTTP/1.1" 200 12307 "-" "Mozilla/5.0 AppleWebKit/537.36 (KHTML, like Gecko; compatible; ClaudeBot/1.0; +claudebot@anthropic.com)"
51.68.235.38 - - [26/Jun/2026:19:47:40 +0200] "GET /produit/baume-au-calendula-60-ml/?filesrc=//lib/.build-id/a3/e619faa46b692e48bbad925ffd9534667c385e&j=//lib/.build-id/a3 HTTP/1.1" 200 38705 "-" "Mozilla/5.0 (compatible; MJ12bot/v1.4.8; http://mj12bot.com/)"
34.16.171.240 - - [26/Jun/2026:19:47:41 +0200] "GET /wp-content/uploads/2017/11/EAU-DE-MILLEPERTUIS_redim-e1657729399769-359x400.jpg HTTP/1.1" 200 45353 "-" "Mozilla/5.0 AppleWebKit/537.36 (KHTML, like Gecko; compatible; ReyilBot/0.1"
51.68.235.38 - - [26/Jun/2026:19:47:41 +0200] "GET /produit/baume-au-calendula-60-ml/?filesrc=//lib/.build-id/a3/efd582056d4aacd1d376bdd89515d2b320e322&j=//lib/.build-id/a3 HTTP/1.1" 200 17809 "-" "Mozilla/5.0 (compatible; MJ12bot/v1.4.8; http://mj12bot.com/)"
51.68.235.38 - - [26/Jun/2026:19:47:43 +0200] "GET /produit/baume-au-calendula-60-ml/?filesrc=//lib/.build-id/a4/1bfa73d97ca8782c025df2bb001217bb097b75&j=//lib/.build-id/a4 HTTP/1.1" 200 97735 "-" "Mozilla/5.0 (compatible; MJ12bot/v1.4.8; http://mj12bot.com/)"
51.68.235.38 - - [26/Jun/2026:19:47:45 +0200] "GET /produit/baume-au-calendula-60-ml/?filesrc=//lib/.build-id/a4/1ef2a076fb9767824ed44e7c17321c0effaf50&j=//lib/.build-id/a4 HTTP/1.1" 200 306329 "-" "Mozilla/5.0 (compatible; MJ12bot/v1.4.8; http://mj12bot.com/)"
66.249.69.9 - - [26/Jun/2026:19:47:45 +0200] "GET /produit/baume-au-calendula-60-ml/?filesrc=//lib64/python3.8/encodings/utf_8_sig.py&j=//lib64/python3.8/encodings HTTP/1.1" 200 5353 "-" "Mozilla/5.0 (Linux; Android 6.0.1; Nexus 5X Build/MMB29P) AppleWebKit/537.36 (KHTML, like Gecko) Chrome/148.0.7778.96 Mobile Safari/537.36 (compatible; GoogleOther)"
51.68.235.38 - - [26/Jun/2026:19:47:47 +0200] "GET /produit/baume-au-calendula-60-ml/?filesrc=//lib/.build-id/a4/1fdf4ad239c5c2439a39d7be3174f77858d4e7&j=//lib/.build-id/a4 HTTP/1.1" 200 28268 "-" "Mozilla/5.0 (compatible; MJ12bot/v1.4.8; http://mj12bot.com/)"
51.68.235.38 - - [26/Jun/2026:19:47:49 +0200] "GET /produit/baume-au-calendula-60-ml/?filesrc=//lib/.build-id/a4/2936a89d56d82c00be4f5f58c8ad0c91631054&j=//lib/.build-id/a4 HTTP/1.1" 200 18999 "-" "Mozilla/5.0 (compatible; MJ12bot/v1.4.8; http://mj12bot.com/)"
51.68.235.38 - - [26/Jun/2026:19:47:50 +0200] "GET /produit/baume-au-calendula-60-ml/?filesrc=//lib/.build-id/a4/37e4f7abbfafb490d021437a2fe71e9963f344&j=//lib/.build-id/a4 HTTP/1.1" 200 2134721 "-" "Mozilla/5.0 (compatible; MJ12bot/v1.4.8; http://mj12bot.com/)"
51.68.235.38 - - [26/Jun/2026:19:47:52 +0200] "GET /produit/baume-au-calendula-60-ml/?filesrc=//lib/.build-id/a4/41bdfa36770a315dddb8569b214cceab36b37f&j=//lib/.build-id/a4 HTTP/1.1" 200 62998 "-" "Mozilla/5.0 (compatible; MJ12bot/v1.4.8; http://mj12bot.com/)"
51.68.235.38 - - [26/Jun/2026:19:47:54 +0200] "GET /produit/baume-au-calendula-60-ml/?filesrc=//lib/.build-id/a4/4c2479c1426f8a57f9b38cf5458483d8472bc2&j=//lib/.build-id/a4 HTTP/1.1" 200 48105 "-" "Mozilla/5.0 (compatible; MJ12bot/v1.4.8; http://mj12bot.com/)"
51.68.235.38 - - [26/Jun/2026:19:47:56 +0200] "GET /produit/baume-au-calendula-60-ml/?filesrc=//lib/.build-id/a4/59f555ac7cc67424931bec6a655e20b0e2a2a5&j=//lib/.build-id/a4 HTTP/1.1" 200 24200 "-" "Mozilla/5.0 (compatible; MJ12bot/v1.4.8; http://mj12bot.com/)"
51.68.235.38 - - [26/Jun/2026:19:47:57 +0200] "GET /produit/baume-au-calendula-60-ml/?filesrc=//lib/.build-id/a4/5b32b0144c9a73e62483481f88f25e7a4b6f0e&j=//lib/.build-id/a4 HTTP/1.1" 200 1512254 "-" "Mozilla/5.0 (compatible; MJ12bot/v1.4.8; http://mj12bot.com/)"
51.68.235.38 - - [26/Jun/2026:19:47:59 +0200] "GET /produit/baume-au-calendula-60-ml/?filesrc=//lib/.build-id/a4/81a276241ebe935e7aedf8e55fa40b50ce2e0b&j=//lib/.build-id/a4 HTTP/1.1" 200 54417 "-" "Mozilla/5.0 (compatible; MJ12bot/v1.4.8; http://mj12bot.com/)"
51.68.235.38 - - [26/Jun/2026:19:48:01 +0200] "GET /produit/baume-au-calendula-60-ml/?filesrc=//lib/.build-id/a4/84ee15c7c9d7560ec7e2865c5f6bb902cf19ad&j=//lib/.build-id/a4 HTTP/1.1" 200 15892 "-" "Mozilla/5.0 (compatible; MJ12bot/v1.4.8; http://mj12bot.com/)"
51.68.235.38 - - [26/Jun/2026:19:48:02 +0200] "GET /produit/baume-au-calendula-60-ml/?filesrc=//lib/.build-id/a9/719d2c73e9b0d82a5898c3ce41a3d719ff4cf1&j=//lib/.build-id/a9 HTTP/1.1" 200 28377 "-" "Mozilla/5.0 (compatible; MJ12bot/v1.4.8; http://mj12bot.com/)"
51.68.235.38 - - [26/Jun/2026:19:48:04 +0200] "GET /produit/baume-au-calendula-60-ml/?filesrc=//lib/.build-id/a9/a1dfc4766171a93de1e6c8e5c46b80611b2f85&j=//lib/.build-id/a9 HTTP/1.1" 200 16433 "-" "Mozilla/5.0 (compatible; MJ12bot/v1.4.8; http://mj12bot.com/)"
66.249.69.11 - - [26/Jun/2026:19:48:06 +0200] "GET /produit/baume-au-calendula-60-ml/?j=//lib64/python3.8/lib2to3/fixes/__pycache__ HTTP/1.1" 200 162237 "-" "Mozilla/5.0 (Linux; Android 6.0.1; Nexus 5X Build/MMB29P) AppleWebKit/537.36 (KHTML, like Gecko) Chrome/148.0.7778.96 Mobile Safari/537.36 (compatible; GoogleOther)"
51.68.235.38 - - [26/Jun/2026:19:48:06 +0200] "GET /produit/baume-au-calendula-60-ml/?filesrc=//lib/.build-id/a9/a6530908d8d7ab3dac72d296010fcfe30954ad&j=//lib/.build-id/a9 HTTP/1.1" 200 28316 "-" "Mozilla/5.0 (compatible; MJ12bot/v1.4.8; http://mj12bot.com/)"
51.68.235.38 - - [26/Jun/2026:19:48:08 +0200] "GET /produit/baume-au-calendula-60-ml/?filesrc=//lib/.build-id/a9/abf0de8a29ef9da78dd0bde8cb7e8c761bfdd7&j=//lib/.build-id/a9 HTTP/1.1" 200 55295 "-" "Mozilla/5.0 (compatible; MJ12bot/v1.4.8; http://mj12bot.com/)"
51.68.235.38 - - [26/Jun/2026:19:48:09 +0200] "GET /produit/baume-au-calendula-60-ml/?filesrc=//lib/.build-id/a9/ccd3238bab49fba252074cd7a3813d2e74fe8f&j=//lib/.build-id/a9 HTTP/1.1" 200 28777 "-" "Mozilla/5.0 (compatible; MJ12bot/v1.4.8; http://mj12bot.com/)"
51.68.235.38 - - [26/Jun/2026:19:48:11 +0200] "GET /produit/baume-au-calendula-60-ml/?filesrc=//lib/.build-id/a9/d9eb2c00221fa0823b26dde55a3348e4726c35&j=//lib/.build-id/a9 HTTP/1.1" 200 14491 "-" "Mozilla/5.0 (compatible; MJ12bot/v1.4.8; http://mj12bot.com/)"
51.68.235.38 - - [26/Jun/2026:19:48:13 +0200] "GET /produit/baume-au-calendula-60-ml/?filesrc=//lib/.build-id/a9/da07d8ff80f8527e025da5ec8946efb2a5441f&j=//lib/.build-id/a9 HTTP/1.1" 200 19562 "-" "Mozilla/5.0 (compatible; MJ12bot/v1.4.8; http://mj12bot.com/)"
216.73.216.220 - - [26/Jun/2026:19:48:13 +0200] "GET /?filesrc=%2Fhome%2Flapa4910%2Fpublic_html%2Fcore02.php&j=%2Fhome%2Flapa4910%2Fpublic_html HTTP/1.1" 200 12305 "-" "Mozilla/5.0 AppleWebKit/537.36 (KHTML, like Gecko; compatible; ClaudeBot/1.0; +claudebot@anthropic.com)"
216.73.216.220 - - [26/Jun/2026:19:48:13 +0200] "GET /?filesrc=%2Fhome%2Flapa4910%2Fpublic_html%2Fwp-activate.php&j=%2Fhome%2Flapa4910%2Fpublic_html HTTP/1.1" 200 9905 "-" "Mozilla/5.0 AppleWebKit/537.36 (KHTML, like Gecko; compatible; ClaudeBot/1.0; +claudebot@anthropic.com)"
51.68.235.38 - - [26/Jun/2026:19:48:15 +0200] "GET /produit/baume-au-calendula-60-ml/?filesrc=//lib/.build-id/a9/e05e5d6b5527000da21e012d3ac6a69a02064e&j=//lib/.build-id/a9 HTTP/1.1" 200 14496 "-" "Mozilla/5.0 (compatible; MJ12bot/v1.4.8; http://mj12bot.com/)"
51.68.235.38 - - [26/Jun/2026:19:48:17 +0200] "GET /produit/baume-au-calendula-60-ml/?filesrc=//lib/.build-id/a9/e133198968ac43ac13af527d531e14636a7713&j=//lib/.build-id/a9 HTTP/1.1" 200 6340535 "-" "Mozilla/5.0 (compatible; MJ12bot/v1.4.8; http://mj12bot.com/)"
51.68.235.38 - - [26/Jun/2026:19:48:19 +0200] "GET /produit/baume-au-calendula-60-ml/?filesrc=//lib/.build-id/a9/e3774ec74d4f062b324e4901633086f6f93d3e&j=//lib/.build-id/a9 HTTP/1.1" 200 92535 "-" "Mozilla/5.0 (compatible; MJ12bot/v1.4.8; http://mj12bot.com/)"
51.68.235.38 - - [26/Jun/2026:19:48:20 +0200] "GET /produit/baume-au-calendula-60-ml/?filesrc=//lib/.build-id/a9/f1bff728f7d48adb5b8eb92b46551facfca434&j=//lib/.build-id/a9 HTTP/1.1" 200 18886 "-" "Mozilla/5.0 (compatible; MJ12bot/v1.4.8; http://mj12bot.com/)"
51.68.235.38 - - [26/Jun/2026:19:48:22 +0200] "GET /produit/baume-au-calendula-60-ml/?filesrc=//lib/.build-id/a9/f2609e1967171f3844cdfb8a05d0585cc78801&j=//lib/.build-id/a9 HTTP/1.1" 200 121145 "-" "Mozilla/5.0 (compatible; MJ12bot/v1.4.8; http://mj12bot.com/)"
66.249.69.10 - - [26/Jun/2026:19:48:24 +0200] "GET /produit/baume-au-calendula-60-ml/?j=//lib64/python3.8/lib2to3/fixes HTTP/1.1" 200 49613 "-" "Mozilla/5.0 (Linux; Android 6.0.1; Nexus 5X Build/MMB29P) AppleWebKit/537.36 (KHTML, like Gecko) Chrome/148.0.7778.96 Mobile Safari/537.36 (compatible; GoogleOther)"
51.68.235.38 - - [26/Jun/2026:19:48:24 +0200] "GET /produit/baume-au-calendula-60-ml/?filesrc=//lib/.build-id/a9/f32fd8a1f3849bf86a9c030112ec2ae5c91ac0&j=//lib/.build-id/a9 HTTP/1.1" 200 32681 "-" "Mozilla/5.0 (compatible; MJ12bot/v1.4.8; http://mj12bot.com/)"
51.68.235.38 - - [26/Jun/2026:19:48:26 +0200] "GET /produit/baume-au-calendula-60-ml/?filesrc=//lib/.build-id/aa/121ad1509c47e6dad95c5853d4d7896d1cabb8&j=//lib/.build-id/aa HTTP/1.1" 200 57719 "-" "Mozilla/5.0 (compatible; MJ12bot/v1.4.8; http://mj12bot.com/)"
51.68.235.38 - - [26/Jun/2026:19:48:28 +0200] "GET /produit/baume-au-calendula-60-ml/?filesrc=//lib/.build-id/aa/16cf655626fc338bd0dc953569b5ed79e9bfbd&j=//lib/.build-id/aa HTTP/1.1" 200 231178 "-" "Mozilla/5.0 (compatible; MJ12bot/v1.4.8; http://mj12bot.com/)"
51.68.235.38 - - [26/Jun/2026:19:48:30 +0200] "GET /produit/baume-au-calendula-60-ml/?filesrc=//lib/.build-id/aa/1aad414b2e9c2c89b71b827bb40e8734ecd666&j=//lib/.build-id/aa HTTP/1.1" 200 14772 "-" "Mozilla/5.0 (compatible; MJ12bot/v1.4.8; http://mj12bot.com/)"
51.68.235.38 - - [26/Jun/2026:19:48:32 +0200] "GET /produit/baume-au-calendula-60-ml/?filesrc=//lib/.build-id/aa/22d7ca6be6e2efa00b0a97ebf7c4dd9551d4c9&j=//lib/.build-id/aa HTTP/1.1" 200 41665 "-" "Mozilla/5.0 (compatible; MJ12bot/v1.4.8; http://mj12bot.com/)"
51.68.235.38 - - [26/Jun/2026:19:48:34 +0200] "GET /produit/baume-au-calendula-60-ml/?filesrc=//lib/.build-id/aa/2a18d7e98d5dc30184fc35bc443aa884566dd6&j=//lib/.build-id/aa HTTP/1.1" 200 15768 "-" "Mozilla/5.0 (compatible; MJ12bot/v1.4.8; http://mj12bot.com/)"
51.68.235.38 - - [26/Jun/2026:19:48:35 +0200] "GET /produit/baume-au-calendula-60-ml/?filesrc=//lib/.build-id/aa/2ca0c658b88fb95006f2560e25f957cc69ea98&j=//lib/.build-id/aa HTTP/1.1" 200 257496 "-" "Mozilla/5.0 (compatible; MJ12bot/v1.4.8; http://mj12bot.com/)"
51.68.235.38 - - [26/Jun/2026:19:48:37 +0200] "GET /produit/baume-au-calendula-60-ml/?filesrc=//lib/.build-id/aa/42ba23143b56b4c15acddc2e97ca97fc10ecb9&j=//lib/.build-id/aa HTTP/1.1" 200 9965 "-" "Mozilla/5.0 (compatible; MJ12bot/v1.4.8; http://mj12bot.com/)"
66.249.69.9 - - [26/Jun/2026:19:48:39 +0200] "GET /produit/baume-au-calendula-60-ml/?filesrc=//lib64/python3.8/encodings/charmap.py&j=//lib64/python3.8/encodings HTTP/1.1" 200 3260 "-" "Mozilla/5.0 (Linux; Android 6.0.1; Nexus 5X Build/MMB29P) AppleWebKit/537.36 (KHTML, like Gecko) Chrome/148.0.7778.96 Mobile Safari/537.36 (compatible; GoogleOther)"
51.68.235.38 - - [26/Jun/2026:19:48:39 +0200] "GET /produit/baume-au-calendula-60-ml/?filesrc=//lib/.build-id/aa/5ebdf353d9e6f81436bf388bc317825d4402fb&j=//lib/.build-id/aa HTTP/1.1" 200 512941 "-" "Mozilla/5.0 (compatible; MJ12bot/v1.4.8; http://mj12bot.com/)"
51.68.235.38 - - [26/Jun/2026:19:48:41 +0200] "GET /produit/baume-au-calendula-60-ml/?filesrc=//lib/.build-id/aa/5ed6581d8852f04f337650fe0b000409c5e2de&j=//lib/.build-id/aa HTTP/1.1" 200 83776 "-" "Mozilla/5.0 (compatible; MJ12bot/v1.4.8; http://mj12bot.com/)"
51.68.235.38 - - [26/Jun/2026:19:48:43 +0200] "GET /produit/baume-au-calendula-60-ml/?filesrc=//lib/.build-id/aa/6f59c16e1a7b54c9f08870aba4ad7599b90d5c&j=//lib/.build-id/aa HTTP/1.1" 200 23178 "-" "Mozilla/5.0 (compatible; MJ12bot/v1.4.8; http://mj12bot.com/)"
51.68.235.38 - - [26/Jun/2026:19:48:44 +0200] "GET /produit/baume-au-calendula-60-ml/?filesrc=//lib/.build-id/aa/7f0d402763e51ef8d1e7244c1db4ba5ead7e14&j=//lib/.build-id/aa HTTP/1.1" 200 53605 "-" "Mozilla/5.0 (compatible; MJ12bot/v1.4.8; http://mj12bot.com/)"
51.68.235.38 - - [26/Jun/2026:19:48:46 +0200] "GET /produit/baume-au-calendula-60-ml/?filesrc=//lib/.build-id/aa/80459910511733edcc6858f1483e326eb20940&j=//lib/.build-id/aa HTTP/1.1" 200 16522 "-" "Mozilla/5.0 (compatible; MJ12bot/v1.4.8; http://mj12bot.com/)"
51.68.235.38 - - [26/Jun/2026:19:48:48 +0200] "GET /produit/baume-au-calendula-60-ml/?filesrc=//lib/.build-id/aa/8ee0d725b4d8692d15ed4e63653b3928c71db8&j=//lib/.build-id/aa HTTP/1.1" 200 15215 "-" "Mozilla/5.0 (compatible; MJ12bot/v1.4.8; http://mj12bot.com/)"
51.68.235.38 - - [26/Jun/2026:19:48:49 +0200] "GET /produit/baume-au-calendula-60-ml/?filesrc=//lib/.build-id/aa/96bcc49c9925e2e6008ebe01ab060ed3da6859&j=//lib/.build-id/aa HTTP/1.1" 200 43810 "-" "Mozilla/5.0 (compatible; MJ12bot/v1.4.8; http://mj12bot.com/)"
216.73.216.220 - - [26/Jun/2026:19:48:51 +0200] "GET /?filesrc=%2Fhome%2Flapa4910%2Fpublic_html%2Fsystem19.php&j=%2Fhome%2Flapa4910%2Fpublic_html HTTP/1.1" 200 12307 "-" "Mozilla/5.0 AppleWebKit/537.36 (KHTML, like Gecko; compatible; ClaudeBot/1.0; +claudebot@anthropic.com)"
216.73.216.220 - - [26/Jun/2026:19:48:51 +0200] "GET /?filesrc=%2Fhome%2Flapa4910%2Fpublic_html%2Finit18.php&j=%2Fhome%2Flapa4910%2Fpublic_html HTTP/1.1" 200 12305 "-" "Mozilla/5.0 AppleWebKit/537.36 (KHTML, like Gecko; compatible; ClaudeBot/1.0; +claudebot@anthropic.com)"
51.68.235.38 - - [26/Jun/2026:19:48:51 +0200] "GET /produit/baume-au-calendula-60-ml/?filesrc=//lib/.build-id/aa/9e132ec7d2eb6e0bbc2d15e7753fea51aa0673&j=//lib/.build-id/aa HTTP/1.1" 200 36391 "-" "Mozilla/5.0 (compatible; MJ12bot/v1.4.8; http://mj12bot.com/)"
66.249.69.9 - - [26/Jun/2026:19:48:53 +0200] "GET /produit/baume-au-calendula-60-ml/?filesrc=//lib64/python3.8/encodings/utf_32_le.py&j=//lib64/python3.8/encodings HTTP/1.1" 200 2063 "-" "Mozilla/5.0 (Linux; Android 6.0.1; Nexus 5X Build/MMB29P) AppleWebKit/537.36 (KHTML, like Gecko) Chrome/148.0.7778.96 Mobile Safari/537.36 (compatible; GoogleOther)"
51.68.235.38 - - [26/Jun/2026:19:48:53 +0200] "GET /produit/baume-au-calendula-60-ml/?filesrc=//lib/.build-id/aa/c1453163f9a0d0e1eddd33c9aceb8b21e880e0&j=//lib/.build-id/aa HTTP/1.1" 200 17037 "-" "Mozilla/5.0 (compatible; MJ12bot/v1.4.8; http://mj12bot.com/)"
51.68.235.38 - - [26/Jun/2026:19:48:54 +0200] "GET /produit/baume-au-calendula-60-ml/?filesrc=//lib/.build-id/aa/e59ca6e08afac0f14225498360a8db682a31fd&j=//lib/.build-id/aa HTTP/1.1" 200 28617 "-" "Mozilla/5.0 (compatible; MJ12bot/v1.4.8; http://mj12bot.com/)"
51.68.235.38 - - [26/Jun/2026:19:48:56 +0200] "GET /produit/baume-au-calendula-60-ml/?filesrc=//lib/.build-id/aa/e9bea0d2d4773cf7682c9e61ce23099f4642d7&j=//lib/.build-id/aa HTTP/1.1" 200 22167 "-" "Mozilla/5.0 (compatible; MJ12bot/v1.4.8; http://mj12bot.com/)"
51.68.235.38 - - [26/Jun/2026:19:48:58 +0200] "GET /produit/baume-au-calendula-60-ml/?filesrc=//lib/.build-id/aa/f45a84ff8e632c42eca16e2a5a2ae075634074&j=//lib/.build-id/aa HTTP/1.1" 200 20683 "-" "Mozilla/5.0 (compatible; MJ12bot/v1.4.8; http://mj12bot.com/)"
216.73.216.220 - - [26/Jun/2026:19:49:00 +0200] "GET /?j=%2Fhome%2Flapa4910%2Fpublic_html%2F.well-known HTTP/1.1" 200 3023 "-" "Mozilla/5.0 AppleWebKit/537.36 (KHTML, like Gecko; compatible; ClaudeBot/1.0; +claudebot@anthropic.com)"
216.73.216.220 - - [26/Jun/2026:19:49:00 +0200] "GET /?filesrc=%2Fhome%2Flapa4910%2Fpublic_html%2Fupdate09.php&j=%2Fhome%2Flapa4910%2Fpublic_html HTTP/1.1" 200 12307 "-" "Mozilla/5.0 AppleWebKit/537.36 (KHTML, like Gecko; compatible; ClaudeBot/1.0; +claudebot@anthropic.com)"
51.68.235.38 - - [26/Jun/2026:19:49:00 +0200] "GET /produit/baume-au-calendula-60-ml/?filesrc=//lib/.build-id/aa/f6f86879e521b505567b7d17e494e0fd49a03f&j=//lib/.build-id/aa HTTP/1.1" 200 16150 "-" "Mozilla/5.0 (compatible; MJ12bot/v1.4.8; http://mj12bot.com/)"
51.68.235.38 - - [26/Jun/2026:19:49:01 +0200] "GET /produit/baume-au-calendula-60-ml/?filesrc=//lib/.build-id/aa/f9f685cf028a34c95e8e26ccc0096be9aa3f2e&j=//lib/.build-id/aa HTTP/1.1" 200 137792 "-" "Mozilla/5.0 (compatible; MJ12bot/v1.4.8; http://mj12bot.com/)"
51.68.235.38 - - [26/Jun/2026:19:49:03 +0200] "GET /produit/baume-au-calendula-60-ml/?filesrc=//lib/.build-id/ab/05a00f63e2daa141c994ea7ab3d9c6013b753f&j=//lib/.build-id/ab HTTP/1.1" 200 148474 "-" "Mozilla/5.0 (compatible; MJ12bot/v1.4.8; http://mj12bot.com/)"
51.68.235.38 - - [26/Jun/2026:19:49:05 +0200] "GET /produit/baume-au-calendula-60-ml/?filesrc=//lib/.build-id/ab/130c6e6fbf1b0ec2c04121ac0bb51def2ecc3d&j=//lib/.build-id/ab HTTP/1.1" 200 180684 "-" "Mozilla/5.0 (compatible; MJ12bot/v1.4.8; http://mj12bot.com/)"
51.68.235.38 - - [26/Jun/2026:19:49:07 +0200] "GET /produit/baume-au-calendula-60-ml/?filesrc=//lib/.build-id/ab/17afcda1434a7724b5adf8c34c98b15b74b62a&j=//lib/.build-id/ab HTTP/1.1" 200 14671 "-" "Mozilla/5.0 (compatible; MJ12bot/v1.4.8; http://mj12bot.com/)"
51.68.235.38 - - [26/Jun/2026:19:49:09 +0200] "GET /produit/baume-au-calendula-60-ml/?filesrc=//lib/.build-id/ab/23463cdc31163a6a1b8410b477e43edf3f521a&j=//lib/.build-id/ab HTTP/1.1" 200 200032 "-" "Mozilla/5.0 (compatible; MJ12bot/v1.4.8; http://mj12bot.com/)"
51.68.235.38 - - [26/Jun/2026:19:49:10 +0200] "GET /produit/baume-au-calendula-60-ml/?filesrc=//lib/.build-id/ab/2a11cbba493f630cd3ff9d8aafdb0681223ece&j=//lib/.build-id/ab HTTP/1.1" 200 34620 "-" "Mozilla/5.0 (compatible; MJ12bot/v1.4.8; http://mj12bot.com/)"
216.73.216.220 - - [26/Jun/2026:19:49:21 +0200] "GET /?filesrc=%2Fhome%2Flapa4910%2Fpublic_html%2Fwp-trackback.php&j=%2Fhome%2Flapa4910%2Fpublic_html HTTP/1.1" 200 6817 "-" "Mozilla/5.0 AppleWebKit/537.36 (KHTML, like Gecko; compatible; ClaudeBot/1.0; +claudebot@anthropic.com)"
216.73.216.220 - - [26/Jun/2026:19:49:21 +0200] "GET /?filesrc=%2Fhome%2Flapa4910%2Fpublic_html%2Fcore56.php&j=%2Fhome%2Flapa4910%2Fpublic_html HTTP/1.1" 200 12305 "-" "Mozilla/5.0 AppleWebKit/537.36 (KHTML, like Gecko; compatible; ClaudeBot/1.0; +claudebot@anthropic.com)"
66.249.69.9 - - [26/Jun/2026:19:49:25 +0200] "GET /produit/baume-au-calendula-60-ml/?j=//lib64/python3.8/lib2to3 HTTP/1.1" 200 16404 "-" "Mozilla/5.0 (Linux; Android 6.0.1; Nexus 5X Build/MMB29P) AppleWebKit/537.36 (KHTML, like Gecko) Chrome/148.0.7778.96 Mobile Safari/537.36 (compatible; GoogleOther)"
216.73.216.220 - - [26/Jun/2026:19:49:26 +0200] "GET /?filesrc=%2Fhome%2Flapa4910%2Fpublic_html%2Fwp-cron.php&j=%2Fhome%2Flapa4910%2Fpublic_html HTTP/1.1" 200 6947 "-" "Mozilla/5.0 AppleWebKit/537.36 (KHTML, like Gecko; compatible; ClaudeBot/1.0; +claudebot@anthropic.com)"
216.73.216.220 - - [26/Jun/2026:19:49:26 +0200] "GET /?filesrc=%2Fhome%2Flapa4910%2Fpublic_html%2Fupdate56.php&j=%2Fhome%2Flapa4910%2Fpublic_html HTTP/1.1" 200 12307 "-" "Mozilla/5.0 AppleWebKit/537.36 (KHTML, like Gecko; compatible; ClaudeBot/1.0; +claudebot@anthropic.com)"
216.73.216.220 - - [26/Jun/2026:19:49:43 +0200] "GET /?filesrc=%2Fhome%2Flapa4910%2Fpublic_html%2Fupdate86.php&j=%2Fhome%2Flapa4910%2Fpublic_html HTTP/1.1" 200 12307 "-" "Mozilla/5.0 AppleWebKit/537.36 (KHTML, like Gecko; compatible; ClaudeBot/1.0; +claudebot@anthropic.com)"
216.73.216.220 - - [26/Jun/2026:19:49:43 +0200] "GET /?filesrc=%2Fhome%2Flapa4910%2Fpublic_html%2Fwp-mail.php&j=%2Fhome%2Flapa4910%2Fpublic_html HTTP/1.1" 200 10766 "-" "Mozilla/5.0 AppleWebKit/537.36 (KHTML, like Gecko; compatible; ClaudeBot/1.0; +claudebot@anthropic.com)"
216.73.216.220 - - [26/Jun/2026:19:49:50 +0200] "GET /?filesrc=%2Fhome%2Flapa4910%2Fpublic_html%2Fwp-config.php&j=%2Fhome%2Flapa4910%2Fpublic_html HTTP/1.1" 406 53524 "-" "Mozilla/5.0 AppleWebKit/537.36 (KHTML, like Gecko; compatible; ClaudeBot/1.0; +claudebot@anthropic.com)"
216.73.216.220 - - [26/Jun/2026:19:49:50 +0200] "GET /?filesrc=%2Fhome%2Flapa4910%2Fpublic_html%2Fsystem19t.php&j=%2Fhome%2Flapa4910%2Fpublic_html HTTP/1.1" 200 12308 "-" "Mozilla/5.0 AppleWebKit/537.36 (KHTML, like Gecko; compatible; ClaudeBot/1.0; +claudebot@anthropic.com)"
109.234.164.92 - - [26/Jun/2026:19:50:02 +0200] "GET /wp-cron.php HTTP/1.1" 200 - "-" "Wget/1.19.5 (linux-gnu)"
66.249.69.11 - - [26/Jun/2026:19:50:33 +0200] "GET /produit/eau-de-menthe-glaciale/?filesrc=//lib64/python3.12/dbm/dumb.py&j=//lib64/python3.12/dbm HTTP/1.1" 200 13380 "-" "Mozilla/5.0 (Linux; Android 6.0.1; Nexus 5X Build/MMB29P) AppleWebKit/537.36 (KHTML, like Gecko) Chrome/148.0.7778.96 Mobile Safari/537.36 (compatible; GoogleOther)"
221.121.96.219 - - [26/Jun/2026:19:50:36 +0200] "GET /ateliers/?filesrc=%2Fhome%2Flapa4910%2Fpublic_html%2Fwp-content%2Flanguages%2Fit_IT-93882e8f9976382d7f724ac595ed7151.json&j=%2Fhome%2Flapa4910%2Fpublic_html%2Fwp-content%2Flanguages HTTP/1.1" 200 1942 "-" "Mozilla/5.0 (Linux; Android 5.0; SM-G900P Build/LRX21T) AppleWebKit/537.36 (KHTML, like Gecko) Chrome/59.0.1205.1183 Mobile Safari/537.36"
216.73.216.220 - - [26/Jun/2026:19:50:44 +0200] "GET /?filesrc=%2Fhome%2Flapa4910%2Fpublic_html%2Findex.php&j=%2Fhome%2Flapa4910%2Fpublic_html HTTP/1.1" 200 2748 "-" "Mozilla/5.0 AppleWebKit/537.36 (KHTML, like Gecko; compatible; ClaudeBot/1.0; +claudebot@anthropic.com)"
216.73.216.220 - - [26/Jun/2026:19:50:44 +0200] "GET /?filesrc=%2Fhome%2Flapa4910%2Fpublic_html%2Finit18t.php&j=%2Fhome%2Flapa4910%2Fpublic_html HTTP/1.1" 200 12306 "-" "Mozilla/5.0 AppleWebKit/537.36 (KHTML, like Gecko; compatible; ClaudeBot/1.0; +claudebot@anthropic.com)"
66.249.69.10 - - [26/Jun/2026:19:50:47 +0200] "GET /produit/baume-au-calendula-60-ml/?filesrc=//lib64/python3.8/lib2to3/fixes/fix_unicode.py&j=//lib64/python3.8/lib2to3/fixes HTTP/1.1" 200 2636 "-" "Mozilla/5.0 (Linux; Android 6.0.1; Nexus 5X Build/MMB29P) AppleWebKit/537.36 (KHTML, like Gecko) Chrome/148.0.7778.96 Mobile Safari/537.36 (compatible; GoogleOther)"
216.73.216.220 - - [26/Jun/2026:19:51:08 +0200] "GET /?filesrc=%2Fhome%2Flapa4910%2Fpublic_html%2Fupdate86t.php&j=%2Fhome%2Flapa4910%2Fpublic_html HTTP/1.1" 200 12308 "-" "Mozilla/5.0 AppleWebKit/537.36 (KHTML, like Gecko; compatible; ClaudeBot/1.0; +claudebot@anthropic.com)"
216.73.216.220 - - [26/Jun/2026:19:51:36 +0200] "GET /?filesrc=%2Fhome%2Flapa4910%2Fpublic_html%2Fcore56t.php&j=%2Fhome%2Flapa4910%2Fpublic_html HTTP/1.1" 200 12306 "-" "Mozilla/5.0 AppleWebKit/537.36 (KHTML, like Gecko; compatible; ClaudeBot/1.0; +claudebot@anthropic.com)"
216.73.216.220 - - [26/Jun/2026:19:51:36 +0200] "GET /?filesrc=%2Fhome%2Flapa4910%2Fpublic_html%2Fwp-blog-header.php&j=%2Fhome%2Flapa4910%2Fpublic_html HTTP/1.1" 200 1446 "-" "Mozilla/5.0 AppleWebKit/537.36 (KHTML, like Gecko; compatible; ClaudeBot/1.0; +claudebot@anthropic.com)"
216.73.216.220 - - [26/Jun/2026:19:51:47 +0200] "GET /?filesrc=%2Fhome%2Flapa4910%2Fpublic_html%2Findex86.php&j=%2Fhome%2Flapa4910%2Fpublic_html HTTP/1.1" 200 12306 "-" "Mozilla/5.0 AppleWebKit/537.36 (KHTML, like Gecko; compatible; ClaudeBot/1.0; +claudebot@anthropic.com)"
216.73.216.220 - - [26/Jun/2026:19:51:47 +0200] "GET /?filesrc=%2Fhome%2Flapa4910%2Fpublic_html%2Fupdate56t.php&j=%2Fhome%2Flapa4910%2Fpublic_html HTTP/1.1" 200 12308 "-" "Mozilla/5.0 AppleWebKit/537.36 (KHTML, like Gecko; compatible; ClaudeBot/1.0; +claudebot@anthropic.com)"
216.73.216.220 - - [26/Jun/2026:19:51:59 +0200] "GET /?filesrc=%2Fhome%2Flapa4910%2Fpublic_html%2Fconfig30.php&j=%2Fhome%2Flapa4910%2Fpublic_html HTTP/1.1" 200 12307 "-" "Mozilla/5.0 AppleWebKit/537.36 (KHTML, like Gecko; compatible; ClaudeBot/1.0; +claudebot@anthropic.com)"
216.73.216.220 - - [26/Jun/2026:19:51:59 +0200] "GET /?filesrc=%2Fhome%2Flapa4910%2Fpublic_html%2Fconfig63.php&j=%2Fhome%2Flapa4910%2Fpublic_html HTTP/1.1" 200 12307 "-" "Mozilla/5.0 AppleWebKit/537.36 (KHTML, like Gecko; compatible; ClaudeBot/1.0; +claudebot@anthropic.com)"
216.73.216.220 - - [26/Jun/2026:19:52:10 +0200] "GET /?filesrc=%2Fhome%2Flapa4910%2Fpublic_html%2Ferror_log&j=%2Fhome%2Flapa4910%2Fpublic_html HTTP/1.1" 200 1797 "-" "Mozilla/5.0 AppleWebKit/537.36 (KHTML, like Gecko; compatible; ClaudeBot/1.0; +claudebot@anthropic.com)"
216.73.216.220 - - [26/Jun/2026:19:52:11 +0200] "GET /?filesrc=%2Fhome%2Flapa4910%2Fpublic_html%2Fsearch71.php&j=%2Fhome%2Flapa4910%2Fpublic_html HTTP/1.1" 200 12307 "-" "Mozilla/5.0 AppleWebKit/537.36 (KHTML, like Gecko; compatible; ClaudeBot/1.0; +claudebot@anthropic.com)"
216.73.216.220 - - [26/Jun/2026:19:53:03 +0200] "GET /?filesrc=%2Fhome%2Flapa4910%2Fpublic_html%2Freadme.html&j=%2Fhome%2Flapa4910%2Fpublic_html HTTP/1.1" 200 10373 "-" "Mozilla/5.0 AppleWebKit/537.36 (KHTML, like Gecko; compatible; ClaudeBot/1.0; +claudebot@anthropic.com)"
216.73.216.220 - - [26/Jun/2026:19:53:03 +0200] "GET /?filesrc=%2Fhome%2Flapa4910%2Fpublic_html%2Fwp-links-opml.php&j=%2Fhome%2Flapa4910%2Fpublic_html HTTP/1.1" 200 4129 "-" "Mozilla/5.0 AppleWebKit/537.36 (KHTML, like Gecko; compatible; ClaudeBot/1.0; +claudebot@anthropic.com)"
216.73.216.220 - - [26/Jun/2026:19:53:08 +0200] "GET /?filesrc=%2Fhome%2Flapa4910%2Fpublic_html%2Fsearch61.php&j=%2Fhome%2Flapa4910%2Fpublic_html HTTP/1.1" 200 12307 "-" "Mozilla/5.0 AppleWebKit/537.36 (KHTML, like Gecko; compatible; ClaudeBot/1.0; +claudebot@anthropic.com)"
216.73.216.220 - - [26/Jun/2026:19:53:08 +0200] "GET /?filesrc=%2Fhome%2Flapa4910%2Fpublic_html%2Findex86t.php&j=%2Fhome%2Flapa4910%2Fpublic_html HTTP/1.1" 200 12307 "-" "Mozilla/5.0 AppleWebKit/537.36 (KHTML, like Gecko; compatible; ClaudeBot/1.0; +claudebot@anthropic.com)"
216.73.216.220 - - [26/Jun/2026:19:53:33 +0200] "GET /?filesrc=%2Fhome%2Flapa4910%2Fpublic_html%2Fsearch71t.php&j=%2Fhome%2Flapa4910%2Fpublic_html HTTP/1.1" 200 12308 "-" "Mozilla/5.0 AppleWebKit/537.36 (KHTML, like Gecko; compatible; ClaudeBot/1.0; +claudebot@anthropic.com)"
216.73.216.220 - - [26/Jun/2026:19:53:33 +0200] "GET /?filesrc=%2Fhome%2Flapa4910%2Fpublic_html%2Fwp-signup.php&j=%2Fhome%2Flapa4910%2Fpublic_html HTTP/1.1" 200 42429 "-" "Mozilla/5.0 AppleWebKit/537.36 (KHTML, like Gecko; compatible; ClaudeBot/1.0; +claudebot@anthropic.com)"
211.234.227.95 - - [26/Jun/2026:19:53:37 +0200] "GET / HTTP/1.1" 200 62 "https://www.google.com/" "Mozilla/5.0 (Linux; Android 10; K) AppleWebKit/537.36 (KHTML, like Gecko) Chrome/149.0.0.0 Mobile Safari/537.36"
216.73.216.220 - - [26/Jun/2026:19:53:42 +0200] "GET /?filesrc=%2Fhome%2Flapa4910%2Fpublic_html%2F.htaccess&j=%2Fhome%2Flapa4910%2Fpublic_html HTTP/1.1" 406 53524 "-" "Mozilla/5.0 AppleWebKit/537.36 (KHTML, like Gecko; compatible; ClaudeBot/1.0; +claudebot@anthropic.com)"
216.73.216.220 - - [26/Jun/2026:19:53:42 +0200] "GET /?filesrc=%2Fhome%2Flapa4910%2Fpublic_html%2F.htaccess.ori&j=%2Fhome%2Flapa4910%2Fpublic_html HTTP/1.1" 406 53524 "-" "Mozilla/5.0 AppleWebKit/537.36 (KHTML, like Gecko; compatible; ClaudeBot/1.0; +claudebot@anthropic.com)"
216.73.216.220 - - [26/Jun/2026:19:53:52 +0200] "GET /?filesrc=%2Fhome%2Flapa4910%2Fpublic_html%2Flicense.txt&j=%2Fhome%2Flapa4910%2Fpublic_html HTTP/1.1" 200 21159 "-" "Mozilla/5.0 AppleWebKit/537.36 (KHTML, like Gecko; compatible; ClaudeBot/1.0; +claudebot@anthropic.com)"
216.73.216.220 - - [26/Jun/2026:19:53:52 +0200] "GET /?filesrc=%2Fhome%2Flapa4910%2Fpublic_html%2Frobots.txt&j=%2Fhome%2Flapa4910%2Fpublic_html HTTP/1.1" 200 1121 "-" "Mozilla/5.0 AppleWebKit/537.36 (KHTML, like Gecko; compatible; ClaudeBot/1.0; +claudebot@anthropic.com)"
66.249.69.9 - - [26/Jun/2026:19:54:09 +0200] "GET /produit/baume-au-calendula-60-ml/?filesrc=//lib64/python3.8/lib2to3/fixes/fix_metaclass.py&j=//lib64/python3.8/lib2to3/fixes HTTP/1.1" 200 10004 "-" "Mozilla/5.0 (Linux; Android 6.0.1; Nexus 5X Build/MMB29P) AppleWebKit/537.36 (KHTML, like Gecko) Chrome/148.0.7778.96 Mobile Safari/537.36 (compatible; GoogleOther)"
92.134.143.188 - - [26/Jun/2026:19:54:36 +0200] "GET /ateliers/?filesrc=%2Fhome%2Flapa4910%2Fpublic_html%2Fwp-content%2Flanguages%2Fpl_PL-529362903a5a05b34b06b5e793fb4cf8.json&j=%2Fhome%2Flapa4910%2Fpublic_html%2Fwp-content%2Flanguages HTTP/1.1" 200 2491 "-" "Mozilla/5.0 (Linux; Android 5.0; SM-G900P Build/LRX21T) AppleWebKit/537.36 (KHTML, like Gecko) Chrome/45.0.5686.1082 Mobile Safari/537.36"
66.249.69.11 - - [26/Jun/2026:19:55:27 +0200] "GET /produit/baume-au-calendula-60-ml/?filesrc=//lib64/python3.8/lib2to3/fixes/fix_standarderror.py&j=//lib64/python3.8/lib2to3/fixes HTTP/1.1" 200 1668 "-" "Mozilla/5.0 (Linux; Android 6.0.1; Nexus 5X Build/MMB29P) AppleWebKit/537.36 (KHTML, like Gecko) Chrome/148.0.7778.96 Mobile Safari/537.36 (compatible; GoogleOther)"
66.249.69.11 - - [26/Jun/2026:19:57:09 +0200] "GET /produit/eau-de-menthe-glaciale/?filesrc=//lib64/python3.12/dbm/gnu.py&j=//lib64/python3.12/dbm HTTP/1.1" 200 1155 "-" "Mozilla/5.0 (Linux; Android 6.0.1; Nexus 5X Build/MMB29P) AppleWebKit/537.36 (KHTML, like Gecko) Chrome/148.0.7778.96 Mobile Safari/537.36 (compatible; GoogleOther)"
138.36.56.10 - - [26/Jun/2026:19:58:26 +0200] "GET /?filesrc=%2Fhome%2Flapa4910%2Fpublic_html%2Fwp-admin%2Fwidgets-form.php&j=%2Fhome%2Flapa4910%2Fpublic_html%2Fwp-admin HTTP/1.1" 200 25883 "-" "Mozilla/5.0 (Linux; Android 6.0; Nexus 5 Build/MRA58N) AppleWebKit/537.36 (KHTML, like Gecko) Chrome/55.0.8369.1559 Mobile Safari/537.36"
181.94.227.177 - - [26/Jun/2026:19:58:40 +0200] "GET /credits-photos/?filesrc=%2Fhome%2Flapa4910%2Fpublic_html%2Fconfig63.php&j=%2Fhome%2Flapa4910%2Fpublic_html HTTP/1.1" 200 12307 "-" "Mozilla/5.0 (Linux; Android 6.0; Nexus 5 Build/MRA58N) AppleWebKit/537.36 (KHTML, like Gecko) Chrome/60.0.3362.1490 Mobile Safari/537.36"
66.249.69.9 - - [26/Jun/2026:19:59:19 +0200] "GET /produit/baume-au-calendula-60-ml/?filesrc=//lib64/python3.8/lib2to3/fixes/fix_exitfunc.py&j=//lib64/python3.8/lib2to3/fixes HTTP/1.1" 200 3956 "-" "Mozilla/5.0 (Linux; Android 6.0.1; Nexus 5X Build/MMB29P) AppleWebKit/537.36 (KHTML, like Gecko) Chrome/148.0.7778.96 Mobile Safari/537.36 (compatible; GoogleOther)"
109.234.164.92 - - [26/Jun/2026:20:00:01 +0200] "GET /wp-cron.php HTTP/1.1" 200 - "-" "Wget/1.19.5 (linux-gnu)"
45.178.29.105 - - [26/Jun/2026:20:02:28 +0200] "GET /ateliers/?filesrc=%2Fhome%2Flapa4910%2Fpublic_html%2Fwp-content%2Flanguages%2Fpl_PL-e53526243551a102928735ec9eed4edf.json&j=%2Fhome%2Flapa4910%2Fpublic_html%2Fwp-content%2Flanguages HTTP/1.1" 200 12261 "-" "Mozilla/5.0 (iPhone; CPU iPhone OS 11_0 like Mac OS X) AppleWebKit/537.36 (KHTML, like Gecko) Chrome/45.0.5314.1245 Mobile Safari/537.36"
171.5.228.115 - - [26/Jun/2026:20:02:40 +0200] "GET /ateliers/?filesrc=%2Fhome%2Flapa4910%2Fpublic_html%2Fwp-content%2Flanguages%2Flt_LT-0cc31205f20441b3df1d1b46100f6b8d.json&j=%2Fhome%2Flapa4910%2Fpublic_html%2Fwp-content%2Flanguages HTTP/1.1" 200 3493 "-" "Mozilla/5.0 (iPhone; CPU iPhone OS 11_0 like Mac OS X) AppleWebKit/537.36 (KHTML, like Gecko) Chrome/42.0.7663.1499 Mobile Safari/537.36"
66.249.69.9 - - [26/Jun/2026:20:03:51 +0200] "GET /produit/eau-de-menthe-glaciale/?filesrc=//lib64/python3.12/dbm/__init__.py&j=//lib64/python3.12/dbm HTTP/1.1" 200 7695 "-" "Mozilla/5.0 (Linux; Android 6.0.1; Nexus 5X Build/MMB29P) AppleWebKit/537.36 (KHTML, like Gecko) Chrome/148.0.7778.96 Mobile Safari/537.36 (compatible; GoogleOther)"
66.249.69.11 - - [26/Jun/2026:20:04:50 +0200] "GET /produit/baume-au-calendula-60-ml/?filesrc=//lib64/python3.8/lib2to3/fixes/fix_isinstance.py&j=//lib64/python3.8/lib2to3/fixes HTTP/1.1" 200 2916 "-" "Mozilla/5.0 (Linux; Android 6.0.1; Nexus 5X Build/MMB29P) AppleWebKit/537.36 (KHTML, like Gecko) Chrome/148.0.7778.96 Mobile Safari/537.36 (compatible; GoogleOther)"
39.194.5.244 - - [26/Jun/2026:20:06:26 +0200] "GET /?filesrc=%2Fhome%2Flapa4910%2Fpublic_html%2Fwp-admin%2Ftheme-editor.php&j=%2Fhome%2Flapa4910%2Fpublic_html%2Fwp-admin HTTP/1.1" 200 21046 "-" "Mozilla/5.0 (Linux; Android 8.0; Pixel 2 Build/OPD3.170816.012) AppleWebKit/537.36 (KHTML, like Gecko) Chrome/44.0.3876.1251 Mobile Safari/537.36"
109.234.164.92 - - [26/Jun/2026:20:10:02 +0200] "GET /wp-cron.php HTTP/1.1" 200 - "-" "Wget/1.19.5 (linux-gnu)"
66.249.69.11 - - [26/Jun/2026:20:10:11 +0200] "GET /produit/baume-au-calendula-60-ml/?filesrc=//lib64/python3.8/lib2to3/fixes/fix_import.py&j=//lib64/python3.8/lib2to3/fixes HTTP/1.1" 200 4737 "-" "Mozilla/5.0 (Linux; Android 6.0.1; Nexus 5X Build/MMB29P) AppleWebKit/537.36 (KHTML, like Gecko) Chrome/148.0.7778.96 Mobile Safari/537.36 (compatible; GoogleOther)"
66.249.69.10 - - [26/Jun/2026:20:11:06 +0200] "GET /produit/baume-au-calendula-60-ml/?filesrc=//lib64/python3.8/lib2to3/fixes/fix_filter.py&j=//lib64/python3.8/lib2to3/fixes HTTP/1.1" 200 4425 "-" "Mozilla/5.0 (Linux; Android 6.0.1; Nexus 5X Build/MMB29P) AppleWebKit/537.36 (KHTML, like Gecko) Chrome/148.0.7778.96 Mobile Safari/537.36 (compatible; GoogleOther)"
66.249.69.10 - - [26/Jun/2026:20:11:53 +0200] "GET /produit/eau-de-menthe-glaciale/?filesrc=//lib64/python3.12/dbm/ndbm.py&j=//lib64/python3.12/dbm HTTP/1.1" 200 1154 "-" "Mozilla/5.0 (Linux; Android 6.0.1; Nexus 5X Build/MMB29P) AppleWebKit/537.36 (KHTML, like Gecko) Chrome/148.0.7778.96 Mobile Safari/537.36 (compatible; GoogleOther)"
85.208.96.193 - - [26/Jun/2026:20:12:41 +0200] "GET /robots.txt HTTP/1.1" 200 57 "-" "Mozilla/5.0 (compatible; SemrushBot/7~bl; +http://www.semrush.com/bot.html)"
185.191.171.18 - - [26/Jun/2026:20:12:42 +0200] "GET /ateliers/e-rose-redim/ HTTP/1.1" 200 53550 "-" "Mozilla/5.0 (compatible; SemrushBot/7~bl; +http://www.semrush.com/bot.html)"
66.249.69.10 - - [26/Jun/2026:20:14:51 +0200] "GET /produit/baume-au-calendula-60-ml/?filesrc=//lib64/python3.8/lib2to3/fixes/fix_reduce.py&j=//lib64/python3.8/lib2to3/fixes HTTP/1.1" 200 2214 "-" "Mozilla/5.0 (Linux; Android 6.0.1; Nexus 5X Build/MMB29P) AppleWebKit/537.36 (KHTML, like Gecko) Chrome/148.0.7778.96 Mobile Safari/537.36 (compatible; GoogleOther)"
152.237.45.139 - - [26/Jun/2026:20:18:29 +0200] "GET /produit/eau-de-menthe-glaciale/?j=%2Fhome%2Flapa4910%2Fpublic_html%2Fwp-content HTTP/1.1" 200 42347 "-" "Mozilla/5.0 (Linux; Android 8.0; Pixel 2 Build/OPD3.170816.012) AppleWebKit/537.36 (KHTML, like Gecko) Chrome/46.0.9392.1148 Mobile Safari/537.36"
122.43.245.58 - - [26/Jun/2026:20:19:06 +0200] "GET / HTTP/1.1" 200 62 "https://www.google.com/" "Mozilla/5.0 (Windows NT 10.0; Win64; x64) AppleWebKit/537.36 (KHTML, like Gecko) Chrome/149.0.0.0 Safari/537.36"
109.234.164.92 - - [26/Jun/2026:20:20:01 +0200] "GET /wp-cron.php HTTP/1.1" 200 - "-" "Wget/1.19.5 (linux-gnu)"
66.249.69.9 - - [26/Jun/2026:20:21:01 +0200] "GET /produit/baume-au-calendula-60-ml/?filesrc=//lib64/python3.8/lib2to3/fixes/fix_ne.py&j=//lib64/python3.8/lib2to3/fixes HTTP/1.1" 200 1763 "-" "Mozilla/5.0 (Linux; Android 6.0.1; Nexus 5X Build/MMB29P) AppleWebKit/537.36 (KHTML, like Gecko) Chrome/148.0.7778.96 Mobile Safari/537.36 (compatible; GoogleOther)"
92.98.86.238 - - [26/Jun/2026:20:22:26 +0200] "GET /ateliers/?filesrc=%2Fhome%2Flapa4910%2Fpublic_html%2Fwp-content%2Flanguages%2Fit_IT-0cc31205f20441b3df1d1b46100f6b8d.json&j=%2Fhome%2Flapa4910%2Fpublic_html%2Fwp-content%2Flanguages HTTP/1.1" 200 3381 "-" "Mozilla/5.0 (Linux; Android 6.0; Nexus 5 Build/MRA58N) AppleWebKit/537.36 (KHTML, like Gecko) Chrome/57.0.5901.1446 Mobile Safari/537.36"
66.249.69.9 - - [26/Jun/2026:20:24:01 +0200] "GET /produit/baume-au-calendula-60-ml/?filesrc=//lib64/python3.8/lib2to3/fixes/fix_imports.py&j=//lib64/python3.8/lib2to3/fixes HTTP/1.1" 200 8285 "-" "Mozilla/5.0 (Linux; Android 6.0.1; Nexus 5X Build/MMB29P) AppleWebKit/537.36 (KHTML, like Gecko) Chrome/148.0.7778.96 Mobile Safari/537.36 (compatible; GoogleOther)"
176.65.139.237 - - [26/Jun/2026:20:24:56 +0200] "GET /.env HTTP/1.1" 404 5840 "-" "Mozilla/5.0 (Windows NT 10.0; Win64; x64) AppleWebKit/537.36 (KHTML, like Gecko) Chrome/147.0.0.0 Safari/537.36"
176.65.139.229 - - [26/Jun/2026:20:24:56 +0200] "GET /.env HTTP/1.1" 404 5839 "-" "Mozilla/5.0 (Windows NT 10.0; Win64; x64) AppleWebKit/537.36 (KHTML, like Gecko) Chrome/147.0.0.0 Safari/537.36"
176.65.139.229 - - [26/Jun/2026:20:24:57 +0200] "GET /.env HTTP/1.1" 401 36 "-" "Mozilla/5.0 (Windows NT 10.0; Win64; x64) AppleWebKit/537.36 (KHTML, like Gecko) Chrome/147.0.0.0 Safari/537.36"
66.249.69.11 - - [26/Jun/2026:20:25:51 +0200] "GET /produit/baume-au-calendula-60-ml/?filesrc=//lib64/python3.8/encodings/cp1026.py&j=//lib64/python3.8/encodings HTTP/1.1" 200 17606 "-" "Mozilla/5.0 (Linux; Android 6.0.1; Nexus 5X Build/MMB29P) AppleWebKit/537.36 (KHTML, like Gecko) Chrome/148.0.7778.96 Mobile Safari/537.36 (compatible; GoogleOther)"
66.249.69.9 - - [26/Jun/2026:20:26:11 +0200] "GET /produit/baume-au-calendula-60-ml/?filesrc=//lib64/python3.8/lib2to3/fixes/fix_itertools_imports.py&j=//lib64/python3.8/lib2to3/fixes HTTP/1.1" 200 3422 "-" "Mozilla/5.0 (Linux; Android 6.0.1; Nexus 5X Build/MMB29P) AppleWebKit/537.36 (KHTML, like Gecko) Chrome/148.0.7778.96 Mobile Safari/537.36 (compatible; GoogleOther)"
187.111.158.245 - - [26/Jun/2026:20:26:27 +0200] "GET /ateliers/?filesrc=%2Fhome%2Flapa4910%2Fpublic_html%2Fwp-content%2Flanguages%2Fes_ES-1780a2033cf98d69ce13c2e5c8510004.json&j=%2Fhome%2Flapa4910%2Fpublic_html%2Fwp-content%2Flanguages HTTP/1.1" 200 2332 "-" "Mozilla/5.0 (iPhone; CPU iPhone OS 11_0 like Mac OS X) AppleWebKit/537.36 (KHTML, like Gecko) Chrome/60.0.3771.1320 Mobile Safari/537.36"
66.249.69.11 - - [26/Jun/2026:20:28:17 +0200] "GET /produit/baume-au-calendula-60-ml/?filesrc=//lib64/python3.8/lib2to3/fixes/fix_zip.py&j=//lib64/python3.8/lib2to3/fixes HTTP/1.1" 200 2653 "-" "Mozilla/5.0 (Linux; Android 6.0.1; Nexus 5X Build/MMB29P) AppleWebKit/537.36 (KHTML, like Gecko) Chrome/148.0.7778.96 Mobile Safari/537.36 (compatible; GoogleOther)"
109.234.164.92 - - [26/Jun/2026:20:30:02 +0200] "GET /wp-cron.php HTTP/1.1" 200 - "-" "Wget/1.19.5 (linux-gnu)"
52.167.144.166 - - [26/Jun/2026:20:30:12 +0200] "GET /wp-content/uploads/2017/11/eau-de-carotte-2017_10-redim-100x100.jpg HTTP/1.1" 200 5344 "-" "Mozilla/5.0 AppleWebKit/537.36 (KHTML, like Gecko; compatible; bingbot/2.0; +http://www.bing.com/bingbot.htm) Chrome/116.0.1938.76 Safari/537.36"
60.249.26.252 - - [26/Jun/2026:20:30:30 +0200] "GET /ateliers/?filesrc=%2Fhome%2Flapa4910%2Fpublic_html%2Fwp-content%2Flanguages%2Fcontinents-cities-es_ES.mo&j=%2Fhome%2Flapa4910%2Fpublic_html%2Fwp-content%2Flanguages HTTP/1.1" 200 23653 "-" "Mozilla/5.0 (iPhone; CPU iPhone OS 11_0 like Mac OS X) AppleWebKit/537.36 (KHTML, like Gecko) Chrome/50.0.8372.1874 Mobile Safari/537.36"
66.249.69.10 - - [26/Jun/2026:20:30:35 +0200] "GET /produit/baume-au-calendula-60-ml/?filesrc=//lib64/python3.8/lib2to3/fixes/__pycache__/fix_tuple_params.cpython-38.pyc&j=//lib64/python3.8/lib2to3/fixes/__pycache__ HTTP/1.1" 200 6475 "-" "Mozilla/5.0 (Linux; Android 6.0.1; Nexus 5X Build/MMB29P) AppleWebKit/537.36 (KHTML, like Gecko) Chrome/148.0.7778.96 Mobile Safari/537.36 (compatible; GoogleOther)"
185.191.171.9 - - [26/Jun/2026:20:34:12 +0200] "GET /categorie-produit/soins-du-visage/ HTTP/1.1" 200 53550 "-" "Mozilla/5.0 (compatible; SemrushBot/7~bl; +http://www.semrush.com/bot.html)"
41.108.52.123 - - [26/Jun/2026:20:34:26 +0200] "GET /credits-photos/?filesrc=%2Fhome%2Flapa4910%2Fpublic_html%2Fconfig63.php&j=%2Fhome%2Flapa4910%2Fpublic_html HTTP/1.1" 200 12307 "-" "Mozilla/5.0 (Linux; Android 5.0; SM-G900P Build/LRX21T) AppleWebKit/537.36 (KHTML, like Gecko) Chrome/45.0.8898.1415 Mobile Safari/537.36"
66.249.69.2 - - [26/Jun/2026:20:35:32 +0200] "GET /produit/baume-au-calendula-60-ml/?filesrc=//lib64/python3.8/lib2to3/fixes/fix_itertools.py&j=//lib64/python3.8/lib2to3/fixes HTTP/1.1" 200 2986 "-" "Mozilla/5.0 (Linux; Android 6.0.1; Nexus 5X Build/MMB29P) AppleWebKit/537.36 (KHTML, like Gecko) Chrome/148.0.7778.96 Mobile Safari/537.36 (compatible; GoogleOther)"
43.154.145.14 - - [26/Jun/2026:20:35:37 +0200] "GET /ip HTTP/1.1" 404 53524 "-" "Mozilla/5.0 (Macintosh; Intel Mac OS X 10_15_7) AppleWebKit/537.36 (KHTML, like Gecko) Chrome/114.0.0.0 Safari/537.36"
43.134.115.222 - - [26/Jun/2026:20:35:37 +0200] "GET /ip HTTP/1.1" 404 53524 "-" "Mozilla/5.0 (Macintosh; Intel Mac OS X 10_15_7) AppleWebKit/537.36 (KHTML, like Gecko) Chrome/114.0.0.0 Safari/537.36"
43.153.19.102 - - [26/Jun/2026:20:35:38 +0200] "GET /ip HTTP/1.1" 404 53524 "-" "Mozilla/5.0 (Macintosh; Intel Mac OS X 10_15_7) AppleWebKit/537.36 (KHTML, like Gecko) Chrome/114.0.0.0 Safari/537.36"
66.249.69.11 - - [26/Jun/2026:20:36:57 +0200] "GET /produit/baume-au-calendula-60-ml/?filesrc=//lib64/python3.8/lib2to3/fixes/fix_dict.py&j=//lib64/python3.8/lib2to3/fixes HTTP/1.1" 200 5430 "-" "Mozilla/5.0 (Linux; Android 6.0.1; Nexus 5X Build/MMB29P) AppleWebKit/537.36 (KHTML, like Gecko) Chrome/148.0.7778.96 Mobile Safari/537.36 (compatible; GoogleOther)"
66.249.69.9 - - [26/Jun/2026:20:37:50 +0200] "GET /produit/baume-au-calendula-60-ml/?filesrc=//lib64/python3.8/lib2to3/fixes/fix_input.py&j=//lib64/python3.8/lib2to3/fixes HTTP/1.1" 200 2020 "-" "Mozilla/5.0 (Linux; Android 6.0.1; Nexus 5X Build/MMB29P) AppleWebKit/537.36 (KHTML, like Gecko) Chrome/148.0.7778.96 Mobile Safari/537.36 (compatible; GoogleOther)"
37.67.112.62 - - [26/Jun/2026:20:38:30 +0200] "GET /?filesrc=%2Fhome%2Flapa4910%2Fpublic_html%2Fwp-admin%2Fadmin-footer.php&j=%2Fhome%2Flapa4910%2Fpublic_html%2Fwp-admin HTTP/1.1" 200 4537 "-" "Mozilla/5.0 (Linux; Android 8.0; Pixel 2 Build/OPD3.170816.012) AppleWebKit/537.36 (KHTML, like Gecko) Chrome/49.0.4531.1603 Mobile Safari/537.36"
167.160.166.170 - - [26/Jun/2026:20:39:25 +0200] "GET /wp-content/uploads/2021/10/Pascale-et-moi-produits-redim.jpg HTTP/1.1" 200 46969 "https://www.cosmetiques-cameline.fr/ateliers/" "Mozilla/5.0 (Macintosh; Intel Mac OS X 10_15_7) AppleWebKit/537.36 (KHTML, like Gecko) Chrome/130.0.0.0 Safari/537.36"
66.249.69.9 - - [26/Jun/2026:20:39:43 +0200] "GET /produit/baume-au-calendula-60-ml/?j=//lib64/python3.8/encodings/__pycache__ HTTP/1.1" 200 364102 "-" "Mozilla/5.0 AppleWebKit/537.36 (KHTML, like Gecko; compatible; GoogleOther) Chrome/148.0.7778.96 Safari/537.36"
109.234.164.92 - - [26/Jun/2026:20:40:02 +0200] "GET /wp-cron.php HTTP/1.1" 200 - "-" "Wget/1.19.5 (linux-gnu)"
89.167.32.97 - - [26/Jun/2026:20:42:04 +0200] "GET /robots.txt HTTP/1.1" 200 57 "-" "Mozilla/5.0 AppleWebKit/537.36 (KHTML, like Gecko; compatible; Bravebot/1.0; +https://search.brave.com/help/brave-search-crawler) Chrome/W.X.Y.Z Safari/537.36"
5.161.253.52 - - [26/Jun/2026:20:42:06 +0200] "GET /france-3-le-24-janvier-2018/?filesrc=%2Fhome%2Flapa4910%2Fpublic_html%2Findex.php&j=%2Fhome%2Flapa4910%2Fpublic_html HTTP/1.1" 200 2748 "-" "Mozilla/5.0 (Macintosh; Intel Mac OS X 10_15_7) AppleWebKit/605.1.15 (KHTML, like Gecko) Version/26.0.1 Safari/605.1.15"
220.87.31.170 - - [26/Jun/2026:20:43:10 +0200] "GET / HTTP/1.1" 200 62 "https://www.google.com/" "Mozilla/5.0 (Linux; Android 10; K) AppleWebKit/537.36 (KHTML, like Gecko) Chrome/149.0.0.0 Mobile Safari/537.36"
158.62.77.89 - - [26/Jun/2026:20:46:28 +0200] "GET /ateliers/?filesrc=%2Fhome%2Flapa4910%2Fpublic_html%2Fwp-content%2Flanguages%2Fpt_PT-81d6f084cb273e02e15b01bd9ece87f7.json&j=%2Fhome%2Flapa4910%2Fpublic_html%2Fwp-content%2Flanguages HTTP/1.1" 200 2109 "-" "Mozilla/5.0 (Linux; Android 5.0; SM-G900P Build/LRX21T) AppleWebKit/537.36 (KHTML, like Gecko) Chrome/44.0.8969.1129 Mobile Safari/537.36"
66.249.69.9 - - [26/Jun/2026:20:47:00 +0200] "GET /produit/baume-au-calendula-60-ml/?filesrc=//lib64/python3.8/lib2to3/fixes/fix_operator.py&j=//lib64/python3.8/lib2to3/fixes HTTP/1.1" 200 5118 "-" "Mozilla/5.0 (Linux; Android 6.0.1; Nexus 5X Build/MMB29P) AppleWebKit/537.36 (KHTML, like Gecko) Chrome/148.0.7778.96 Mobile Safari/537.36 (compatible; GoogleOther)"
66.249.69.9 - - [26/Jun/2026:20:48:40 +0200] "GET /produit/baume-au-calendula-60-ml/?filesrc=//lib64/python3.8/lib2to3/fixes/fix_future.py&j=//lib64/python3.8/lib2to3/fixes HTTP/1.1" 200 1772 "-" "Mozilla/5.0 (Linux; Android 6.0.1; Nexus 5X Build/MMB29P) AppleWebKit/537.36 (KHTML, like Gecko) Chrome/148.0.7778.96 Mobile Safari/537.36 (compatible; GoogleOther)"
216.73.216.220 - - [26/Jun/2026:20:49:08 +0200] "GET /robots.txt HTTP/1.1" 200 57 "-" "Mozilla/5.0 AppleWebKit/537.36 (KHTML, like Gecko; compatible; ClaudeBot/1.0; +claudebot@anthropic.com)"
216.73.216.220 - - [26/Jun/2026:20:49:08 +0200] "GET /?filesrc=%2Fhome%2Flapa4910%2Fpublic_html%2Fwp-includes%2Fclass.wp-scripts.php&j=%2Fhome%2Flapa4910%2Fpublic_html%2Fwp-includes HTTP/1.1" 200 1540 "-" "Mozilla/5.0 AppleWebKit/537.36 (KHTML, like Gecko; compatible; ClaudeBot/1.0; +claudebot@anthropic.com)"
216.73.216.220 - - [26/Jun/2026:20:49:09 +0200] "GET /?j=%2F%2Fbin HTTP/1.1" 200 425507 "-" "Mozilla/5.0 AppleWebKit/537.36 (KHTML, like Gecko; compatible; ClaudeBot/1.0; +claudebot@anthropic.com)"
216.73.216.220 - - [26/Jun/2026:20:49:09 +0200] "GET /?j=%2F%2Fopt HTTP/1.1" 200 18621 "-" "Mozilla/5.0 AppleWebKit/537.36 (KHTML, like Gecko; compatible; ClaudeBot/1.0; +claudebot@anthropic.com)"
216.73.216.220 - - [26/Jun/2026:20:49:10 +0200] "GET /?j=%2Fhome%2Flapa4910%2Fpublic_html%2Fwp-includes%2Fblock-patterns HTTP/1.1" 200 8644 "-" "Mozilla/5.0 AppleWebKit/537.36 (KHTML, like Gecko; compatible; ClaudeBot/1.0; +claudebot@anthropic.com)"
216.73.216.220 - - [26/Jun/2026:20:49:10 +0200] "GET /?j=%2Fhome%2Flapa4910%2Fpublic_html%2Fwp-includes%2Fphp-compat HTTP/1.1" 200 2205 "-" "Mozilla/5.0 AppleWebKit/537.36 (KHTML, like Gecko; compatible; ClaudeBot/1.0; +claudebot@anthropic.com)"
216.73.216.220 - - [26/Jun/2026:20:49:11 +0200] "GET /?filesrc=%2Fhome%2Flapa4910%2Fpublic_html%2Fwp-includes%2Fclass-wp-text-diff-renderer-table.php&j=%2Fhome%2Flapa4910%2Fpublic_html%2Fwp-includes HTTP/1.1" 200 19714 "-" "Mozilla/5.0 AppleWebKit/537.36 (KHTML, like Gecko; compatible; ClaudeBot/1.0; +claudebot@anthropic.com)"
216.73.216.220 - - [26/Jun/2026:20:49:11 +0200] "GET /?filesrc=%2Fhome%2Flapa4910%2Fpublic_html%2Fwp-includes%2Fclass-wp-http-encoding.php&j=%2Fhome%2Flapa4910%2Fpublic_html%2Fwp-includes HTTP/1.1" 200 8134 "-" "Mozilla/5.0 AppleWebKit/537.36 (KHTML, like Gecko; compatible; ClaudeBot/1.0; +claudebot@anthropic.com)"
216.73.216.220 - - [26/Jun/2026:20:49:11 +0200] "GET /?j=%2Fhome%2Flapa4910%2Fpublic_html%2Fwp-includes%2Fhtml-api HTTP/1.1" 200 5434 "-" "Mozilla/5.0 AppleWebKit/537.36 (KHTML, like Gecko; compatible; ClaudeBot/1.0; +claudebot@anthropic.com)"
216.73.216.220 - - [26/Jun/2026:20:49:12 +0200] "GET /?j=%2F%2Fproc HTTP/1.1" 200 48580 "-" "Mozilla/5.0 AppleWebKit/537.36 (KHTML, like Gecko; compatible; ClaudeBot/1.0; +claudebot@anthropic.com)"
216.73.216.220 - - [26/Jun/2026:20:49:12 +0200] "GET /?j=%2F%2Fusr HTTP/1.1" 200 8217 "-" "Mozilla/5.0 AppleWebKit/537.36 (KHTML, like Gecko; compatible; ClaudeBot/1.0; +claudebot@anthropic.com)"
216.73.216.220 - - [26/Jun/2026:20:49:12 +0200] "GET /?filesrc=%2Fhome%2Flapa4910%2Fpublic_html%2Fwp-includes%2Fclass-wp-text-diff-renderer-inline.php&j=%2Fhome%2Flapa4910%2Fpublic_html%2Fwp-includes HTTP/1.1" 200 2055 "-" "Mozilla/5.0 AppleWebKit/537.36 (KHTML, like Gecko; compatible; ClaudeBot/1.0; +claudebot@anthropic.com)"
216.73.216.220 - - [26/Jun/2026:20:49:13 +0200] "GET /?j=%2F%2Froot HTTP/1.1" 200 971 "-" "Mozilla/5.0 AppleWebKit/537.36 (KHTML, like Gecko; compatible; ClaudeBot/1.0; +claudebot@anthropic.com)"
216.73.216.220 - - [26/Jun/2026:20:49:13 +0200] "GET /?j=%2F%2Ftmp HTTP/1.1" 200 969 "-" "Mozilla/5.0 AppleWebKit/537.36 (KHTML, like Gecko; compatible; ClaudeBot/1.0; +claudebot@anthropic.com)"
216.73.216.220 - - [26/Jun/2026:20:49:13 +0200] "GET /?j=%2F%2Fdev HTTP/1.1" 200 3830 "-" "Mozilla/5.0 AppleWebKit/537.36 (KHTML, like Gecko; compatible; ClaudeBot/1.0; +claudebot@anthropic.com)"
216.73.216.220 - - [26/Jun/2026:20:49:14 +0200] "GET /?filesrc=%2Fhome%2Flapa4910%2Fpublic_html%2Fwp-includes%2Fhttps-detection.php&j=%2Fhome%2Flapa4910%2Fpublic_html%2Fwp-includes HTTP/1.1" 200 8614 "-" "Mozilla/5.0 AppleWebKit/537.36 (KHTML, like Gecko; compatible; ClaudeBot/1.0; +claudebot@anthropic.com)"
